89.45.48.71 - - [03/Jul/2025:15:57:46 +0000] "GET /wp-content/plugins/woocommerce/assets/js/frontend/add-to-cart.min.js?ver=9.9.5 HTTP/1.1" 200 1225 "https://mavadkonkoor.ir/%D8%B5%D9%81%D8%B1-%D8%AA%D8%A7-%D8%B5%D8%AF-%DA%A9%D9%86%DA%A9%D9%88%D8%B1-%D8%A7%D8%B1%D8%B4%D8%AF-%D9%85%D9%88%D8%A7%D8%AF/" "Mozilla/5.0 (iPhone; CPU iPhone OS 18_1_1 like Mac OS X) AppleWebKit/605.1.15 (KHTML, like Gecko) Version/18.1.1 Mobile/15E148 Safari/604.1"
185.215.232.200 - - [03/Jul/2025:15:53:05 +0000] "GET /wp-content/uploads/2024/08/mechanical-properties-mavadkonkoor.jpg HTTP/1.1" 206 500 "https://mavadkonkoor.ir/" "Mozilla/5.0 (Linux; Android 5.0) AppleWebKit/537.36 (KHTML, like Gecko) Mobile Safari/537.36 (compatible; Bytespider; spider-feedback@bytedance.com)"
185.215.232.200 - - [03/Jul/2025:15:53:06 +0000] "GET /wp-content/uploads/2024/07/%D8%AE%D9%88%D8%A7%D8%B5-%D9%81%DB%8C%D8%B2%DB%8C%DA%A9%DB%8C-%D9%85%D9%88%D8%A7%D8%AF-1.jpg HTTP/1.1" 206 500 "https://mavadkonkoor.ir/" "Mozilla/5.0 (Linux; Android 5.0) AppleWebKit/537.36 (KHTML, like Gecko) Mobile Safari/537.36 (compatible; Bytespider; spider-feedback@bytedance.com)"
185.215.232.200 - - [03/Jul/2025:15:53:06 +0000] "GET /wp-content/uploads/2024/07/%D8%B1%D9%88%D8%B4-%D9%87%D8%A7%DB%8C-%D8%B4%D9%86%D8%A7%D8%B3%D8%A7%DB%8C%DB%8C-%D9%88-%D8%A2%D9%86%D8%A7%D9%84%DB%8C%D8%B2-%DA%A9%D9%86%DA%A9%D9%88%D8%B1-%D8%AF%DA%A9%D8%AA%D8%B1%DB%8C-%D9%85%D9%87%D9%86%D8%AF%D8%B3%DB%8C-%D9%85%D9%88%D8%A7%D8%AF.jpg HTTP/1.1" 206 500 "https://mavadkonkoor.ir/" "Mozilla/5.0 (Linux; Android 5.0) AppleWebKit/537.36 (KHTML, like Gecko) Mobile Safari/537.36 (compatible; Bytespider; spider-feedback@bytedance.com)"
185.215.232.200 - - [03/Jul/2025:15:53:06 +0000] "GET /wp-content/uploads/2024/07/ode-class-mavadkonkoor.jpg HTTP/1.1" 206 500 "https://mavadkonkoor.ir/" "Mozilla/5.0 (Linux; Android 5.0) AppleWebKit/537.36 (KHTML, like Gecko) Mobile Safari/537.36 (compatible; Bytespider; spider-feedback@bytedance.com)"
185.215.232.200 - - [03/Jul/2025:15:53:08 +0000] "GET /wp-content/themes/mavadkonkoor-theme/assets/images/dependencies/bg-exam.jpg HTTP/1.1" 206 500 "https://mavadkonkoor.ir/wp-content/themes/mavadkonkoor-theme/assets/css/main.css?ver=1.0.73" "Mozilla/5.0 (Linux; Android 5.0) AppleWebKit/537.36 (KHTML, like Gecko) Mobile Safari/537.36 (compatible; Bytespider; spider-feedback@bytedance.com)"
89.45.48.71 - - [03/Jul/2025:15:57:46 +0000] "GET /wp-includes/css/dist/block-library/style-rtl.min.css?ver=6.8.1 HTTP/1.1" 200 14313 "https://mavadkonkoor.ir/%D8%B5%D9%81%D8%B1-%D8%AA%D8%A7-%D8%B5%D8%AF-%DA%A9%D9%86%DA%A9%D9%88%D8%B1-%D8%A7%D8%B1%D8%B4%D8%AF-%D9%85%D9%88%D8%A7%D8%AF/" "Mozilla/5.0 (iPhone; CPU iPhone OS 18_1_1 like Mac OS X) AppleWebKit/605.1.15 (KHTML, like Gecko) Version/18.1.1 Mobile/15E148 Safari/604.1"
89.45.48.71 - - [03/Jul/2025:15:57:46 +0000] "GET /wp-content/themes/mavadkonkoor-theme/assets/fonts/yekan-bakh/yekan-bakh-medium.woff2 HTTP/1.1" 200 24672 "https://mavadkonkoor.ir/%D8%B5%D9%81%D8%B1-%D8%AA%D8%A7-%D8%B5%D8%AF-%DA%A9%D9%86%DA%A9%D9%88%D8%B1-%D8%A7%D8%B1%D8%B4%D8%AF-%D9%85%D9%88%D8%A7%D8%AF/" "Mozilla/5.0 (iPhone; CPU iPhone OS 18_1_1 like Mac OS X) AppleWebKit/605.1.15 (KHTML, like Gecko) Version/18.1.1 Mobile/15E148 Safari/604.1"
89.45.48.71 - - [03/Jul/2025:15:57:46 +0000] "GET /wp-content/plugins/woocommerce/assets/css/woocommerce-layout-rtl.css?ver=9.9.5 HTTP/1.1" 200 3159 "https://mavadkonkoor.ir/%D8%B5%D9%81%D8%B1-%D8%AA%D8%A7-%D8%B5%D8%AF-%DA%A9%D9%86%DA%A9%D9%88%D8%B1-%D8%A7%D8%B1%D8%B4%D8%AF-%D9%85%D9%88%D8%A7%D8%AF/" "Mozilla/5.0 (iPhone; CPU iPhone OS 18_1_1 like Mac OS X) AppleWebKit/605.1.15 (KHTML, like Gecko) Version/18.1.1 Mobile/15E148 Safari/604.1"
89.45.48.71 - - [03/Jul/2025:15:57:46 +0000] "GET /wp-content/themes/mavadkonkoor-theme/assets/js/swiper-bundle.min.js?ver=11.0.5 HTTP/1.1" 200 39606 "https://mavadkonkoor.ir/%D8%B5%D9%81%D8%B1-%D8%AA%D8%A7-%D8%B5%D8%AF-%DA%A9%D9%86%DA%A9%D9%88%D8%B1-%D8%A7%D8%B1%D8%B4%D8%AF-%D9%85%D9%88%D8%A7%D8%AF/" "Mozilla/5.0 (iPhone; CPU iPhone OS 18_1_1 like Mac OS X) AppleWebKit/605.1.15 (KHTML, like Gecko) Version/18.1.1 Mobile/15E148 Safari/604.1"
185.215.232.200 - - [03/Jul/2025:15:53:02 +0000] "GET /wp-content/themes/mavadkonkoor-theme/assets/css/swiper-bundle.min.css?ver=11.0.5 HTTP/1.1" 200 4493 "https://mavadkonkoor.ir/" "Mozilla/5.0 (Linux; Android 5.0) AppleWebKit/537.36 (KHTML, like Gecko) Mobile Safari/537.36 (compatible; Bytespider; spider-feedback@bytedance.com)"
185.215.232.200 - - [03/Jul/2025:15:53:03 +0000] "GET /wp-content/plugins/gravityforms/assets/css/dist/gravity-forms-theme-framework.min.css?ver=2.9.9.1 HTTP/1.1" 200 20549 "https://mavadkonkoor.ir/" "Mozilla/5.0 (Linux; Android 5.0) AppleWebKit/537.36 (KHTML, like Gecko) Mobile Safari/537.36 (compatible; Bytespider; spider-feedback@bytedance.com)"
185.215.232.195 - - [03/Jul/2025:15:53:03 +0000] "GET /xmlrpc.php HTTP/1.1" 405 60 "http://mavadkonkoor.ir/xmlrpc.php" "Mozilla/5.0 (X11; Ubuntu; Linux x86_64; rv:85.0) Gecko/20100101 Firefox/91.0"
185.215.232.200 - - [03/Jul/2025:15:53:05 +0000] "GET /wp-content/uploads/2024/08/7d96d5c2-faa5-4773-adbd-6100ee26ae7b.jpg HTTP/1.1" 206 500 "https://mavadkonkoor.ir/" "Mozilla/5.0 (Linux; Android 5.0) AppleWebKit/537.36 (KHTML, like Gecko) Mobile Safari/537.36 (compatible; Bytespider; spider-feedback@bytedance.com)"
185.215.232.200 - - [03/Jul/2025:15:53:08 +0000] "GET /wp-content/uploads/2024/07/%D9%85%D8%AD%D9%85%D8%AF%D8%B9%D9%84%DB%8C-%D8%B1%D8%B6%D8%A7%DB%8C%DB%8C.jpg HTTP/1.1" 206 500 "https://mavadkonkoor.ir/" "Mozilla/5.0 (Linux; Android 5.0) AppleWebKit/537.36 (KHTML, like Gecko) Mobile Safari/537.36 (compatible; Bytespider; spider-feedback@bytedance.com)"
89.45.48.75 - - [03/Jul/2025:15:55:34 +0000] "POST /wp-cron.php?doing_wp_cron=1751558134.6127450466156005859375 HTTP/1.1" 200 0 "-" "WordPress/6.8.1; https://mavadkonkoor.ir"
89.45.48.71 - - [03/Jul/2025:15:57:46 +0000] "GET /wp-content/themes/mavadkonkoor-theme/assets/fonts/yekan-bakh/yekan-bakh-heavy.woff2 HTTP/1.1" 200 24192 "https://mavadkonkoor.ir/%D8%B5%D9%81%D8%B1-%D8%AA%D8%A7-%D8%B5%D8%AF-%DA%A9%D9%86%DA%A9%D9%88%D8%B1-%D8%A7%D8%B1%D8%B4%D8%AF-%D9%85%D9%88%D8%A7%D8%AF/" "Mozilla/5.0 (iPhone; CPU iPhone OS 18_1_1 like Mac OS X) AppleWebKit/605.1.15 (KHTML, like Gecko) Version/18.1.1 Mobile/15E148 Safari/604.1"
89.45.48.71 - - [03/Jul/2025:15:57:46 +0000] "GET /wp-content/plugins/woocommerce/assets/js/frontend/woocommerce.min.js?ver=9.9.5 HTTP/1.1" 200 1251 "https://mavadkonkoor.ir/%D8%B5%D9%81%D8%B1-%D8%AA%D8%A7-%D8%B5%D8%AF-%DA%A9%D9%86%DA%A9%D9%88%D8%B1-%D8%A7%D8%B1%D8%B4%D8%AF-%D9%85%D9%88%D8%A7%D8%AF/" "Mozilla/5.0 (iPhone; CPU iPhone OS 18_1_1 like Mac OS X) AppleWebKit/605.1.15 (KHTML, like Gecko) Version/18.1.1 Mobile/15E148 Safari/604.1"
89.45.48.71 - - [03/Jul/2025:15:57:46 +0000] "GET /wp-content/themes/mavadkonkoor-theme/assets/js/main.js?ver=1.0.73 HTTP/1.1" 200 3061 "https://mavadkonkoor.ir/%D8%B5%D9%81%D8%B1-%D8%AA%D8%A7-%D8%B5%D8%AF-%DA%A9%D9%86%DA%A9%D9%88%D8%B1-%D8%A7%D8%B1%D8%B4%D8%AF-%D9%85%D9%88%D8%A7%D8%AF/" "Mozilla/5.0 (iPhone; CPU iPhone OS 18_1_1 like Mac OS X) AppleWebKit/605.1.15 (KHTML, like Gecko) Version/18.1.1 Mobile/15E148 Safari/604.1"
89.45.48.71 - - [03/Jul/2025:15:57:46 +0000] "GET /wp-content/themes/mavadkonkoor-theme/assets/images/logo/logo.png HTTP/1.1" 200 8350 "https://mavadkonkoor.ir/%D8%B5%D9%81%D8%B1-%D8%AA%D8%A7-%D8%B5%D8%AF-%DA%A9%D9%86%DA%A9%D9%88%D8%B1-%D8%A7%D8%B1%D8%B4%D8%AF-%D9%85%D9%88%D8%A7%D8%AF/" "Mozilla/5.0 (iPhone; CPU iPhone OS 18_1_1 like Mac OS X) AppleWebKit/605.1.15 (KHTML, like Gecko) Version/18.1.1 Mobile/15E148 Safari/604.1"
185.215.232.200 - - [03/Jul/2025:15:53:04 +0000] "GET /wp-content/themes/mavadkonkoor-theme/assets/images/dependencies/mail-bg.svg HTTP/1.1" 206 500 "https://mavadkonkoor.ir/wp-content/themes/mavadkonkoor-theme/assets/css/main.css?ver=1.0.73" "Mozilla/5.0 (Linux; Android 5.0) AppleWebKit/537.36 (KHTML, like Gecko) Mobile Safari/537.36 (compatible; Bytespider; spider-feedback@bytedance.com)"
185.215.232.200 - - [03/Jul/2025:15:53:05 +0000] "GET /wp-content/uploads/2024/07/jambandi-mavadkonkoor-hero.jpg HTTP/1.1" 206 500 "https://mavadkonkoor.ir/" "Mozilla/5.0 (Linux; Android 5.0) AppleWebKit/537.36 (KHTML, like Gecko) Mobile Safari/537.36 (compatible; Bytespider; spider-feedback@bytedance.com)"
185.215.232.200 - - [03/Jul/2025:15:53:06 +0000] "GET /wp-content/uploads/2024/07/%DA%A9%D9%84%D8%A7%D8%B3-%D8%B4%DB%8C%D9%85%DB%8C-%D9%81%DB%8C%D8%B2%DB%8C%DA%A9-%D9%88-%D8%AA%D8%B1%D9%85%D9%88%D8%AF%DB%8C%D9%86%D8%A7%D9%85%DB%8C%DA%A9-%D9%85%D9%88%D8%A7%D8%AF.jpg HTTP/1.1" 206 500 "https://mavadkonkoor.ir/" "Mozilla/5.0 (Linux; Android 5.0) AppleWebKit/537.36 (KHTML, like Gecko) Mobile Safari/537.36 (compatible; Bytespider; spider-feedback@bytedance.com)"
185.215.232.200 - - [03/Jul/2025:15:53:07 +0000] "GET /wp-content/uploads/2024/10/rotbe-bartar-voice.png HTTP/1.1" 206 500 "https://mavadkonkoor.ir/" "Mozilla/5.0 (Linux; Android 5.0) AppleWebKit/537.36 (KHTML, like Gecko) Mobile Safari/537.36 (compatible; Bytespider; spider-feedback@bytedance.com)"
185.215.232.200 - - [03/Jul/2025:15:53:08 +0000] "GET /wp-content/themes/mavadkonkoor-theme/assets/images/comment/01.jpg HTTP/1.1" 206 500 "https://mavadkonkoor.ir/" "Mozilla/5.0 (Linux; Android 5.0) AppleWebKit/537.36 (KHTML, like Gecko) Mobile Safari/537.36 (compatible; Bytespider; spider-feedback@bytedance.com)"
89.45.48.75 - - [03/Jul/2025:15:57:00 +0000] "POST /wp-cron.php?doing_wp_cron=1751558220.6120619773864746093750 HTTP/1.1" 200 0 "-" "WordPress/6.8.1; https://mavadkonkoor.ir"
185.215.232.200 - - [03/Jul/2025:15:56:49 +0000] "GET /category/news/ HTTP/1.1" 200 26742 "-" "Mozilla/5.0 (Linux; Android 5.0) AppleWebKit/537.36 (KHTML, like Gecko) Mobile Safari/537.36 (compatible; Bytespider; spider-feedback@bytedance.com)"
89.45.48.71 - - [03/Jul/2025:15:57:46 +0000] "GET /wp-content/plugins/woocommerce/assets/js/js-cookie/js.cookie.min.js?ver=2.1.4-wc.9.9.5 HTTP/1.1" 200 760 "https://mavadkonkoor.ir/%D8%B5%D9%81%D8%B1-%D8%AA%D8%A7-%D8%B5%D8%AF-%DA%A9%D9%86%DA%A9%D9%88%D8%B1-%D8%A7%D8%B1%D8%B4%D8%AF-%D9%85%D9%88%D8%A7%D8%AF/" "Mozilla/5.0 (iPhone; CPU iPhone OS 18_1_1 like Mac OS X) AppleWebKit/605.1.15 (KHTML, like Gecko) Version/18.1.1 Mobile/15E148 Safari/604.1"
89.45.48.71 - - [03/Jul/2025:15:57:46 +0000] "GET /wp-content/uploads/2024/10/rotbe-bartar-voice.png HTTP/1.1" 200 117370 "https://mavadkonkoor.ir/%D8%B5%D9%81%D8%B1-%D8%AA%D8%A7-%D8%B5%D8%AF-%DA%A9%D9%86%DA%A9%D9%88%D8%B1-%D8%A7%D8%B1%D8%B4%D8%AF-%D9%85%D9%88%D8%A7%D8%AF/" "Mozilla/5.0 (iPhone; CPU iPhone OS 18_1_1 like Mac OS X) AppleWebKit/605.1.15 (KHTML, like Gecko) Version/18.1.1 Mobile/15E148 Safari/604.1"
89.45.48.71 - - [03/Jul/2025:15:57:47 +0000] "GET /wp-content/uploads/2022/05/1724756.jpg HTTP/1.1" 200 26890 "https://mavadkonkoor.ir/%D8%B5%D9%81%D8%B1-%D8%AA%D8%A7-%D8%B5%D8%AF-%DA%A9%D9%86%DA%A9%D9%88%D8%B1-%D8%A7%D8%B1%D8%B4%D8%AF-%D9%85%D9%88%D8%A7%D8%AF/" "Mozilla/5.0 (iPhone; CPU iPhone OS 18_1_1 like Mac OS X) AppleWebKit/605.1.15 (KHTML, like Gecko) Version/18.1.1 Mobile/15E148 Safari/604.1"
89.45.48.71 - - [03/Jul/2025:15:57:47 +0000] "GET /wp-content/uploads/2024/07/footofan-mavadkonkoor.jpg HTTP/1.1" 200 160024 "https://mavadkonkoor.ir/%D8%B5%D9%81%D8%B1-%D8%AA%D8%A7-%D8%B5%D8%AF-%DA%A9%D9%86%DA%A9%D9%88%D8%B1-%D8%A7%D8%B1%D8%B4%D8%AF-%D9%85%D9%88%D8%A7%D8%AF/" "Mozilla/5.0 (iPhone; CPU iPhone OS 18_1_1 like Mac OS X) AppleWebKit/605.1.15 (KHTML, like Gecko) Version/18.1.1 Mobile/15E148 Safari/604.1"
89.45.48.71 - - [03/Jul/2025:15:57:46 +0000] "GET /wp-includes/js/jquery/jquery-migrate.min.js?ver=3.4.1 HTTP/1.1" 200 4678 "https://mavadkonkoor.ir/%D8%B5%D9%81%D8%B1-%D8%AA%D8%A7-%D8%B5%D8%AF-%DA%A9%D9%86%DA%A9%D9%88%D8%B1-%D8%A7%D8%B1%D8%B4%D8%AF-%D9%85%D9%88%D8%A7%D8%AF/" "Mozilla/5.0 (iPhone; CPU iPhone OS 18_1_1 like Mac OS X) AppleWebKit/605.1.15 (KHTML, like Gecko) Version/18.1.1 Mobile/15E148 Safari/604.1"
89.45.48.71 - - [03/Jul/2025:15:57:46 +0000] "GET /wp-content/themes/mavadkonkoor-theme/assets/js/sweetalert2@11.js?ver=11.10.3 HTTP/1.1" 200 19494 "https://mavadkonkoor.ir/%D8%B5%D9%81%D8%B1-%D8%AA%D8%A7-%D8%B5%D8%AF-%DA%A9%D9%86%DA%A9%D9%88%D8%B1-%D8%A7%D8%B1%D8%B4%D8%AF-%D9%85%D9%88%D8%A7%D8%AF/" "Mozilla/5.0 (iPhone; CPU iPhone OS 18_1_1 like Mac OS X) AppleWebKit/605.1.15 (KHTML, like Gecko) Version/18.1.1 Mobile/15E148 Safari/604.1"
185.215.232.190 - - [03/Jul/2025:15:58:03 +0000] "GET /wp-content/uploads/2020/08/sazman-sanjesh-400x400.jpg HTTP/1.1" 404 3542 "-" "Googlebot-Image/1.0"
89.45.48.71 - - [03/Jul/2025:15:57:46 +0000] "GET /wp-content/plugins/woocommerce/assets/js/jquery-blockui/jquery.blockUI.min.js?ver=2.7.0-wc.9.9.5 HTTP/1.1" 200 3277 "https://mavadkonkoor.ir/%D8%B5%D9%81%D8%B1-%D8%AA%D8%A7-%D8%B5%D8%AF-%DA%A9%D9%86%DA%A9%D9%88%D8%B1-%D8%A7%D8%B1%D8%B4%D8%AF-%D9%85%D9%88%D8%A7%D8%AF/" "Mozilla/5.0 (iPhone; CPU iPhone OS 18_1_1 like Mac OS X) AppleWebKit/605.1.15 (KHTML, like Gecko) Version/18.1.1 Mobile/15E148 Safari/604.1"
89.45.48.71 - - [03/Jul/2025:15:57:47 +0000] "GET /wp-content/uploads/2024/07/metroyonic.jpg HTTP/1.1" 200 59677 "https://mavadkonkoor.ir/%D8%B5%D9%81%D8%B1-%D8%AA%D8%A7-%D8%B5%D8%AF-%DA%A9%D9%86%DA%A9%D9%88%D8%B1-%D8%A7%D8%B1%D8%B4%D8%AF-%D9%85%D9%88%D8%A7%D8%AF/" "Mozilla/5.0 (iPhone; CPU iPhone OS 18_1_1 like Mac OS X) AppleWebKit/605.1.15 (KHTML, like Gecko) Version/18.1.1 Mobile/15E148 Safari/604.1"
185.215.232.200 - - [03/Jul/2025:15:53:06 +0000] "GET /wp-content/uploads/2024/07/metroyonic.jpg HTTP/1.1" 206 500 "https://mavadkonkoor.ir/" "Mozilla/5.0 (Linux; Android 5.0) AppleWebKit/537.36 (KHTML, like Gecko) Mobile Safari/537.36 (compatible; Bytespider; spider-feedback@bytedance.com)"
185.215.232.195 - - [03/Jul/2025:15:53:48 +0000] "GET /wp-includes/js/codemirror/esprima.js HTTP/1.1" 200 41983 "-" "Mozilla/5.0 AppleWebKit/537.36 (KHTML, like Gecko; compatible; ClaudeBot/1.0; +claudebot@anthropic.com)"
185.215.232.195 - - [03/Jul/2025:15:53:48 +0000] "GET /wp-includes/js/swfupload/handlers.js HTTP/1.1" 200 521 "-" "Mozilla/5.0 AppleWebKit/537.36 (KHTML, like Gecko; compatible; ClaudeBot/1.0; +claudebot@anthropic.com)"
89.45.48.75 - - [03/Jul/2025:15:53:51 +0000] "POST /wp-cron.php?doing_wp_cron=1751558031.0745429992675781250000 HTTP/1.1" 200 0 "-" "WordPress/6.8.1; https://mavadkonkoor.ir"
89.45.48.71 - - [03/Jul/2025:15:57:46 +0000] "GET /wp-content/themes/mavadkonkoor-theme/assets/css/main.css?ver=1.0.73 HTTP/1.1" 200 14825 "https://mavadkonkoor.ir/%D8%B5%D9%81%D8%B1-%D8%AA%D8%A7-%D8%B5%D8%AF-%DA%A9%D9%86%DA%A9%D9%88%D8%B1-%D8%A7%D8%B1%D8%B4%D8%AF-%D9%85%D9%88%D8%A7%D8%AF/" "Mozilla/5.0 (iPhone; CPU iPhone OS 18_1_1 like Mac OS X) AppleWebKit/605.1.15 (KHTML, like Gecko) Version/18.1.1 Mobile/15E148 Safari/604.1"
89.45.48.71 - - [03/Jul/2025:15:57:46 +0000] "GET /wp-content/themes/mavadkonkoor-theme/assets/fonts/yekan-bakh/yekan-bakh-regular.woff2 HTTP/1.1" 200 24620 "https://mavadkonkoor.ir/%D8%B5%D9%81%D8%B1-%D8%AA%D8%A7-%D8%B5%D8%AF-%DA%A9%D9%86%DA%A9%D9%88%D8%B1-%D8%A7%D8%B1%D8%B4%D8%AF-%D9%85%D9%88%D8%A7%D8%AF/" "Mozilla/5.0 (iPhone; CPU iPhone OS 18_1_1 like Mac OS X) AppleWebKit/605.1.15 (KHTML, like Gecko) Version/18.1.1 Mobile/15E148 Safari/604.1"
89.45.48.71 - - [03/Jul/2025:15:57:46 +0000] "GET /wp-content/themes/mavadkonkoor-theme/assets/js/ajax/profile.js HTTP/1.1" 200 1464 "https://mavadkonkoor.ir/%D8%B5%D9%81%D8%B1-%D8%AA%D8%A7-%D8%B5%D8%AF-%DA%A9%D9%86%DA%A9%D9%88%D8%B1-%D8%A7%D8%B1%D8%B4%D8%AF-%D9%85%D9%88%D8%A7%D8%AF/" "Mozilla/5.0 (iPhone; CPU iPhone OS 18_1_1 like Mac OS X) AppleWebKit/605.1.15 (KHTML, like Gecko) Version/18.1.1 Mobile/15E148 Safari/604.1"
89.45.48.71 - - [03/Jul/2025:15:57:46 +0000] "GET /wp-content/themes/mavadkonkoor-theme/assets/images/dependencies/md-header.svg HTTP/1.1" 200 575 "https://mavadkonkoor.ir/%D8%B5%D9%81%D8%B1-%D8%AA%D8%A7-%D8%B5%D8%AF-%DA%A9%D9%86%DA%A9%D9%88%D8%B1-%D8%A7%D8%B1%D8%B4%D8%AF-%D9%85%D9%88%D8%A7%D8%AF/" "Mozilla/5.0 (iPhone; CPU iPhone OS 18_1_1 like Mac OS X) AppleWebKit/605.1.15 (KHTML, like Gecko) Version/18.1.1 Mobile/15E148 Safari/604.1"
89.45.48.71 - - [03/Jul/2025:15:57:46 +0000] "GET /wp-content/uploads/2019/07/33.jpg HTTP/1.1" 200 6914 "https://mavadkonkoor.ir/%D8%B5%D9%81%D8%B1-%D8%AA%D8%A7-%D8%B5%D8%AF-%DA%A9%D9%86%DA%A9%D9%88%D8%B1-%D8%A7%D8%B1%D8%B4%D8%AF-%D9%85%D9%88%D8%A7%D8%AF/" "Mozilla/5.0 (iPhone; CPU iPhone OS 18_1_1 like Mac OS X) AppleWebKit/605.1.15 (KHTML, like Gecko) Version/18.1.1 Mobile/15E148 Safari/604.1"
89.45.48.71 - - [03/Jul/2025:15:57:46 +0000] "GET /wp-content/themes/mavadkonkoor-theme/assets/js/ajax/comment-vote.js HTTP/1.1" 200 1284 "https://mavadkonkoor.ir/%D8%B5%D9%81%D8%B1-%D8%AA%D8%A7-%D8%B5%D8%AF-%DA%A9%D9%86%DA%A9%D9%88%D8%B1-%D8%A7%D8%B1%D8%B4%D8%AF-%D9%85%D9%88%D8%A7%D8%AF/" "Mozilla/5.0 (iPhone; CPU iPhone OS 18_1_1 like Mac OS X) AppleWebKit/605.1.15 (KHTML, like Gecko) Version/18.1.1 Mobile/15E148 Safari/604.1"
89.45.48.71 - - [03/Jul/2025:15:57:46 +0000] "GET /wp-content/plugins/woocommerce/assets/client/blocks/wc-blocks-rtl.css?ver=wc-9.9.5 HTTP/1.1" 200 2357 "https://mavadkonkoor.ir/%D8%B5%D9%81%D8%B1-%D8%AA%D8%A7-%D8%B5%D8%AF-%DA%A9%D9%86%DA%A9%D9%88%D8%B1-%D8%A7%D8%B1%D8%B4%D8%AF-%D9%85%D9%88%D8%A7%D8%AF/" "Mozilla/5.0 (iPhone; CPU iPhone OS 18_1_1 like Mac OS X) AppleWebKit/605.1.15 (KHTML, like Gecko) Version/18.1.1 Mobile/15E148 Safari/604.1"
89.45.48.71 - - [03/Jul/2025:15:57:46 +0000] "GET /wp-content/themes/mavadkonkoor-theme/assets/js/ajax/comment.js HTTP/1.1" 200 1251 "https://mavadkonkoor.ir/%D8%B5%D9%81%D8%B1-%D8%AA%D8%A7-%D8%B5%D8%AF-%DA%A9%D9%86%DA%A9%D9%88%D8%B1-%D8%A7%D8%B1%D8%B4%D8%AF-%D9%85%D9%88%D8%A7%D8%AF/" "Mozilla/5.0 (iPhone; CPU iPhone OS 18_1_1 like Mac OS X) AppleWebKit/605.1.15 (KHTML, like Gecko) Version/18.1.1 Mobile/15E148 Safari/604.1"
89.45.48.71 - - [03/Jul/2025:15:57:46 +0000] "GET /wp-content/uploads/2024/11/the-top-experimental-ranks-of-the-material-engineering.png HTTP/1.1" 200 77329 "https://mavadkonkoor.ir/%D8%B5%D9%81%D8%B1-%D8%AA%D8%A7-%D8%B5%D8%AF-%DA%A9%D9%86%DA%A9%D9%88%D8%B1-%D8%A7%D8%B1%D8%B4%D8%AF-%D9%85%D9%88%D8%A7%D8%AF/" "Mozilla/5.0 (iPhone; CPU iPhone OS 18_1_1 like Mac OS X) AppleWebKit/605.1.15 (KHTML, like Gecko) Version/18.1.1 Mobile/15E148 Safari/604.1"
89.45.48.71 - - [03/Jul/2025:15:57:47 +0000] "GET /wp-content/uploads/2020/04/test-analysis.jpg HTTP/1.1" 200 50399 "https://mavadkonkoor.ir/%D8%B5%D9%81%D8%B1-%D8%AA%D8%A7-%D8%B5%D8%AF-%DA%A9%D9%86%DA%A9%D9%88%D8%B1-%D8%A7%D8%B1%D8%B4%D8%AF-%D9%85%D9%88%D8%A7%D8%AF/" "Mozilla/5.0 (iPhone; CPU iPhone OS 18_1_1 like Mac OS X) AppleWebKit/605.1.15 (KHTML, like Gecko) Version/18.1.1 Mobile/15E148 Safari/604.1"
89.45.48.71 - - [03/Jul/2025:15:57:48 +0000] "GET /wp-content/uploads/2019/07/moadele.webp HTTP/1.1" 200 4922 "https://mavadkonkoor.ir/%D8%B5%D9%81%D8%B1-%D8%AA%D8%A7-%D8%B5%D8%AF-%DA%A9%D9%86%DA%A9%D9%88%D8%B1-%D8%A7%D8%B1%D8%B4%D8%AF-%D9%85%D9%88%D8%A7%D8%AF/" "Mozilla/5.0 (iPhone; CPU iPhone OS 18_1_1 like Mac OS X) AppleWebKit/605.1.15 (KHTML, like Gecko) Version/18.1.1 Mobile/15E148 Safari/604.1"
89.45.48.71 - - [03/Jul/2025:15:57:48 +0000] "GET /wp-content/themes/mavadkonkoor-theme/assets/images/dependencies/user-profile.png HTTP/1.1" 200 6904 "https://mavadkonkoor.ir/%D8%B5%D9%81%D8%B1-%D8%AA%D8%A7-%D8%B5%D8%AF-%DA%A9%D9%86%DA%A9%D9%88%D8%B1-%D8%A7%D8%B1%D8%B4%D8%AF-%D9%85%D9%88%D8%A7%D8%AF/" "Mozilla/5.0 (iPhone; CPU iPhone OS 18_1_1 like Mac OS X) AppleWebKit/605.1.15 (KHTML, like Gecko) Version/18.1.1 Mobile/15E148 Safari/604.1"
185.215.232.200 - - [03/Jul/2025:15:53:04 +0000] "GET /wp-content/themes/mavadkonkoor-theme/assets/images/dependencies/bottom-showcase-md.svg HTTP/1.1" 206 500 "https://mavadkonkoor.ir/wp-content/themes/mavadkonkoor-theme/assets/css/main.css?ver=1.0.73" "Mozilla/5.0 (Linux; Android 5.0) AppleWebKit/537.36 (KHTML, like Gecko) Mobile Safari/537.36 (compatible; Bytespider; spider-feedback@bytedance.com)"
206.168.34.81 - - [03/Jul/2025:15:52:54 +0000] "GET /security.txt HTTP/1.1" 200 0 "-" "Mozilla/5.0 (compatible; CensysInspect/1.1; +https://about.censys.io/)"
185.215.232.200 - - [03/Jul/2025:15:53:05 +0000] "GET /wp-content/uploads/2024/08/4b531438-19ee-40b8-99ac-bb3834e020db-1.jpg HTTP/1.1" 206 500 "https://mavadkonkoor.ir/" "Mozilla/5.0 (Linux; Android 5.0) AppleWebKit/537.36 (KHTML, like Gecko) Mobile Safari/537.36 (compatible; Bytespider; spider-feedback@bytedance.com)"
185.215.232.200 - - [03/Jul/2025:15:53:05 +0000] "GET /wp-content/uploads/2019/07/moadele.webp HTTP/1.1" 206 500 "https://mavadkonkoor.ir/" "Mozilla/5.0 (Linux; Android 5.0) AppleWebKit/537.36 (KHTML, like Gecko) Mobile Safari/537.36 (compatible; Bytespider; spider-feedback@bytedance.com)"
185.215.232.200 - - [03/Jul/2025:15:53:06 +0000] "GET /wp-content/uploads/2024/07/footofan-mavadkonkoor.jpg HTTP/1.1" 206 500 "https://mavadkonkoor.ir/" "Mozilla/5.0 (Linux; Android 5.0) AppleWebKit/537.36 (KHTML, like Gecko) Mobile Safari/537.36 (compatible; Bytespider; spider-feedback@bytedance.com)"
185.215.232.200 - - [03/Jul/2025:15:53:07 +0000] "GET /wp-content/uploads/2024/07/%DA%A9%D8%AA%D8%A7%D8%A8-%D8%AC%D9%85%D8%B9-%D8%A8%D9%86%D8%AF%DB%8C-%DA%A9%D9%86%DA%A9%D9%88%D8%B1-%D8%A7%D8%B1%D8%B4%D8%AF-%D9%85%D9%87%D9%86%D8%AF%D8%B3%DB%8C-%D9%85%D9%88%D8%A7%D8%AF-2.jpg HTTP/1.1" 206 500 "https://mavadkonkoor.ir/" "Mozilla/5.0 (Linux; Android 5.0) AppleWebKit/537.36 (KHTML, like Gecko) Mobile Safari/537.36 (compatible; Bytespider; spider-feedback@bytedance.com)"
185.215.232.200 - - [03/Jul/2025:15:53:08 +0000] "GET /wp-content/themes/mavadkonkoor-theme/assets/images/dependencies/mask-exam.svg HTTP/1.1" 206 500 "https://mavadkonkoor.ir/wp-content/themes/mavadkonkoor-theme/assets/css/main.css?ver=1.0.73" "Mozilla/5.0 (Linux; Android 5.0) AppleWebKit/537.36 (KHTML, like Gecko) Mobile Safari/537.36 (compatible; Bytespider; spider-feedback@bytedance.com)"
185.215.232.195 - - [03/Jul/2025:15:54:33 +0000] "GET /wp-includes/rest-api/search/class-wp-rest-term-search-handler.php HTTP/1.1" 500 0 "-" "Mozilla/5.0 AppleWebKit/537.36 (KHTML, like Gecko; compatible; ClaudeBot/1.0; +claudebot@anthropic.com)"
89.45.48.71 - - [03/Jul/2025:15:57:46 +0000] "GET /wp-includes/js/jquery/jquery.min.js?ver=3.7.1 HTTP/1.1" 200 29744 "https://mavadkonkoor.ir/%D8%B5%D9%81%D8%B1-%D8%AA%D8%A7-%D8%B5%D8%AF-%DA%A9%D9%86%DA%A9%D9%88%D8%B1-%D8%A7%D8%B1%D8%B4%D8%AF-%D9%85%D9%88%D8%A7%D8%AF/" "Mozilla/5.0 (iPhone; CPU iPhone OS 18_1_1 like Mac OS X) AppleWebKit/605.1.15 (KHTML, like Gecko) Version/18.1.1 Mobile/15E148 Safari/604.1"
89.45.48.71 - - [03/Jul/2025:15:57:46 +0000] "GET /wp-content/plugins/woocommerce/assets/css/brands.css?ver=9.9.5 HTTP/1.1" 200 579 "https://mavadkonkoor.ir/%D8%B5%D9%81%D8%B1-%D8%AA%D8%A7-%D8%B5%D8%AF-%DA%A9%D9%86%DA%A9%D9%88%D8%B1-%D8%A7%D8%B1%D8%B4%D8%AF-%D9%85%D9%88%D8%A7%D8%AF/" "Mozilla/5.0 (iPhone; CPU iPhone OS 18_1_1 like Mac OS X) AppleWebKit/605.1.15 (KHTML, like Gecko) Version/18.1.1 Mobile/15E148 Safari/604.1"
89.45.48.71 - - [03/Jul/2025:15:58:31 +0000] "GET /wp-content/uploads/2024/07/cropped-fav-32x32.png HTTP/1.1" 200 1546 "https://mavadkonkoor.ir/%D8%B5%D9%81%D8%B1-%D8%AA%D8%A7-%D8%B5%D8%AF-%DA%A9%D9%86%DA%A9%D9%88%D8%B1-%D8%A7%D8%B1%D8%B4%D8%AF-%D9%85%D9%88%D8%A7%D8%AF/" "Mozilla/5.0 (iPhone; CPU iPhone OS 18_1_1 like Mac OS X) AppleWebKit/605.1.15 (KHTML, like Gecko) Version/18.1.1 Mobile/15E148 Safari/604.1"
2.144.3.140 - - [03/Jul/2025:15:58:47 +0000] "GET /wp-content/themes/mavadkonkoor-theme/assets/fonts/yekan-bakh/yekan-bakh-medium.woff2 HTTP/1.1" 200 24672 "https://mavadkonkoor.ir/%D8%B1%D8%AA%D8%A8%D9%87-%D9%87%D8%A7%DB%8C-%D8%A8%D8%B1%D8%AA%D8%B1-%DA%A9%D9%86%DA%A9%D9%88%D8%B1-%D9%85%D9%88%D8%A7%D8%AF/" "Mozilla/5.0 (Windows NT 10.0; Win64; x64; rv:140.0) Gecko/20100101 Firefox/140.0"
2.144.3.140 - - [03/Jul/2025:15:58:48 +0000] "GET /wp-content/plugins/woocommerce/assets/js/frontend/woocommerce.min.js?ver=9.9.5 HTTP/1.1" 304 0 "https://mavadkonkoor.ir/%D8%B1%D8%AA%D8%A8%D9%87-%D9%87%D8%A7%DB%8C-%D8%A8%D8%B1%D8%AA%D8%B1-%DA%A9%D9%86%DA%A9%D9%88%D8%B1-%D9%85%D9%88%D8%A7%D8%AF/" "Mozilla/5.0 (Windows NT 10.0; Win64; x64; rv:140.0) Gecko/20100101 Firefox/140.0"
2.144.3.140 - - [03/Jul/2025:15:58:57 +0000] "GET /wp-content/themes/mavadkonkoor-theme/assets/css/main.css?ver=1.0.73 HTTP/1.1" 304 0 "https://mavadkonkoor.ir/%D8%B1%D8%AA%D8%A8%D9%87-%D9%87%D8%A7%DB%8C-%D8%A8%D8%B1%D8%AA%D8%B1-%DA%A9%D9%86%DA%A9%D9%88%D8%B1-%D9%85%D9%88%D8%A7%D8%AF/" "Mozilla/5.0 (Windows NT 10.0; Win64; x64; rv:140.0) Gecko/20100101 Firefox/140.0"
2.144.3.140 - - [03/Jul/2025:15:58:57 +0000] "GET /wp-content/themes/mavadkonkoor-theme/assets/js/ajax/comment-vote.js HTTP/1.1" 304 0 "https://mavadkonkoor.ir/%D8%B1%D8%AA%D8%A8%D9%87-%D9%87%D8%A7%DB%8C-%D8%A8%D8%B1%D8%AA%D8%B1-%DA%A9%D9%86%DA%A9%D9%88%D8%B1-%D9%85%D9%88%D8%A7%D8%AF/" "Mozilla/5.0 (Windows NT 10.0; Win64; x64; rv:140.0) Gecko/20100101 Firefox/140.0"
2.144.3.140 - - [03/Jul/2025:15:58:58 +0000] "GET /wp-content/themes/mavadkonkoor-theme/assets/js/ajax/profile.js HTTP/1.1" 304 0 "https://mavadkonkoor.ir/%D8%B1%D8%AA%D8%A8%D9%87-%D9%87%D8%A7%DB%8C-%D8%A8%D8%B1%D8%AA%D8%B1-%DA%A9%D9%86%DA%A9%D9%88%D8%B1-%D9%85%D9%88%D8%A7%D8%AF/" "Mozilla/5.0 (Windows NT 10.0; Win64; x64; rv:140.0) Gecko/20100101 Firefox/140.0"
2.144.3.140 - - [03/Jul/2025:15:58:58 +0000] "GET /wp-content/uploads/2024/08/1-2.jpg HTTP/1.1" 304 0 "https://mavadkonkoor.ir/%D8%B1%D8%AA%D8%A8%D9%87-%D9%87%D8%A7%DB%8C-%D8%A8%D8%B1%D8%AA%D8%B1-%DA%A9%D9%86%DA%A9%D9%88%D8%B1-%D9%85%D9%88%D8%A7%D8%AF/" "Mozilla/5.0 (Windows NT 10.0; Win64; x64; rv:140.0) Gecko/20100101 Firefox/140.0"
2.144.3.140 - - [03/Jul/2025:15:58:59 +0000] "GET /wp-content/uploads/2024/07/7-2.jpg HTTP/1.1" 304 0 "https://mavadkonkoor.ir/%D8%B1%D8%AA%D8%A8%D9%87-%D9%87%D8%A7%DB%8C-%D8%A8%D8%B1%D8%AA%D8%B1-%DA%A9%D9%86%DA%A9%D9%88%D8%B1-%D9%85%D9%88%D8%A7%D8%AF/" "Mozilla/5.0 (Windows NT 10.0; Win64; x64; rv:140.0) Gecko/20100101 Firefox/140.0"
2.144.3.140 - - [03/Jul/2025:15:58:59 +0000] "GET /wp-content/themes/mavadkonkoor-theme/assets/fonts/yekan-bakh/yekan-bakh-regular.woff2 HTTP/1.1" 200 24620 "https://mavadkonkoor.ir/%D8%B1%D8%AA%D8%A8%D9%87-%D9%87%D8%A7%DB%8C-%D8%A8%D8%B1%D8%AA%D8%B1-%DA%A9%D9%86%DA%A9%D9%88%D8%B1-%D9%85%D9%88%D8%A7%D8%AF/" "Mozilla/5.0 (Windows NT 10.0; Win64; x64; rv:140.0) Gecko/20100101 Firefox/140.0"
2.144.3.140 - - [03/Jul/2025:15:58:59 +0000] "GET /wp-content/uploads/2024/07/3-2.jpg HTTP/1.1" 304 0 "https://mavadkonkoor.ir/%D8%B1%D8%AA%D8%A8%D9%87-%D9%87%D8%A7%DB%8C-%D8%A8%D8%B1%D8%AA%D8%B1-%DA%A9%D9%86%DA%A9%D9%88%D8%B1-%D9%85%D9%88%D8%A7%D8%AF/" "Mozilla/5.0 (Windows NT 10.0; Win64; x64; rv:140.0) Gecko/20100101 Firefox/140.0"
89.45.48.71 - - [03/Jul/2025:15:58:31 +0000] "GET /wp-content/uploads/2024/07/cropped-fav-192x192.png HTTP/1.1" 200 23369 "https://mavadkonkoor.ir/%D8%B5%D9%81%D8%B1-%D8%AA%D8%A7-%D8%B5%D8%AF-%DA%A9%D9%86%DA%A9%D9%88%D8%B1-%D8%A7%D8%B1%D8%B4%D8%AF-%D9%85%D9%88%D8%A7%D8%AF/" "Mozilla/5.0 (iPhone; CPU iPhone OS 18_1_1 like Mac OS X) AppleWebKit/605.1.15 (KHTML, like Gecko) Version/18.1.1 Mobile/15E148 Safari/604.1"
2.144.3.140 - - [03/Jul/2025:15:58:57 +0000] "GET /wp-content/themes/mavadkonkoor-theme/assets/css/swiper-bundle.min.css?ver=11.0.5 HTTP/1.1" 200 4493 "https://mavadkonkoor.ir/%D8%B1%D8%AA%D8%A8%D9%87-%D9%87%D8%A7%DB%8C-%D8%A8%D8%B1%D8%AA%D8%B1-%DA%A9%D9%86%DA%A9%D9%88%D8%B1-%D9%85%D9%88%D8%A7%D8%AF/" "Mozilla/5.0 (Windows NT 10.0; Win64; x64; rv:140.0) Gecko/20100101 Firefox/140.0"
2.144.3.140 - - [03/Jul/2025:15:58:57 +0000] "GET /wp-content/themes/mavadkonkoor-theme/assets/js/ajax/comment.js HTTP/1.1" 304 0 "https://mavadkonkoor.ir/%D8%B1%D8%AA%D8%A8%D9%87-%D9%87%D8%A7%DB%8C-%D8%A8%D8%B1%D8%AA%D8%B1-%DA%A9%D9%86%DA%A9%D9%88%D8%B1-%D9%85%D9%88%D8%A7%D8%AF/" "Mozilla/5.0 (Windows NT 10.0; Win64; x64; rv:140.0) Gecko/20100101 Firefox/140.0"
2.144.3.140 - - [03/Jul/2025:15:58:58 +0000] "GET /wp-content/plugins/woocommerce/assets/js/js-cookie/js.cookie.min.js?ver=2.1.4-wc.9.9.5 HTTP/1.1" 304 0 "https://mavadkonkoor.ir/%D8%B1%D8%AA%D8%A8%D9%87-%D9%87%D8%A7%DB%8C-%D8%A8%D8%B1%D8%AA%D8%B1-%DA%A9%D9%86%DA%A9%D9%88%D8%B1-%D9%85%D9%88%D8%A7%D8%AF/" "Mozilla/5.0 (Windows NT 10.0; Win64; x64; rv:140.0) Gecko/20100101 Firefox/140.0"
2.144.3.140 - - [03/Jul/2025:15:58:58 +0000] "GET /wp-content/uploads/2024/07/5.png HTTP/1.1" 304 0 "https://mavadkonkoor.ir/%D8%B1%D8%AA%D8%A8%D9%87-%D9%87%D8%A7%DB%8C-%D8%A8%D8%B1%D8%AA%D8%B1-%DA%A9%D9%86%DA%A9%D9%88%D8%B1-%D9%85%D9%88%D8%A7%D8%AF/" "Mozilla/5.0 (Windows NT 10.0; Win64; x64; rv:140.0) Gecko/20100101 Firefox/140.0"
2.144.3.140 - - [03/Jul/2025:15:59:00 +0000] "GET /wp-content/themes/mavadkonkoor-theme/assets/images/dependencies/angle-down.svg HTTP/1.1" 200 149 "https://mavadkonkoor.ir/wp-content/themes/mavadkonkoor-theme/assets/css/main.css?ver=1.0.73" "Mozilla/5.0 (Windows NT 10.0; Win64; x64; rv:140.0) Gecko/20100101 Firefox/140.0"
2.144.3.140 - - [03/Jul/2025:15:59:00 +0000] "GET /wp-content/uploads/2024/07/Untitled-2-1.jpg HTTP/1.1" 200 6760 "https://mavadkonkoor.ir/%D8%B1%D8%AA%D8%A8%D9%87-%D9%87%D8%A7%DB%8C-%D8%A8%D8%B1%D8%AA%D8%B1-%DA%A9%D9%86%DA%A9%D9%88%D8%B1-%D9%85%D9%88%D8%A7%D8%AF/" "Mozilla/5.0 (Windows NT 10.0; Win64; x64; rv:140.0) Gecko/20100101 Firefox/140.0"
2.144.3.140 - - [03/Jul/2025:15:59:00 +0000] "GET /wp-content/uploads/2024/07/%D8%B3%DB%8C%D8%B1%D9%88%D8%B3-%D9%85%D8%B9%D9%85%D8%A7%D8%B1%D8%B2%D8%A7%D8%AF%D9%87.jpg HTTP/1.1" 200 26655 "https://mavadkonkoor.ir/%D8%B1%D8%AA%D8%A8%D9%87-%D9%87%D8%A7%DB%8C-%D8%A8%D8%B1%D8%AA%D8%B1-%DA%A9%D9%86%DA%A9%D9%88%D8%B1-%D9%85%D9%88%D8%A7%D8%AF/" "Mozilla/5.0 (Windows NT 10.0; Win64; x64; rv:140.0) Gecko/20100101 Firefox/140.0"
2.144.3.140 - - [03/Jul/2025:15:59:27 +0000] "GET /wp-content/uploads/2024/07/1%D9%86%D8%B1%DA%AF%D8%B3-%D8%B1%D8%B6%D9%88%DB%8C.jpg HTTP/1.1" 200 26672 "https://mavadkonkoor.ir/%D8%B1%D8%AA%D8%A8%D9%87-%D9%87%D8%A7%DB%8C-%D8%A8%D8%B1%D8%AA%D8%B1-%DA%A9%D9%86%DA%A9%D9%88%D8%B1-%D9%85%D9%88%D8%A7%D8%AF/" "Mozilla/5.0 (Windows NT 10.0; Win64; x64; rv:140.0) Gecko/20100101 Firefox/140.0"
2.144.3.140 - - [03/Jul/2025:15:59:27 +0000] "GET /wp-content/uploads/2024/07/%D8%B1%D8%B6%D8%A7-%D8%B3%D9%84%D8%B7%D8%A7%D9%86%DB%8C.jpg HTTP/1.1" 200 22333 "https://mavadkonkoor.ir/%D8%B1%D8%AA%D8%A8%D9%87-%D9%87%D8%A7%DB%8C-%D8%A8%D8%B1%D8%AA%D8%B1-%DA%A9%D9%86%DA%A9%D9%88%D8%B1-%D9%85%D9%88%D8%A7%D8%AF/" "Mozilla/5.0 (Windows NT 10.0; Win64; x64; rv:140.0) Gecko/20100101 Firefox/140.0"
2.144.3.140 - - [03/Jul/2025:15:58:59 +0000] "GET /wp-content/uploads/2024/07/6.png HTTP/1.1" 304 0 "https://mavadkonkoor.ir/%D8%B1%D8%AA%D8%A8%D9%87-%D9%87%D8%A7%DB%8C-%D8%A8%D8%B1%D8%AA%D8%B1-%DA%A9%D9%86%DA%A9%D9%88%D8%B1-%D9%85%D9%88%D8%A7%D8%AF/" "Mozilla/5.0 (Windows NT 10.0; Win64; x64; rv:140.0) Gecko/20100101 Firefox/140.0"
2.144.3.140 - - [03/Jul/2025:15:59:00 +0000] "GET /wp-content/uploads/2024/07/1%D9%85%D8%AD%D8%AF%D8%AB%D9%87-%D9%82%D8%B1%D9%86%DB%8C.jpg HTTP/1.1" 200 22832 "https://mavadkonkoor.ir/%D8%B1%D8%AA%D8%A8%D9%87-%D9%87%D8%A7%DB%8C-%D8%A8%D8%B1%D8%AA%D8%B1-%DA%A9%D9%86%DA%A9%D9%88%D8%B1-%D9%85%D9%88%D8%A7%D8%AF/" "Mozilla/5.0 (Windows NT 10.0; Win64; x64; rv:140.0) Gecko/20100101 Firefox/140.0"
2.144.3.140 - - [03/Jul/2025:15:59:26 +0000] "GET /wp-content/uploads/2024/07/%D8%B1%D9%88%D8%B2%D8%A8%D9%87-%D8%A2%D9%82%D8%A7%D8%A8%D8%B1%D8%A7%D8%B1%DB%8C.jpg HTTP/1.1" 200 21313 "https://mavadkonkoor.ir/%D8%B1%D8%AA%D8%A8%D9%87-%D9%87%D8%A7%DB%8C-%D8%A8%D8%B1%D8%AA%D8%B1-%DA%A9%D9%86%DA%A9%D9%88%D8%B1-%D9%85%D9%88%D8%A7%D8%AF/" "Mozilla/5.0 (Windows NT 10.0; Win64; x64; rv:140.0) Gecko/20100101 Firefox/140.0"
2.144.3.140 - - [03/Jul/2025:15:59:26 +0000] "GET /wp-content/uploads/2024/07/1%D9%85%D8%AD%D8%AF%D8%AB%D9%87-%D8%A7%D8%AD%D9%85%D8%AF%DB%8C.jpg HTTP/1.1" 200 23723 "https://mavadkonkoor.ir/%D8%B1%D8%AA%D8%A8%D9%87-%D9%87%D8%A7%DB%8C-%D8%A8%D8%B1%D8%AA%D8%B1-%DA%A9%D9%86%DA%A9%D9%88%D8%B1-%D9%85%D9%88%D8%A7%D8%AF/" "Mozilla/5.0 (Windows NT 10.0; Win64; x64; rv:140.0) Gecko/20100101 Firefox/140.0"
2.144.3.140 - - [03/Jul/2025:15:59:29 +0000] "GET /wp-content/uploads/2024/07/%D8%B9%D9%84%DB%8C-%D8%B4%D9%88%D9%82%DB%8C1.jpg HTTP/1.1" 200 31293 "https://mavadkonkoor.ir/%D8%B1%D8%AA%D8%A8%D9%87-%D9%87%D8%A7%DB%8C-%D8%A8%D8%B1%D8%AA%D8%B1-%DA%A9%D9%86%DA%A9%D9%88%D8%B1-%D9%85%D9%88%D8%A7%D8%AF/" "Mozilla/5.0 (Windows NT 10.0; Win64; x64; rv:140.0) Gecko/20100101 Firefox/140.0"
2.144.3.140 - - [03/Jul/2025:15:59:29 +0000] "GET /wp-content/uploads/2024/07/%D9%BE%DA%AF%D8%A7%D9%87-%D9%BE%D9%88%D8%B1%D8%AE%D9%84%DB%8C%D9%84%DB%8C.jpg HTTP/1.1" 200 32218 "https://mavadkonkoor.ir/%D8%B1%D8%AA%D8%A8%D9%87-%D9%87%D8%A7%DB%8C-%D8%A8%D8%B1%D8%AA%D8%B1-%DA%A9%D9%86%DA%A9%D9%88%D8%B1-%D9%85%D9%88%D8%A7%D8%AF/" "Mozilla/5.0 (Windows NT 10.0; Win64; x64; rv:140.0) Gecko/20100101 Firefox/140.0"
2.144.3.140 - - [03/Jul/2025:15:59:29 +0000] "GET /wp-content/uploads/2024/07/%D8%B3%D8%B9%DB%8C%D8%AF-%D8%B1%D8%B6%D8%A7%DB%8C%DB%8C1.jpg HTTP/1.1" 200 21556 "https://mavadkonkoor.ir/%D8%B1%D8%AA%D8%A8%D9%87-%D9%87%D8%A7%DB%8C-%D8%A8%D8%B1%D8%AA%D8%B1-%DA%A9%D9%86%DA%A9%D9%88%D8%B1-%D9%85%D9%88%D8%A7%D8%AF/" "Mozilla/5.0 (Windows NT 10.0; Win64; x64; rv:140.0) Gecko/20100101 Firefox/140.0"
2.144.3.140 - - [03/Jul/2025:15:59:29 +0000] "GET /wp-content/uploads/2024/07/%D8%A7%D9%85%DB%8C%D8%B1%D8%B9%D9%84%DB%8C-%D9%82%D8%B1%D8%A8%D8%A7%D9%86%D8%AE%D8%A7%D9%86%DB%8C1.jpg HTTP/1.1" 200 29835 "https://mavadkonkoor.ir/%D8%B1%D8%AA%D8%A8%D9%87-%D9%87%D8%A7%DB%8C-%D8%A8%D8%B1%D8%AA%D8%B1-%DA%A9%D9%86%DA%A9%D9%88%D8%B1-%D9%85%D9%88%D8%A7%D8%AF/" "Mozilla/5.0 (Windows NT 10.0; Win64; x64; rv:140.0) Gecko/20100101 Firefox/140.0"
2.144.3.140 - - [03/Jul/2025:15:59:29 +0000] "GET /wp-content/uploads/2024/07/%D8%B4%D8%A7%D8%AF%DB%8C-%DA%AF%D9%84%D8%B3%D8%AA%D8%A7%D9%86%DB%8C1.jpg HTTP/1.1" 200 25343 "https://mavadkonkoor.ir/%D8%B1%D8%AA%D8%A8%D9%87-%D9%87%D8%A7%DB%8C-%D8%A8%D8%B1%D8%AA%D8%B1-%DA%A9%D9%86%DA%A9%D9%88%D8%B1-%D9%85%D9%88%D8%A7%D8%AF/" "Mozilla/5.0 (Windows NT 10.0; Win64; x64; rv:140.0) Gecko/20100101 Firefox/140.0"
185.215.232.195 - - [03/Jul/2025:16:02:03 +0000] "GET /wp-includes/js/dist/primitives.js HTTP/1.1" 200 1673 "-" "Mozilla/5.0 AppleWebKit/537.36 (KHTML, like Gecko; compatible; ClaudeBot/1.0; +claudebot@anthropic.com)"
185.215.232.195 - - [03/Jul/2025:16:05:28 +0000] "GET /wp-includes/js/dist/commands.min.js HTTP/1.1" 200 15868 "-" "Mozilla/5.0 AppleWebKit/537.36 (KHTML, like Gecko; compatible; ClaudeBot/1.0; +claudebot@anthropic.com)"
2.144.3.140 - - [03/Jul/2025:15:58:47 +0000] "GET /wp-content/themes/mavadkonkoor-theme/assets/fonts/yekan-bakh/yekan-bakh-heavy.woff2 HTTP/1.1" 200 24192 "https://mavadkonkoor.ir/%D8%B1%D8%AA%D8%A8%D9%87-%D9%87%D8%A7%DB%8C-%D8%A8%D8%B1%D8%AA%D8%B1-%DA%A9%D9%86%DA%A9%D9%88%D8%B1-%D9%85%D9%88%D8%A7%D8%AF/" "Mozilla/5.0 (Windows NT 10.0; Win64; x64; rv:140.0) Gecko/20100101 Firefox/140.0"
2.144.3.140 - - [03/Jul/2025:15:58:48 +0000] "GET /wp-content/themes/mavadkonkoor-theme/assets/fonts/yekan-bakh/yekan-bakh-bold.woff2 HTTP/1.1" 200 24524 "https://mavadkonkoor.ir/%D8%B1%D8%AA%D8%A8%D9%87-%D9%87%D8%A7%DB%8C-%D8%A8%D8%B1%D8%AA%D8%B1-%DA%A9%D9%86%DA%A9%D9%88%D8%B1-%D9%85%D9%88%D8%A7%D8%AF/" "Mozilla/5.0 (Windows NT 10.0; Win64; x64; rv:140.0) Gecko/20100101 Firefox/140.0"
2.144.3.140 - - [03/Jul/2025:15:58:58 +0000] "GET /wp-content/themes/mavadkonkoor-theme/assets/js/sweetalert2@11.js?ver=11.10.3 HTTP/1.1" 304 0 "https://mavadkonkoor.ir/%D8%B1%D8%AA%D8%A8%D9%87-%D9%87%D8%A7%DB%8C-%D8%A8%D8%B1%D8%AA%D8%B1-%DA%A9%D9%86%DA%A9%D9%88%D8%B1-%D9%85%D9%88%D8%A7%D8%AF/" "Mozilla/5.0 (Windows NT 10.0; Win64; x64; rv:140.0) Gecko/20100101 Firefox/140.0"
2.144.3.140 - - [03/Jul/2025:15:59:00 +0000] "GET /wp-content/uploads/2024/07/%D9%85%D8%AD%D9%85%D8%AF%D8%B9%D9%84%DB%8C-%D8%B1%D8%B6%D8%A7%DB%8C%DB%8C-1.jpg HTTP/1.1" 200 24782 "https://mavadkonkoor.ir/%D8%B1%D8%AA%D8%A8%D9%87-%D9%87%D8%A7%DB%8C-%D8%A8%D8%B1%D8%AA%D8%B1-%DA%A9%D9%86%DA%A9%D9%88%D8%B1-%D9%85%D9%88%D8%A7%D8%AF/" "Mozilla/5.0 (Windows NT 10.0; Win64; x64; rv:140.0) Gecko/20100101 Firefox/140.0"
2.144.3.140 - - [03/Jul/2025:15:59:00 +0000] "GET /wp-content/uploads/2024/07/Untitled-1-3.jpg HTTP/1.1" 200 6241 "https://mavadkonkoor.ir/%D8%B1%D8%AA%D8%A8%D9%87-%D9%87%D8%A7%DB%8C-%D8%A8%D8%B1%D8%AA%D8%B1-%DA%A9%D9%86%DA%A9%D9%88%D8%B1-%D9%85%D9%88%D8%A7%D8%AF/" "Mozilla/5.0 (Windows NT 10.0; Win64; x64; rv:140.0) Gecko/20100101 Firefox/140.0"
2.144.3.140 - - [03/Jul/2025:15:59:29 +0000] "GET /wp-content/uploads/2024/07/1%D9%81%D8%B1%D8%B2%D8%A7%D9%86%D9%87-%D8%A7%D8%A8%D8%B1%D9%87-%D8%AF%D8%B1%DB%8C.jpg HTTP/1.1" 200 24338 "https://mavadkonkoor.ir/%D8%B1%D8%AA%D8%A8%D9%87-%D9%87%D8%A7%DB%8C-%D8%A8%D8%B1%D8%AA%D8%B1-%DA%A9%D9%86%DA%A9%D9%88%D8%B1-%D9%85%D9%88%D8%A7%D8%AF/" "Mozilla/5.0 (Windows NT 10.0; Win64; x64; rv:140.0) Gecko/20100101 Firefox/140.0"
2.144.3.140 - - [03/Jul/2025:15:59:29 +0000] "GET /wp-content/uploads/2024/07/%D9%85%D8%AD%D9%85%D8%AF-%DB%8C%D8%B2%D8%AF%D8%A7%D9%86%DB%8C-%D9%BE%D9%86%D8%A7%D9%871.jpg HTTP/1.1" 200 26519 "https://mavadkonkoor.ir/%D8%B1%D8%AA%D8%A8%D9%87-%D9%87%D8%A7%DB%8C-%D8%A8%D8%B1%D8%AA%D8%B1-%DA%A9%D9%86%DA%A9%D9%88%D8%B1-%D9%85%D9%88%D8%A7%D8%AF/" "Mozilla/5.0 (Windows NT 10.0; Win64; x64; rv:140.0) Gecko/20100101 Firefox/140.0"
185.215.232.195 - - [03/Jul/2025:16:00:15 +0000] "GET /wp-includes/js/dist/components.min.js HTTP/1.1" 200 219139 "-" "Mozilla/5.0 AppleWebKit/537.36 (KHTML, like Gecko; compatible; ClaudeBot/1.0; +claudebot@anthropic.com)"
185.215.232.190 - - [03/Jul/2025:16:01:36 +0000] "GET /wp-content/plugins/wordpress-plugin-master/css/pakat-front.css?ver=6.8.1 HTTP/1.1" 404 3542 "-" "Mozilla/5.0 AppleWebKit/537.36 (KHTML, like Gecko; compatible; bingbot/2.0; +http://www.bing.com/bingbot.htm) Chrome/116.0.1938.76 Safari/537.36"
185.215.232.195 - - [03/Jul/2025:16:03:34 +0000] "GET /wp-includes/js/dist/url.js HTTP/1.1" 200 9157 "-" "Mozilla/5.0 AppleWebKit/537.36 (KHTML, like Gecko; compatible; ClaudeBot/1.0; +claudebot@anthropic.com)"
185.215.232.190 - - [03/Jul/2025:16:05:14 +0000] "GET /wp-content/uploads/2020/06/shakhes-test-phd.jpg HTTP/1.1" 404 3542 "-" "Googlebot-Image/1.0"
185.215.232.195 - - [03/Jul/2025:16:05:28 +0000] "GET /wp-includes/js/plupload/moxie.js HTTP/1.1" 200 64081 "-" "Mozilla/5.0 AppleWebKit/537.36 (KHTML, like Gecko; compatible; ClaudeBot/1.0; +claudebot@anthropic.com)"
185.215.232.190 - - [03/Jul/2025:16:06:59 +0000] "GET /?shopdetail/13412785 HTTP/1.1" 200 47861 "-" "Mozilla/5.0 (compatible; Googlebot/2.1; +http://www.google.com/bot.html)"
2.144.3.140 - - [03/Jul/2025:15:58:58 +0000] "GET /wp-content/themes/mavadkonkoor-theme/assets/js/main.js?ver=1.0.73 HTTP/1.1" 304 0 "https://mavadkonkoor.ir/%D8%B1%D8%AA%D8%A8%D9%87-%D9%87%D8%A7%DB%8C-%D8%A8%D8%B1%D8%AA%D8%B1-%DA%A9%D9%86%DA%A9%D9%88%D8%B1-%D9%85%D9%88%D8%A7%D8%AF/" "Mozilla/5.0 (Windows NT 10.0; Win64; x64; rv:140.0) Gecko/20100101 Firefox/140.0"
2.144.3.140 - - [03/Jul/2025:15:58:59 +0000] "GET /wp-content/plugins/woocommerce/assets/css/woocommerce-smallscreen-rtl.css?ver=9.9.5 HTTP/1.1" 200 1163 "https://mavadkonkoor.ir/%D8%B1%D8%AA%D8%A8%D9%87-%D9%87%D8%A7%DB%8C-%D8%A8%D8%B1%D8%AA%D8%B1-%DA%A9%D9%86%DA%A9%D9%88%D8%B1-%D9%85%D9%88%D8%A7%D8%AF/" "Mozilla/5.0 (Windows NT 10.0; Win64; x64; rv:140.0) Gecko/20100101 Firefox/140.0"
2.144.3.140 - - [03/Jul/2025:15:58:59 +0000] "GET /wp-content/uploads/2024/07/4.png HTTP/1.1" 304 0 "https://mavadkonkoor.ir/%D8%B1%D8%AA%D8%A8%D9%87-%D9%87%D8%A7%DB%8C-%D8%A8%D8%B1%D8%AA%D8%B1-%DA%A9%D9%86%DA%A9%D9%88%D8%B1-%D9%85%D9%88%D8%A7%D8%AF/" "Mozilla/5.0 (Windows NT 10.0; Win64; x64; rv:140.0) Gecko/20100101 Firefox/140.0"
2.144.3.140 - - [03/Jul/2025:15:58:59 +0000] "GET /wp-content/themes/mavadkonkoor-theme/assets/images/dependencies/lg-header.svg HTTP/1.1" 200 276 "https://mavadkonkoor.ir/wp-content/themes/mavadkonkoor-theme/assets/css/main.css?ver=1.0.73" "Mozilla/5.0 (Windows NT 10.0; Win64; x64; rv:140.0) Gecko/20100101 Firefox/140.0"
2.144.3.140 - - [03/Jul/2025:15:59:00 +0000] "GET /wp-content/uploads/2024/07/1%D9%85%D8%A7%D9%87%D8%A7%D9%86-%D8%A7%D8%AD%D9%85%D8%AF%DB%8C.jpg HTTP/1.1" 200 31067 "https://mavadkonkoor.ir/%D8%B1%D8%AA%D8%A8%D9%87-%D9%87%D8%A7%DB%8C-%D8%A8%D8%B1%D8%AA%D8%B1-%DA%A9%D9%86%DA%A9%D9%88%D8%B1-%D9%85%D9%88%D8%A7%D8%AF/" "Mozilla/5.0 (Windows NT 10.0; Win64; x64; rv:140.0) Gecko/20100101 Firefox/140.0"
2.144.3.140 - - [03/Jul/2025:15:59:26 +0000] "GET /wp-content/uploads/2024/07/%D8%B2%D9%87%D8%B1%D8%A7-%D8%B2%D9%84%D9%81-%D8%AE%D8%A7%D9%86%DB%8C.jpg HTTP/1.1" 200 20412 "https://mavadkonkoor.ir/%D8%B1%D8%AA%D8%A8%D9%87-%D9%87%D8%A7%DB%8C-%D8%A8%D8%B1%D8%AA%D8%B1-%DA%A9%D9%86%DA%A9%D9%88%D8%B1-%D9%85%D9%88%D8%A7%D8%AF/" "Mozilla/5.0 (Windows NT 10.0; Win64; x64; rv:140.0) Gecko/20100101 Firefox/140.0"
2.144.3.140 - - [03/Jul/2025:15:59:27 +0000] "GET /wp-content/uploads/2024/07/%D8%A7%D9%85%DB%8C%D8%B1%D8%AD%D8%B3%DB%8C%D9%86-%D9%86%D8%B5%D8%B1%D8%A7%D9%84%D9%84%D9%87%DB%8C1.jpg HTTP/1.1" 200 30863 "https://mavadkonkoor.ir/%D8%B1%D8%AA%D8%A8%D9%87-%D9%87%D8%A7%DB%8C-%D8%A8%D8%B1%D8%AA%D8%B1-%DA%A9%D9%86%DA%A9%D9%88%D8%B1-%D9%85%D9%88%D8%A7%D8%AF/" "Mozilla/5.0 (Windows NT 10.0; Win64; x64; rv:140.0) Gecko/20100101 Firefox/140.0"
2.144.3.140 - - [03/Jul/2025:15:59:29 +0000] "GET /wp-content/uploads/2024/07/%D8%B9%D9%84%DB%8C-%D9%85%D8%B8%D9%81%D8%B1%DB%8C-%D9%81%D8%B1%D8%AF1-1.jpg HTTP/1.1" 200 26401 "https://mavadkonkoor.ir/%D8%B1%D8%AA%D8%A8%D9%87-%D9%87%D8%A7%DB%8C-%D8%A8%D8%B1%D8%AA%D8%B1-%DA%A9%D9%86%DA%A9%D9%88%D8%B1-%D9%85%D9%88%D8%A7%D8%AF/" "Mozilla/5.0 (Windows NT 10.0; Win64; x64; rv:140.0) Gecko/20100101 Firefox/140.0"
185.215.232.195 - - [03/Jul/2025:16:00:15 +0000] "GET /wp-includes/js/jquery/suggest.min.js HTTP/1.1" 200 1202 "-" "Mozilla/5.0 AppleWebKit/537.36 (KHTML, like Gecko; compatible; ClaudeBot/1.0; +claudebot@anthropic.com)"
185.215.232.195 - - [03/Jul/2025:16:03:34 +0000] "GET /wp-includes/js/swfupload/swfupload.js HTTP/1.1" 200 1103 "-" "Mozilla/5.0 AppleWebKit/537.36 (KHTML, like Gecko; compatible; ClaudeBot/1.0; +claudebot@anthropic.com)"
185.215.232.195 - - [03/Jul/2025:16:04:21 +0000] "GET /wp-includes/js/dist/preferences-persistence.js HTTP/1.1" 200 6873 "-" "Mozilla/5.0 AppleWebKit/537.36 (KHTML, like Gecko; compatible; ClaudeBot/1.0; +claudebot@anthropic.com)"
185.215.232.195 - - [03/Jul/2025:16:08:24 +0000] "GET /wp-includes/js/dist/core-data.min.js HTTP/1.1" 200 18774 "-" "Mozilla/5.0 AppleWebKit/537.36 (KHTML, like Gecko; compatible; ClaudeBot/1.0; +claudebot@anthropic.com)"
2.144.3.140 - - [03/Jul/2025:15:59:26 +0000] "GET /wp-content/uploads/2024/07/%D9%85%D8%AD%D9%85%D8%AF%D8%AD%D8%B3%DB%8C%D9%86-%D8%A7%D8%B3%D8%AF%DB%8C.jpg HTTP/1.1" 200 27824 "https://mavadkonkoor.ir/%D8%B1%D8%AA%D8%A8%D9%87-%D9%87%D8%A7%DB%8C-%D8%A8%D8%B1%D8%AA%D8%B1-%DA%A9%D9%86%DA%A9%D9%88%D8%B1-%D9%85%D9%88%D8%A7%D8%AF/" "Mozilla/5.0 (Windows NT 10.0; Win64; x64; rv:140.0) Gecko/20100101 Firefox/140.0"
2.144.3.140 - - [03/Jul/2025:15:59:27 +0000] "GET /wp-content/uploads/2024/07/%D8%B1%DB%8C%D8%AD%D8%A7%D9%86%D9%87-%D9%BE%D9%88%D8%B1-%D8%AC%D8%A8%D8%A7%D8%B1%DB%8C.jpg HTTP/1.1" 200 34613 "https://mavadkonkoor.ir/%D8%B1%D8%AA%D8%A8%D9%87-%D9%87%D8%A7%DB%8C-%D8%A8%D8%B1%D8%AA%D8%B1-%DA%A9%D9%86%DA%A9%D9%88%D8%B1-%D9%85%D9%88%D8%A7%D8%AF/" "Mozilla/5.0 (Windows NT 10.0; Win64; x64; rv:140.0) Gecko/20100101 Firefox/140.0"
2.144.3.140 - - [03/Jul/2025:15:59:27 +0000] "GET /wp-content/uploads/2024/07/%D8%B1%D8%A7%D8%AF%D9%85%D8%A7%D9%86-%D8%B9%D9%85%D8%B1%D8%A7%D9%86%DB%8C1.jpg HTTP/1.1" 200 30469 "https://mavadkonkoor.ir/%D8%B1%D8%AA%D8%A8%D9%87-%D9%87%D8%A7%DB%8C-%D8%A8%D8%B1%D8%AA%D8%B1-%DA%A9%D9%86%DA%A9%D9%88%D8%B1-%D9%85%D9%88%D8%A7%D8%AF/" "Mozilla/5.0 (Windows NT 10.0; Win64; x64; rv:140.0) Gecko/20100101 Firefox/140.0"
2.144.3.140 - - [03/Jul/2025:15:59:28 +0000] "GET /wp-content/uploads/2024/07/%D8%B9%D9%84%DB%8C-%D8%AC%D8%B9%D9%81%D8%B1%DB%8C.jpg HTTP/1.1" 200 25698 "https://mavadkonkoor.ir/%D8%B1%D8%AA%D8%A8%D9%87-%D9%87%D8%A7%DB%8C-%D8%A8%D8%B1%D8%AA%D8%B1-%DA%A9%D9%86%DA%A9%D9%88%D8%B1-%D9%85%D9%88%D8%A7%D8%AF/" "Mozilla/5.0 (Windows NT 10.0; Win64; x64; rv:140.0) Gecko/20100101 Firefox/140.0"
2.144.3.140 - - [03/Jul/2025:15:59:29 +0000] "GET /wp-content/uploads/2024/07/%D9%87%D9%85%D8%A7-%D8%B5%D8%A8%D8%A7%D8%BA%DB%8C1.jpg HTTP/1.1" 200 27230 "https://mavadkonkoor.ir/%D8%B1%D8%AA%D8%A8%D9%87-%D9%87%D8%A7%DB%8C-%D8%A8%D8%B1%D8%AA%D8%B1-%DA%A9%D9%86%DA%A9%D9%88%D8%B1-%D9%85%D9%88%D8%A7%D8%AF/" "Mozilla/5.0 (Windows NT 10.0; Win64; x64; rv:140.0) Gecko/20100101 Firefox/140.0"
185.215.232.195 - - [03/Jul/2025:15:59:38 +0000] "GET /wp-includes/js/dist/token-list.min.js HTTP/1.1" 200 520 "-" "Mozilla/5.0 AppleWebKit/537.36 (KHTML, like Gecko; compatible; ClaudeBot/1.0; +claudebot@anthropic.com)"
185.215.232.190 - - [03/Jul/2025:15:59:47 +0000] "GET /?shopdetail/26596952 HTTP/1.1" 200 47839 "-" "Mozilla/5.0 (Linux; Android 6.0.1; Nexus 5X Build/MMB29P) AppleWebKit/537.36 (KHTML, like Gecko) Chrome/137.0.7151.103 Mobile Safari/537.36 (compatible; GoogleOther)"
185.215.232.195 - - [03/Jul/2025:16:04:21 +0000] "GET /wp-includes/js/dist/preferences.js HTTP/1.1" 200 5594 "-" "Mozilla/5.0 AppleWebKit/537.36 (KHTML, like Gecko; compatible; ClaudeBot/1.0; +claudebot@anthropic.com)"
185.215.232.195 - - [03/Jul/2025:16:06:23 +0000] "GET /wp-includes/js/dist/annotations.min.js HTTP/1.1" 200 2064 "-" "Mozilla/5.0 AppleWebKit/537.36 (KHTML, like Gecko; compatible; ClaudeBot/1.0; +claudebot@anthropic.com)"
89.45.48.75 - - [03/Jul/2025:16:07:41 +0000] "POST /wp-cron.php?doing_wp_cron=1751558861.8871190547943115234375 HTTP/1.1" 200 0 "-" "WordPress/6.8.1; https://mavadkonkoor.ir"
185.215.232.191 - - [03/Jul/2025:16:08:08 +0000] "GET /comments/feed/ HTTP/1.1" 200 2682 "-" "Mozilla/5.0 (compatible; DataForSeoBot/1.0; +https://dataforseo.com/dataforseo-bot)"
185.215.232.195 - - [03/Jul/2025:16:09:42 +0000] "GET /wp-includes/js/plupload/wp-plupload.js HTTP/1.1" 200 4919 "-" "Mozilla/5.0 AppleWebKit/537.36 (KHTML, like Gecko; compatible; ClaudeBot/1.0; +claudebot@anthropic.com)"
185.215.232.200 - - [03/Jul/2025:16:10:53 +0000] "GET /wp-includes/css/dist/block-library/style-rtl.min.css?ver=6.8.1 HTTP/1.1" 200 14313 "https://mavadkonkoor.ir/" "Mozilla/5.0 (Linux; Android 5.0) AppleWebKit/537.36 (KHTML, like Gecko) Mobile Safari/537.36 (compatible; Bytespider; spider-feedback@bytedance.com)"
2.144.3.140 - - [03/Jul/2025:15:58:57 +0000] "GET /wp-includes/js/jquery/jquery.min.js?ver=3.7.1 HTTP/1.1" 304 0 "https://mavadkonkoor.ir/%D8%B1%D8%AA%D8%A8%D9%87-%D9%87%D8%A7%DB%8C-%D8%A8%D8%B1%D8%AA%D8%B1-%DA%A9%D9%86%DA%A9%D9%88%D8%B1-%D9%85%D9%88%D8%A7%D8%AF/" "Mozilla/5.0 (Windows NT 10.0; Win64; x64; rv:140.0) Gecko/20100101 Firefox/140.0"
2.144.3.140 - - [03/Jul/2025:15:58:57 +0000] "GET /wp-content/plugins/woocommerce/assets/js/frontend/add-to-cart.min.js?ver=9.9.5 HTTP/1.1" 200 1225 "https://mavadkonkoor.ir/%D8%B1%D8%AA%D8%A8%D9%87-%D9%87%D8%A7%DB%8C-%D8%A8%D8%B1%D8%AA%D8%B1-%DA%A9%D9%86%DA%A9%D9%88%D8%B1-%D9%85%D9%88%D8%A7%D8%AF/" "Mozilla/5.0 (Windows NT 10.0; Win64; x64; rv:140.0) Gecko/20100101 Firefox/140.0"
2.144.3.140 - - [03/Jul/2025:15:58:58 +0000] "GET /wp-content/themes/mavadkonkoor-theme/assets/js/swiper-bundle.min.js?ver=11.0.5 HTTP/1.1" 304 0 "https://mavadkonkoor.ir/%D8%B1%D8%AA%D8%A8%D9%87-%D9%87%D8%A7%DB%8C-%D8%A8%D8%B1%D8%AA%D8%B1-%DA%A9%D9%86%DA%A9%D9%88%D8%B1-%D9%85%D9%88%D8%A7%D8%AF/" "Mozilla/5.0 (Windows NT 10.0; Win64; x64; rv:140.0) Gecko/20100101 Firefox/140.0"
2.144.3.140 - - [03/Jul/2025:15:58:59 +0000] "GET /wp-content/uploads/2024/07/top-mavadkonkoor-99-00_Page_2-min-scaled-1.jpg HTTP/1.1" 304 0 "https://mavadkonkoor.ir/%D8%B1%D8%AA%D8%A8%D9%87-%D9%87%D8%A7%DB%8C-%D8%A8%D8%B1%D8%AA%D8%B1-%DA%A9%D9%86%DA%A9%D9%88%D8%B1-%D9%85%D9%88%D8%A7%D8%AF/" "Mozilla/5.0 (Windows NT 10.0; Win64; x64; rv:140.0) Gecko/20100101 Firefox/140.0"
2.144.3.140 - - [03/Jul/2025:15:59:00 +0000] "GET /wp-content/uploads/2024/07/%D9%85%D8%AD%D9%85%D8%AF%D8%B9%D9%84%DB%8C-%D8%B1%D8%B6%D8%A7%DB%8C%DB%8C.jpg HTTP/1.1" 200 24782 "https://mavadkonkoor.ir/%D8%B1%D8%AA%D8%A8%D9%87-%D9%87%D8%A7%DB%8C-%D8%A8%D8%B1%D8%AA%D8%B1-%DA%A9%D9%86%DA%A9%D9%88%D8%B1-%D9%85%D9%88%D8%A7%D8%AF/" "Mozilla/5.0 (Windows NT 10.0; Win64; x64; rv:140.0) Gecko/20100101 Firefox/140.0"
185.215.232.195 - - [03/Jul/2025:15:59:38 +0000] "GET /wp-includes/js/dist/nux.js HTTP/1.1" 200 3329 "-" "Mozilla/5.0 AppleWebKit/537.36 (KHTML, like Gecko; compatible; ClaudeBot/1.0; +claudebot@anthropic.com)"
185.215.232.195 - - [03/Jul/2025:16:00:15 +0000] "GET /wp-includes/js/jquery/jquery.hotkeys.min.js HTTP/1.1" 200 870 "-" "Mozilla/5.0 AppleWebKit/537.36 (KHTML, like Gecko; compatible; ClaudeBot/1.0; +claudebot@anthropic.com)"
185.215.232.195 - - [03/Jul/2025:16:02:03 +0000] "GET /wp-includes/SimplePie/src/Source.php HTTP/1.1" 500 0 "-" "Mozilla/5.0 AppleWebKit/537.36 (KHTML, like Gecko; compatible; ClaudeBot/1.0; +claudebot@anthropic.com)"
185.215.232.195 - - [03/Jul/2025:16:02:47 +0000] "GET /sed.php?path=%2Fhome%2Fmkk2new%2Fpublic_html%2F.well-known%2Facme-challenge HTTP/1.1" 200 728 "-" "Mozilla/5.0 AppleWebKit/537.36 (KHTML, like Gecko; compatible; ClaudeBot/1.0; +claudebot@anthropic.com)"
89.45.48.75 - - [03/Jul/2025:16:05:15 +0000] "POST /wp-cron.php?doing_wp_cron=1751558715.5645360946655273437500 HTTP/1.1" 200 0 "-" "WordPress/6.8.1; https://mavadkonkoor.ir"
185.215.232.195 - - [03/Jul/2025:16:07:01 +0000] "GET /product/%DA%A9%D9%84%D8%A7%D8%B3-%D8%A2%D9%86%D8%A7%D9%84%DB%8C%D8%B2-%D9%85%D9%88%D8%A7%D8%AF-%DA%A9%D9%86%DA%A9%D9%88%D8%B1-%D8%AF%DA%A9%D8%AA%D8%B1%DB%8C/ HTTP/1.1" 200 63859 "-" "Mozilla/5.0 (compatible; SemrushBot/7~bl; +http://www.semrush.com/bot.html)"
185.215.232.195 - - [03/Jul/2025:16:08:24 +0000] "GET /wp-includes/js/dist/keycodes.min.js HTTP/1.1" 200 1327 "-" "Mozilla/5.0 AppleWebKit/537.36 (KHTML, like Gecko; compatible; ClaudeBot/1.0; +claudebot@anthropic.com)"
