37.32.18.5 - - [03/Jul/2025:20:40:25 +0000] "GET /wp-content/uploads/2024/07/%DA%A9%D8%AA%D8%A7%D8%A8-%D8%AC%D9%85%D8%B9-%D8%A8%D9%86%D8%AF%DB%8C-%DA%A9%D9%86%DA%A9%D9%88%D8%B1-%D8%AF%DA%A9%D8%AA%D8%B1%DB%8C-%D9%85%D9%87%D9%86%D8%AF%D8%B3%DB%8C-%D9%85%D9%88%D8%A7%D8%AF-%D9%88-%D9%85%D8%AA%D8%A7%D9%84%D9%88%DA%98%DB%8C-1.jpg HTTP/1.1" 200 44775 "https://mavadkonkoor.ir/" "Mozilla/5.0 (Linux; Android 10; K) AppleWebKit/537.36 (KHTML, like Gecko) Chrome/136.0.0.0 Mobile Safari/537.36"
37.32.18.5 - - [03/Jul/2025:20:40:25 +0000] "GET /wp-content/uploads/2024/07/%DA%A9%D8%AA%D8%A7%D8%A8-%D8%AE%D9%88%D8%A7%D8%B5-%D9%81%DB%8C%D8%B2%DB%8C%DA%A9%DB%8C-%DA%A9%D9%86%DA%A9%D9%88%D8%B1-%D9%85%D9%87%D9%86%D8%AF%D8%B3%DB%8C-%D9%85%D9%88%D8%A7%D8%AF-1.jpg HTTP/1.1" 200 40667 "https://mavadkonkoor.ir/" "Mozilla/5.0 (Linux; Android 10; K) AppleWebKit/537.36 (KHTML, like Gecko) Chrome/136.0.0.0 Mobile Safari/537.36"
37.32.18.5 - - [03/Jul/2025:20:40:25 +0000] "GET /wp-content/themes/mavadkonkoor-theme/assets/images/dependencies/md-header.svg HTTP/1.1" 200 575 "https://mavadkonkoor.ir/wp-content/themes/mavadkonkoor-theme/assets/css/main.css?ver=1.0.73" "Mozilla/5.0 (Linux; Android 10; K) AppleWebKit/537.36 (KHTML, like Gecko) Chrome/136.0.0.0 Mobile Safari/537.36"
37.32.18.5 - - [03/Jul/2025:20:40:25 +0000] "GET /wp-content/uploads/2019/07/moadele.webp HTTP/1.1" 200 4922 "https://mavadkonkoor.ir/" "Mozilla/5.0 (Linux; Android 10; K) AppleWebKit/537.36 (KHTML, like Gecko) Chrome/136.0.0.0 Mobile Safari/537.36"
37.32.18.5 - - [03/Jul/2025:20:40:25 +0000] "GET /wp-content/uploads/2024/07/ode-class-mavadkonkoor.jpg HTTP/1.1" 200 136021 "https://mavadkonkoor.ir/" "Mozilla/5.0 (Linux; Android 10; K) AppleWebKit/537.36 (KHTML, like Gecko) Chrome/136.0.0.0 Mobile Safari/537.36"
37.32.18.5 - - [03/Jul/2025:20:40:25 +0000] "GET /wp-content/themes/mavadkonkoor-theme/assets/images/dependencies/home-bg-middle-mask.svg HTTP/1.1" 200 438 "https://mavadkonkoor.ir/wp-content/themes/mavadkonkoor-theme/assets/css/main.css?ver=1.0.73" "Mozilla/5.0 (Linux; Android 10; K) AppleWebKit/537.36 (KHTML, like Gecko) Chrome/136.0.0.0 Mobile Safari/537.36"
37.32.18.5 - - [03/Jul/2025:20:40:25 +0000] "GET /wp-content/uploads/2024/07/%D9%85%D8%AD%D9%85%D8%AF%D8%B9%D9%84%DB%8C-%D8%B1%D8%B6%D8%A7%DB%8C%DB%8C.jpg HTTP/1.1" 200 24782 "https://mavadkonkoor.ir/" "Mozilla/5.0 (Linux; Android 10; K) AppleWebKit/537.36 (KHTML, like Gecko) Chrome/136.0.0.0 Mobile Safari/537.36"
185.215.232.200 - - [03/Jul/2025:20:39:31 +0000] "GET /wp-content/uploads/2024/07/%D9%85%D8%AD%D9%85%D8%AF%D8%B9%D9%84%DB%8C-%D8%B1%D8%B6%D8%A7%DB%8C%DB%8C.jpg HTTP/1.1" 206 500 "https://mavadkonkoor.ir/" "Mozilla/5.0 (Linux; Android 5.0) AppleWebKit/537.36 (KHTML, like Gecko) Mobile Safari/537.36 (compatible; Bytespider; spider-feedback@bytedance.com)"
37.32.18.5 - - [03/Jul/2025:20:39:53 +0000] "GET / HTTP/1.1" 200 47821 "https://www.google.com/" "Mozilla/5.0 (Linux; Android 10; K) AppleWebKit/537.36 (KHTML, like Gecko) Chrome/136.0.0.0 Mobile Safari/537.36"
37.32.18.5 - - [03/Jul/2025:20:40:25 +0000] "GET /wp-content/plugins/woocommerce/assets/css/brands.css?ver=9.9.5 HTTP/1.1" 200 579 "https://mavadkonkoor.ir/" "Mozilla/5.0 (Linux; Android 10; K) AppleWebKit/537.36 (KHTML, like Gecko) Chrome/136.0.0.0 Mobile Safari/537.36"
37.32.18.5 - - [03/Jul/2025:20:40:25 +0000] "GET /wp-content/uploads/2024/08/9de0a26b-1253-4659-a966-1633c6dd29b0.jpg HTTP/1.1" 200 30670 "https://mavadkonkoor.ir/" "Mozilla/5.0 (Linux; Android 10; K) AppleWebKit/537.36 (KHTML, like Gecko) Chrome/136.0.0.0 Mobile Safari/537.36"
37.32.18.5 - - [03/Jul/2025:20:40:25 +0000] "GET /wp-content/plugins/gravityforms/assets/css/dist/gravity-forms-orbital-theme.min.css?ver=2.9.9.1 HTTP/1.1" 200 0 "https://mavadkonkoor.ir/" "Mozilla/5.0 (Linux; Android 10; K) AppleWebKit/537.36 (KHTML, like Gecko) Chrome/136.0.0.0 Mobile Safari/537.36"
37.32.18.5 - - [03/Jul/2025:20:40:25 +0000] "GET /wp-content/uploads/2024/07/%DA%A9%D8%AA%D8%A7%D8%A8-%D8%B4%DB%8C%D9%85%DB%8C-%D9%81%DB%8C%D8%B2%DB%8C%DA%A9-%D9%88-%D8%AA%D8%B1%D9%85%D9%88%D8%AF%DB%8C%D9%86%D8%A7%D9%85%DB%8C%DA%A9-%DA%A9%D9%86%DA%A9%D9%88%D8%B1-%D9%85%D9%87%D9%86%D8%AF%D8%B3%DB%8C-%D9%85%D9%88%D8%A7%D8%AF-1.jpg HTTP/1.1" 200 42637 "https://mavadkonkoor.ir/" "Mozilla/5.0 (Linux; Android 10; K) AppleWebKit/537.36 (KHTML, like Gecko) Chrome/136.0.0.0 Mobile Safari/537.36"
37.32.18.5 - - [03/Jul/2025:20:40:25 +0000] "GET /wp-content/plugins/woocommerce/assets/js/js-cookie/js.cookie.min.js?ver=2.1.4-wc.9.9.5 HTTP/1.1" 200 760 "https://mavadkonkoor.ir/" "Mozilla/5.0 (Linux; Android 10; K) AppleWebKit/537.36 (KHTML, like Gecko) Chrome/136.0.0.0 Mobile Safari/537.36"
37.32.18.5 - - [03/Jul/2025:20:40:25 +0000] "GET /wp-content/uploads/2020/04/test-analysis.jpg HTTP/1.1" 200 50399 "https://mavadkonkoor.ir/" "Mozilla/5.0 (Linux; Android 10; K) AppleWebKit/537.36 (KHTML, like Gecko) Chrome/136.0.0.0 Mobile Safari/537.36"
37.32.18.5 - - [03/Jul/2025:20:40:25 +0000] "GET /wp-content/uploads/2024/11/the-top-experimental-ranks-of-the-material-engineering.png HTTP/1.1" 200 77329 "https://mavadkonkoor.ir/" "Mozilla/5.0 (Linux; Android 10; K) AppleWebKit/537.36 (KHTML, like Gecko) Chrome/136.0.0.0 Mobile Safari/537.36"
37.32.18.5 - - [03/Jul/2025:20:40:25 +0000] "GET /wp-content/uploads/2024/07/1%D9%85%D8%AD%D8%AF%D8%AB%D9%87-%D9%82%D8%B1%D9%86%DB%8C.jpg HTTP/1.1" 200 22832 "https://mavadkonkoor.ir/" "Mozilla/5.0 (Linux; Android 10; K) AppleWebKit/537.36 (KHTML, like Gecko) Chrome/136.0.0.0 Mobile Safari/537.36"
37.32.18.5 - - [03/Jul/2025:20:40:25 +0000] "GET /wp-content/themes/mavadkonkoor-theme/assets/images/dependencies/bg-exam.jpg HTTP/1.1" 200 23782 "https://mavadkonkoor.ir/wp-content/themes/mavadkonkoor-theme/assets/css/main.css?ver=1.0.73" "Mozilla/5.0 (Linux; Android 10; K) AppleWebKit/537.36 (KHTML, like Gecko) Chrome/136.0.0.0 Mobile Safari/537.36"
37.32.18.5 - - [03/Jul/2025:20:40:25 +0000] "GET /wp-content/themes/mavadkonkoor-theme/assets/images/dependencies/mask-exam.svg HTTP/1.1" 200 440 "https://mavadkonkoor.ir/wp-content/themes/mavadkonkoor-theme/assets/css/main.css?ver=1.0.73" "Mozilla/5.0 (Linux; Android 10; K) AppleWebKit/537.36 (KHTML, like Gecko) Chrome/136.0.0.0 Mobile Safari/537.36"
37.32.18.5 - - [03/Jul/2025:20:40:26 +0000] "GET /wp-content/uploads/2024/07/1%D9%81%D8%B1%D8%B2%D8%A7%D9%86%D9%87-%D8%A7%D8%A8%D8%B1%D9%87-%D8%AF%D8%B1%DB%8C.jpg HTTP/1.1" 200 24338 "https://mavadkonkoor.ir/" "Mozilla/5.0 (Linux; Android 10; K) AppleWebKit/537.36 (KHTML, like Gecko) Chrome/136.0.0.0 Mobile Safari/537.36"
37.32.18.5 - - [03/Jul/2025:20:40:25 +0000] "GET /wp-content/themes/mavadkonkoor-theme/assets/css/swiper-bundle.min.css?ver=11.0.5 HTTP/1.1" 200 4493 "https://mavadkonkoor.ir/" "Mozilla/5.0 (Linux; Android 10; K) AppleWebKit/537.36 (KHTML, like Gecko) Chrome/136.0.0.0 Mobile Safari/537.36"
37.32.18.5 - - [03/Jul/2025:20:40:25 +0000] "GET /wp-content/uploads/2024/08/7d96d5c2-faa5-4773-adbd-6100ee26ae7b.jpg HTTP/1.1" 200 85194 "https://mavadkonkoor.ir/" "Mozilla/5.0 (Linux; Android 10; K) AppleWebKit/537.36 (KHTML, like Gecko) Chrome/136.0.0.0 Mobile Safari/537.36"
37.32.18.5 - - [03/Jul/2025:20:40:25 +0000] "GET /wp-content/plugins/gravityforms/assets/css/dist/gravity-forms-theme-reset.min.css?ver=2.9.9.1 HTTP/1.1" 200 629 "https://mavadkonkoor.ir/" "Mozilla/5.0 (Linux; Android 10; K) AppleWebKit/537.36 (KHTML, like Gecko) Chrome/136.0.0.0 Mobile Safari/537.36"
37.32.18.5 - - [03/Jul/2025:20:40:25 +0000] "GET /wp-content/themes/mavadkonkoor-theme/assets/js/swiper-bundle.min.js?ver=11.0.5 HTTP/1.1" 200 39606 "https://mavadkonkoor.ir/" "Mozilla/5.0 (Linux; Android 10; K) AppleWebKit/537.36 (KHTML, like Gecko) Chrome/136.0.0.0 Mobile Safari/537.36"
37.32.18.5 - - [03/Jul/2025:20:40:25 +0000] "GET /wp-content/themes/mavadkonkoor-theme/assets/js/ajax/comment-vote.js HTTP/1.1" 200 1284 "https://mavadkonkoor.ir/" "Mozilla/5.0 (Linux; Android 10; K) AppleWebKit/537.36 (KHTML, like Gecko) Chrome/136.0.0.0 Mobile Safari/537.36"
37.32.18.5 - - [03/Jul/2025:20:40:25 +0000] "GET /wp-includes/js/dist/hooks.min.js?ver=4d63a3d491d11ffd8ac6 HTTP/1.1" 200 1571 "https://mavadkonkoor.ir/" "Mozilla/5.0 (Linux; Android 10; K) AppleWebKit/537.36 (KHTML, like Gecko) Chrome/136.0.0.0 Mobile Safari/537.36"
37.32.18.5 - - [03/Jul/2025:20:40:25 +0000] "GET /wp-content/plugins/woocommerce/assets/js/jquery-blockui/jquery.blockUI.min.js?ver=2.7.0-wc.9.9.5 HTTP/1.1" 200 3277 "https://mavadkonkoor.ir/" "Mozilla/5.0 (Linux; Android 10; K) AppleWebKit/537.36 (KHTML, like Gecko) Chrome/136.0.0.0 Mobile Safari/537.36"
37.32.18.5 - - [03/Jul/2025:20:40:25 +0000] "GET /wp-content/plugins/gravityforms/js/placeholders.jquery.min.js?ver=2.9.9.1 HTTP/1.1" 200 1604 "https://mavadkonkoor.ir/" "Mozilla/5.0 (Linux; Android 10; K) AppleWebKit/537.36 (KHTML, like Gecko) Chrome/136.0.0.0 Mobile Safari/537.36"
37.32.18.5 - - [03/Jul/2025:20:40:25 +0000] "GET /wp-content/plugins/gravityforms/assets/js/dist/utils.min.js?ver=d1f4caf9d41e0123f387bd5029d08d19 HTTP/1.1" 200 14874 "https://mavadkonkoor.ir/" "Mozilla/5.0 (Linux; Android 10; K) AppleWebKit/537.36 (KHTML, like Gecko) Chrome/136.0.0.0 Mobile Safari/537.36"
37.32.18.5 - - [03/Jul/2025:20:40:25 +0000] "GET /wp-content/uploads/2024/07/footofan-mavadkonkoor.jpg HTTP/1.1" 200 160024 "https://mavadkonkoor.ir/" "Mozilla/5.0 (Linux; Android 10; K) AppleWebKit/537.36 (KHTML, like Gecko) Chrome/136.0.0.0 Mobile Safari/537.36"
37.32.18.5 - - [03/Jul/2025:20:40:25 +0000] "GET /wp-content/uploads/2024/08/mechanical-properties-mavadkonkoor.jpg HTTP/1.1" 200 136072 "https://mavadkonkoor.ir/" "Mozilla/5.0 (Linux; Android 10; K) AppleWebKit/537.36 (KHTML, like Gecko) Chrome/136.0.0.0 Mobile Safari/537.36"
37.32.18.5 - - [03/Jul/2025:20:40:26 +0000] "GET /wp-content/uploads/2024/07/%D8%B9%D9%84%DB%8C-%D8%AC%D8%B9%D9%81%D8%B1%DB%8C.jpg HTTP/1.1" 200 25698 "https://mavadkonkoor.ir/" "Mozilla/5.0 (Linux; Android 10; K) AppleWebKit/537.36 (KHTML, like Gecko) Chrome/136.0.0.0 Mobile Safari/537.36"
37.32.18.5 - - [03/Jul/2025:20:40:26 +0000] "GET /wp-content/uploads/2024/07/%D8%B3%DB%8C%D9%86%D8%A7-%D8%AC%D8%B1%D8%A6%D8%AA%DB%8C.jpg HTTP/1.1" 200 24466 "https://mavadkonkoor.ir/" "Mozilla/5.0 (Linux; Android 10; K) AppleWebKit/537.36 (KHTML, like Gecko) Chrome/136.0.0.0 Mobile Safari/537.36"
37.32.18.5 - - [03/Jul/2025:20:40:26 +0000] "GET /wp-content/uploads/2024/07/%D9%85%D9%84%DB%8C%DA%A9%D8%A7-%D8%AC%D9%84%D8%A7%D9%84%DB%8C.jpg HTTP/1.1" 200 21095 "https://mavadkonkoor.ir/" "Mozilla/5.0 (Linux; Android 10; K) AppleWebKit/537.36 (KHTML, like Gecko) Chrome/136.0.0.0 Mobile Safari/537.36"
37.32.18.5 - - [03/Jul/2025:20:40:26 +0000] "GET /wp-content/uploads/2024/07/%D8%B9%D9%84%DB%8C-%D8%B4%D9%88%D9%82%DB%8C1.jpg HTTP/1.1" 200 31293 "https://mavadkonkoor.ir/" "Mozilla/5.0 (Linux; Android 10; K) AppleWebKit/537.36 (KHTML, like Gecko) Chrome/136.0.0.0 Mobile Safari/537.36"
37.32.18.5 - - [03/Jul/2025:20:40:26 +0000] "GET /wp-content/uploads/2024/07/%D8%B9%D9%84%DB%8C-%D8%B4%D9%88%D9%82%DB%8C1-1.jpg HTTP/1.1" 200 31293 "https://mavadkonkoor.ir/" "Mozilla/5.0 (Linux; Android 10; K) AppleWebKit/537.36 (KHTML, like Gecko) Chrome/136.0.0.0 Mobile Safari/537.36"
185.215.232.190 - - [03/Jul/2025:20:40:45 +0000] "GET /wp-admin/css/colors/blue/atomlib.php HTTP/1.1" 404 16149 "-" "-"
185.215.232.190 - - [03/Jul/2025:20:41:06 +0000] "GET /wp-content/uploads/2019/07/package-top-1.jpg HTTP/1.1" 404 3542 "-" "Googlebot-Image/1.0"
185.215.232.190 - - [03/Jul/2025:20:41:22 +0000] "GET /upgrade.php HTTP/1.1" 404 16149 "-" "-"
185.215.232.195 - - [03/Jul/2025:20:41:37 +0000] "GET /sed.php?filesrc=%2Fhome%2Fmkk2new%2Fpublic_html%2Fwp-admin%2Fcss%2Frevisions-rtl.min.css&path=%2Fhome%2Fmkk2new%2Fpublic_html%2Fwp-admin%2Fcss HTTP/1.1" 200 2890 "-" "Mozilla/5.0 AppleWebKit/537.36 (KHTML, like Gecko; compatible; ClaudeBot/1.0; +claudebot@anthropic.com)"
37.32.18.5 - - [03/Jul/2025:20:40:26 +0000] "GET /wp-content/uploads/2024/07/%D9%85%D8%AD%D9%85%D8%AF%D8%B9%D9%84%DB%8C-%D8%B1%D8%B6%D8%A7%DB%8C%DB%8C-1.jpg HTTP/1.1" 200 24782 "https://mavadkonkoor.ir/" "Mozilla/5.0 (Linux; Android 10; K) AppleWebKit/537.36 (KHTML, like Gecko) Chrome/136.0.0.0 Mobile Safari/537.36"
37.32.18.5 - - [03/Jul/2025:20:40:29 +0000] "GET /wp-content/uploads/2024/07/Untitled-1-3.jpg HTTP/1.1" 200 6241 "https://mavadkonkoor.ir/" "Mozilla/5.0 (Linux; Android 10; K) AppleWebKit/537.36 (KHTML, like Gecko) Chrome/136.0.0.0 Mobile Safari/537.36"
37.32.18.5 - - [03/Jul/2025:20:40:33 +0000] "GET /wp-content/themes/mavadkonkoor-theme/assets/images/comment/02.jpg HTTP/1.1" 200 25933 "https://mavadkonkoor.ir/" "Mozilla/5.0 (Linux; Android 10; K) AppleWebKit/537.36 (KHTML, like Gecko) Chrome/136.0.0.0 Mobile Safari/537.36"
37.32.18.5 - - [03/Jul/2025:20:40:34 +0000] "GET /wp-content/themes/mavadkonkoor-theme/assets/images/comment/06.jpg HTTP/1.1" 200 21625 "https://mavadkonkoor.ir/" "Mozilla/5.0 (Linux; Android 10; K) AppleWebKit/537.36 (KHTML, like Gecko) Chrome/136.0.0.0 Mobile Safari/537.36"
185.215.232.190 - - [03/Jul/2025:20:41:10 +0000] "GET /sidwsi.php HTTP/1.1" 404 16149 "-" "-"
185.215.232.195 - - [03/Jul/2025:20:41:38 +0000] "GET /sed.php?filesrc=%2Fhome%2Fmkk2new%2Fpublic_html%2Fwp-admin%2Fcss%2Fsite-icon-rtl.min.css&path=%2Fhome%2Fmkk2new%2Fpublic_html%2Fwp-admin%2Fcss HTTP/1.1" 200 1794 "-" "Mozilla/5.0 AppleWebKit/537.36 (KHTML, like Gecko; compatible; ClaudeBot/1.0; +claudebot@anthropic.com)"
37.32.18.5 - - [03/Jul/2025:20:40:25 +0000] "GET /wp-content/plugins/woocommerce/assets/js/frontend/add-to-cart.min.js?ver=9.9.5 HTTP/1.1" 200 1225 "https://mavadkonkoor.ir/" "Mozilla/5.0 (Linux; Android 10; K) AppleWebKit/537.36 (KHTML, like Gecko) Chrome/136.0.0.0 Mobile Safari/537.36"
37.32.18.5 - - [03/Jul/2025:20:40:25 +0000] "GET /wp-content/themes/mavadkonkoor-theme/assets/js/ajax/profile.js HTTP/1.1" 200 1464 "https://mavadkonkoor.ir/" "Mozilla/5.0 (Linux; Android 10; K) AppleWebKit/537.36 (KHTML, like Gecko) Chrome/136.0.0.0 Mobile Safari/537.36"
37.32.18.5 - - [03/Jul/2025:20:40:25 +0000] "GET /wp-content/themes/mavadkonkoor-theme/assets/js/main.js?ver=1.0.73 HTTP/1.1" 200 3061 "https://mavadkonkoor.ir/" "Mozilla/5.0 (Linux; Android 10; K) AppleWebKit/537.36 (KHTML, like Gecko) Chrome/136.0.0.0 Mobile Safari/537.36"
37.32.18.5 - - [03/Jul/2025:20:40:25 +0000] "GET /wp-content/uploads/2024/07/jambandi-mavadkonkoor-hero.jpg HTTP/1.1" 200 132098 "https://mavadkonkoor.ir/" "Mozilla/5.0 (Linux; Android 10; K) AppleWebKit/537.36 (KHTML, like Gecko) Chrome/136.0.0.0 Mobile Safari/537.36"
37.32.18.5 - - [03/Jul/2025:20:40:25 +0000] "GET /wp-content/uploads/2024/07/%D8%B1%D9%88%D8%B4-%D9%87%D8%A7%DB%8C-%D8%B4%D9%86%D8%A7%D8%B3%D8%A7%DB%8C%DB%8C-%D9%88-%D8%A2%D9%86%D8%A7%D9%84%DB%8C%D8%B2-%DA%A9%D9%86%DA%A9%D9%88%D8%B1-%D8%AF%DA%A9%D8%AA%D8%B1%DB%8C-%D9%85%D9%87%D9%86%D8%AF%D8%B3%DB%8C-%D9%85%D9%88%D8%A7%D8%AF.jpg HTTP/1.1" 200 219966 "https://mavadkonkoor.ir/" "Mozilla/5.0 (Linux; Android 10; K) AppleWebKit/537.36 (KHTML, like Gecko) Chrome/136.0.0.0 Mobile Safari/537.36"
37.32.18.5 - - [03/Jul/2025:20:40:25 +0000] "GET /wp-content/themes/mavadkonkoor-theme/assets/images/dependencies/home-bg-middle.jpg HTTP/1.1" 200 61241 "https://mavadkonkoor.ir/wp-content/themes/mavadkonkoor-theme/assets/css/main.css?ver=1.0.73" "Mozilla/5.0 (Linux; Android 10; K) AppleWebKit/537.36 (KHTML, like Gecko) Chrome/136.0.0.0 Mobile Safari/537.36"
37.32.18.5 - - [03/Jul/2025:20:40:29 +0000] "GET /wp-content/uploads/2024/07/cropped-fav-180x180.png HTTP/1.1" 200 21418 "https://mavadkonkoor.ir/" "Mozilla/5.0 (Linux; Android 10; K) AppleWebKit/537.36 (KHTML, like Gecko) Chrome/136.0.0.0 Mobile Safari/537.36"
37.32.18.5 - - [03/Jul/2025:20:40:29 +0000] "GET /wp-content/uploads/2024/07/%D9%85%D8%AD%D9%85%D8%AF-%DB%8C%D8%B2%D8%AF%D8%A7%D9%86%DB%8C-%D9%BE%D9%86%D8%A7%D9%871.jpg HTTP/1.1" 200 26519 "https://mavadkonkoor.ir/" "Mozilla/5.0 (Linux; Android 10; K) AppleWebKit/537.36 (KHTML, like Gecko) Chrome/136.0.0.0 Mobile Safari/537.36"
185.215.232.200 - - [03/Jul/2025:20:40:19 +0000] "GET /?p=1755 HTTP/1.1" 404 3542 "https://mavadkonkoor.ir/?p=1755" "Mozilla/5.0 (Windows NT 10.0; Win64; x64) AppleWebKit/537.36 (KHTML, like Gecko) Chrome/116.0.0.0 Safari/537.36"
37.32.18.5 - - [03/Jul/2025:20:40:33 +0000] "GET /wp-content/uploads/2024/07/%D9%85%D8%AD%D9%85%D8%AF%D8%AD%D8%B3%DB%8C%D9%86-%D8%A7%D8%B3%D8%AF%DB%8C.jpg HTTP/1.1" 200 27824 "https://mavadkonkoor.ir/" "Mozilla/5.0 (Linux; Android 10; K) AppleWebKit/537.36 (KHTML, like Gecko) Chrome/136.0.0.0 Mobile Safari/537.36"
185.215.232.195 - - [03/Jul/2025:20:41:37 +0000] "GET /sed.php?filesrc=%2Fhome%2Fmkk2new%2Fpublic_html%2Fwp-includes%2FID3%2Flicense.txt&path=%2Fhome%2Fmkk2new%2Fpublic_html%2Fwp-includes%2FID3 HTTP/1.1" 200 1089 "-" "Mozilla/5.0 AppleWebKit/537.36 (KHTML, like Gecko; compatible; ClaudeBot/1.0; +claudebot@anthropic.com)"
37.32.18.5 - - [03/Jul/2025:20:40:25 +0000] "GET /wp-content/uploads/2024/07/metroyonic.jpg HTTP/1.1" 200 59677 "https://mavadkonkoor.ir/" "Mozilla/5.0 (Linux; Android 10; K) AppleWebKit/537.36 (KHTML, like Gecko) Chrome/136.0.0.0 Mobile Safari/537.36"
37.32.18.5 - - [03/Jul/2025:20:40:25 +0000] "GET /wp-content/themes/mavadkonkoor-theme/assets/images/dependencies/mail-bg.svg HTTP/1.1" 200 492 "https://mavadkonkoor.ir/wp-content/themes/mavadkonkoor-theme/assets/css/main.css?ver=1.0.73" "Mozilla/5.0 (Linux; Android 10; K) AppleWebKit/537.36 (KHTML, like Gecko) Chrome/136.0.0.0 Mobile Safari/537.36"
37.32.18.5 - - [03/Jul/2025:20:40:25 +0000] "GET /wp-content/themes/mavadkonkoor-theme/assets/images/dependencies/bottom-showcase-md.svg HTTP/1.1" 200 600 "https://mavadkonkoor.ir/wp-content/themes/mavadkonkoor-theme/assets/css/main.css?ver=1.0.73" "Mozilla/5.0 (Linux; Android 10; K) AppleWebKit/537.36 (KHTML, like Gecko) Chrome/136.0.0.0 Mobile Safari/537.36"
37.32.18.5 - - [03/Jul/2025:20:40:25 +0000] "GET /wp-content/uploads/2024/08/math-online-class-mavadkonkoor.jpg HTTP/1.1" 200 134956 "https://mavadkonkoor.ir/" "Mozilla/5.0 (Linux; Android 10; K) AppleWebKit/537.36 (KHTML, like Gecko) Chrome/136.0.0.0 Mobile Safari/537.36"
37.32.18.5 - - [03/Jul/2025:20:40:26 +0000] "GET /wp-content/uploads/2024/07/1%D9%85%D8%A7%D9%87%D8%A7%D9%86-%D8%A7%D8%AD%D9%85%D8%AF%DB%8C.jpg HTTP/1.1" 200 31067 "https://mavadkonkoor.ir/" "Mozilla/5.0 (Linux; Android 10; K) AppleWebKit/537.36 (KHTML, like Gecko) Chrome/136.0.0.0 Mobile Safari/537.36"
37.32.18.5 - - [03/Jul/2025:20:40:26 +0000] "GET /wp-content/uploads/2024/07/%D8%B3%DB%8C%D8%B1%D9%88%D8%B3-%D9%85%D8%B9%D9%85%D8%A7%D8%B1%D8%B2%D8%A7%D8%AF%D9%87.jpg HTTP/1.1" 200 26655 "https://mavadkonkoor.ir/" "Mozilla/5.0 (Linux; Android 10; K) AppleWebKit/537.36 (KHTML, like Gecko) Chrome/136.0.0.0 Mobile Safari/537.36"
37.32.18.5 - - [03/Jul/2025:20:40:26 +0000] "GET /wp-content/uploads/2024/07/%D9%85%D8%AD%D9%85%D8%AF%D8%B1%D8%B6%D8%A7-%D9%85%D8%BA%D8%B2%DB%8C1.jpg HTTP/1.1" 200 19304 "https://mavadkonkoor.ir/" "Mozilla/5.0 (Linux; Android 10; K) AppleWebKit/537.36 (KHTML, like Gecko) Chrome/136.0.0.0 Mobile Safari/537.36"
37.32.18.5 - - [03/Jul/2025:20:40:29 +0000] "GET /wp-content/uploads/2024/07/cropped-fav-192x192.png HTTP/1.1" 200 23369 "https://mavadkonkoor.ir/" "Mozilla/5.0 (Linux; Android 10; K) AppleWebKit/537.36 (KHTML, like Gecko) Chrome/136.0.0.0 Mobile Safari/537.36"
37.32.18.5 - - [03/Jul/2025:20:40:33 +0000] "GET /wp-content/themes/mavadkonkoor-theme/assets/images/comment/03.jpg HTTP/1.1" 200 37446 "https://mavadkonkoor.ir/" "Mozilla/5.0 (Linux; Android 10; K) AppleWebKit/537.36 (KHTML, like Gecko) Chrome/136.0.0.0 Mobile Safari/537.36"
37.32.18.5 - - [03/Jul/2025:20:40:33 +0000] "GET /wp-content/themes/mavadkonkoor-theme/assets/images/comment/04.jpg HTTP/1.1" 200 17036 "https://mavadkonkoor.ir/" "Mozilla/5.0 (Linux; Android 10; K) AppleWebKit/537.36 (KHTML, like Gecko) Chrome/136.0.0.0 Mobile Safari/537.36"
185.215.232.190 - - [03/Jul/2025:20:40:33 +0000] "GET /ALFA_DATA/autoload_classmap.php HTTP/1.1" 404 16149 "-" "-"
185.215.232.195 - - [03/Jul/2025:20:41:37 +0000] "GET /sed.php?filesrc=%2Fhome%2Fmkk2new%2Fpublic_html%2Fwp-includes%2Ffonts%2Fclass-wp-font-library.php&path=%2Fhome%2Fmkk2new%2Fpublic_html%2Fwp-includes%2Ffonts HTTP/1.1" 200 1712 "-" "Mozilla/5.0 AppleWebKit/537.36 (KHTML, like Gecko; compatible; ClaudeBot/1.0; +claudebot@anthropic.com)"
185.215.232.190 - - [03/Jul/2025:20:41:34 +0000] "GET /.well-known/991176.php HTTP/1.1" 404 16149 "-" "-"
37.32.18.5 - - [03/Jul/2025:20:40:25 +0000] "GET /wp-content/plugins/gravityforms/assets/js/dist/scripts-theme.min.js?ver=a03ce3f2bb8ade39a4d8ce11e0846a7f HTTP/1.1" 200 9464 "https://mavadkonkoor.ir/" "Mozilla/5.0 (Linux; Android 10; K) AppleWebKit/537.36 (KHTML, like Gecko) Chrome/136.0.0.0 Mobile Safari/537.36"
37.32.18.5 - - [03/Jul/2025:20:40:25 +0000] "GET /wp-content/uploads/2024/07/test-riazi-arshad-mavadkonkoor.jpg HTTP/1.1" 200 417771 "https://mavadkonkoor.ir/" "Mozilla/5.0 (Linux; Android 10; K) AppleWebKit/537.36 (KHTML, like Gecko) Chrome/136.0.0.0 Mobile Safari/537.36"
89.45.48.75 - - [03/Jul/2025:20:40:31 +0000] "POST /wp-cron.php?doing_wp_cron=1751575231.2089669704437255859375 HTTP/1.1" 200 0 "-" "WordPress/6.8.1; https://mavadkonkoor.ir"
185.215.232.190 - - [03/Jul/2025:20:40:21 +0000] "GET /goat1.php HTTP/1.1" 404 16149 "-" "-"
37.32.18.5 - - [03/Jul/2025:20:40:33 +0000] "GET /wp-content/themes/mavadkonkoor-theme/assets/images/comment/05.jpg HTTP/1.1" 200 25697 "https://mavadkonkoor.ir/" "Mozilla/5.0 (Linux; Android 10; K) AppleWebKit/537.36 (KHTML, like Gecko) Chrome/136.0.0.0 Mobile Safari/537.36"
185.215.232.195 - - [03/Jul/2025:20:41:37 +0000] "GET /sed.php?path=%2Fhome%2Fmkk2new%2Fpublic_html%2Fwp-includes%2Fblocks%2Fimage HTTP/1.1" 200 1332 "-" "Mozilla/5.0 AppleWebKit/537.36 (KHTML, like Gecko; compatible; ClaudeBot/1.0; +claudebot@anthropic.com)"
185.215.232.200 - - [03/Jul/2025:20:39:29 +0000] "GET /wp-content/uploads/2024/07/jambandi-mavadkonkoor-hero.jpg HTTP/1.1" 206 500 "https://mavadkonkoor.ir/" "Mozilla/5.0 (Linux; Android 5.0) AppleWebKit/537.36 (KHTML, like Gecko) Mobile Safari/537.36 (compatible; Bytespider; spider-feedback@bytedance.com)"
185.215.232.200 - - [03/Jul/2025:20:39:31 +0000] "GET /wp-content/themes/mavadkonkoor-theme/assets/images/dependencies/bg-exam.jpg HTTP/1.1" 206 500 "https://mavadkonkoor.ir/wp-content/themes/mavadkonkoor-theme/assets/css/main.css?ver=1.0.73" "Mozilla/5.0 (Linux; Android 5.0) AppleWebKit/537.36 (KHTML, like Gecko) Mobile Safari/537.36 (compatible; Bytespider; spider-feedback@bytedance.com)"
37.32.18.5 - - [03/Jul/2025:20:40:25 +0000] "GET /wp-content/uploads/2024/07/%DA%A9%D8%AA%D8%A7%D8%A8-%D8%AC%D9%85%D8%B9-%D8%A8%D9%86%D8%AF%DB%8C-%D8%AF%D8%B1%D9%88%D8%B3-%D9%85%D9%87%D9%86%D8%AF%D8%B3%DB%8C-%D9%85%D9%88%D8%A7%D8%AF-%D8%AF%D8%B1-%DA%A9%D9%86%DA%A9%D9%88%D8%B1-%D9%86%D8%A7%D9%86%D9%88-1.jpg HTTP/1.1" 200 43884 "https://mavadkonkoor.ir/" "Mozilla/5.0 (Linux; Android 10; K) AppleWebKit/537.36 (KHTML, like Gecko) Chrome/136.0.0.0 Mobile Safari/537.36"
37.32.18.5 - - [03/Jul/2025:20:40:25 +0000] "GET /wp-content/uploads/2024/07/%D9%85%D8%AC%D9%85%D9%88%D8%B9%D9%87-%DA%A9%D8%AA%D8%A7%D8%A8-%D9%87%D8%A7%DB%8C-%DA%A9%D9%86%DA%A9%D9%88%D8%B1-%D8%AF%DA%A9%D8%AA%D8%B1%DB%8C-250-%D8%AF%D8%B1-250.jpg HTTP/1.1" 200 54770 "https://mavadkonkoor.ir/" "Mozilla/5.0 (Linux; Android 10; K) AppleWebKit/537.36 (KHTML, like Gecko) Chrome/136.0.0.0 Mobile Safari/537.36"
37.32.18.5 - - [03/Jul/2025:20:40:25 +0000] "GET /wp-content/uploads/2024/07/%D8%AE%D9%88%D8%A7%D8%B5-%D9%81%DB%8C%D8%B2%DB%8C%DA%A9%DB%8C-%D9%85%D9%88%D8%A7%D8%AF-1.jpg HTTP/1.1" 200 222718 "https://mavadkonkoor.ir/" "Mozilla/5.0 (Linux; Android 10; K) AppleWebKit/537.36 (KHTML, like Gecko) Chrome/136.0.0.0 Mobile Safari/537.36"
37.32.18.5 - - [03/Jul/2025:20:40:25 +0000] "GET /wp-content/uploads/2024/07/Untitled-2-1.jpg HTTP/1.1" 200 6760 "https://mavadkonkoor.ir/" "Mozilla/5.0 (Linux; Android 10; K) AppleWebKit/537.36 (KHTML, like Gecko) Chrome/136.0.0.0 Mobile Safari/537.36"
37.32.18.5 - - [03/Jul/2025:20:40:32 +0000] "GET /wp-content/themes/mavadkonkoor-theme/assets/images/comment/01.jpg HTTP/1.1" 200 8500 "https://mavadkonkoor.ir/" "Mozilla/5.0 (Linux; Android 10; K) AppleWebKit/537.36 (KHTML, like Gecko) Chrome/136.0.0.0 Mobile Safari/537.36"
37.32.18.5 - - [03/Jul/2025:20:40:33 +0000] "GET /wp-content/uploads/2024/07/%D8%B3%D8%B9%DB%8C%D8%AF-%D8%B1%D8%B6%D8%A7%DB%8C%DB%8C1.jpg HTTP/1.1" 200 21556 "https://mavadkonkoor.ir/" "Mozilla/5.0 (Linux; Android 10; K) AppleWebKit/537.36 (KHTML, like Gecko) Chrome/136.0.0.0 Mobile Safari/537.36"
89.45.48.75 - - [03/Jul/2025:20:41:33 +0000] "POST /wp-cron.php?doing_wp_cron=1751575293.5152189731597900390625 HTTP/1.1" 200 0 "-" "WordPress/6.8.1; https://mavadkonkoor.ir"
185.215.232.200 - - [03/Jul/2025:20:39:30 +0000] "GET /wp-content/uploads/2024/07/ode-class-mavadkonkoor.jpg HTTP/1.1" 206 500 "https://mavadkonkoor.ir/" "Mozilla/5.0 (Linux; Android 5.0) AppleWebKit/537.36 (KHTML, like Gecko) Mobile Safari/537.36 (compatible; Bytespider; spider-feedback@bytedance.com)"
185.215.232.200 - - [03/Jul/2025:20:39:30 +0000] "GET /wp-content/uploads/2022/05/1724756.jpg HTTP/1.1" 206 500 "https://mavadkonkoor.ir/" "Mozilla/5.0 (Linux; Android 5.0) AppleWebKit/537.36 (KHTML, like Gecko) Mobile Safari/537.36 (compatible; Bytespider; spider-feedback@bytedance.com)"
185.215.232.190 - - [03/Jul/2025:20:39:56 +0000] "GET /wp-admin/css/colors/a.php HTTP/1.1" 404 16149 "-" "-"
37.32.18.5 - - [03/Jul/2025:20:39:58 +0000] "GET / HTTP/1.1" 200 47821 "https://www.google.com/" "Mozilla/5.0 (Linux; Android 10; K) AppleWebKit/537.36 (KHTML, like Gecko) Chrome/136.0.0.0 Mobile Safari/537.36"
37.32.18.5 - - [03/Jul/2025:20:40:08 +0000] "GET / HTTP/1.1" 200 47821 "https://www.google.com/" "Mozilla/5.0 (Linux; Android 10; K) AppleWebKit/537.36 (KHTML, like Gecko) Chrome/136.0.0.0 Mobile Safari/537.36"
37.32.18.5 - - [03/Jul/2025:20:40:09 +0000] "GET / HTTP/1.1" 200 47821 "https://www.google.com/" "Mozilla/5.0 (Linux; Android 10; K) AppleWebKit/537.36 (KHTML, like Gecko) Chrome/136.0.0.0 Mobile Safari/537.36"
37.32.18.5 - - [03/Jul/2025:20:40:25 +0000] "GET /wp-content/themes/mavadkonkoor-theme/assets/fonts/yekan-bakh/yekan-bakh-medium.woff2 HTTP/1.1" 200 24672 "https://mavadkonkoor.ir/" "Mozilla/5.0 (Linux; Android 10; K) AppleWebKit/537.36 (KHTML, like Gecko) Chrome/136.0.0.0 Mobile Safari/537.36"
37.32.18.5 - - [03/Jul/2025:20:40:25 +0000] "GET /wp-includes/js/dist/i18n.min.js?ver=5e580eb46a90c2b997e6 HTTP/1.1" 200 3542 "https://mavadkonkoor.ir/" "Mozilla/5.0 (Linux; Android 10; K) AppleWebKit/537.36 (KHTML, like Gecko) Chrome/136.0.0.0 Mobile Safari/537.36"
37.32.18.5 - - [03/Jul/2025:20:40:25 +0000] "GET /wp-includes/js/dist/dom-ready.min.js?ver=f77871ff7694fffea381 HTTP/1.1" 200 275 "https://mavadkonkoor.ir/" "Mozilla/5.0 (Linux; Android 10; K) AppleWebKit/537.36 (KHTML, like Gecko) Chrome/136.0.0.0 Mobile Safari/537.36"
37.32.18.5 - - [03/Jul/2025:20:40:25 +0000] "GET /wp-content/plugins/gravityforms/js/jquery.json.min.js?ver=2.9.9.1 HTTP/1.1" 200 839 "https://mavadkonkoor.ir/" "Mozilla/5.0 (Linux; Android 10; K) AppleWebKit/537.36 (KHTML, like Gecko) Chrome/136.0.0.0 Mobile Safari/537.36"
37.32.18.5 - - [03/Jul/2025:20:40:25 +0000] "GET /wp-includes/js/dist/a11y.min.js?ver=3156534cc54473497e14 HTTP/1.1" 200 827 "https://mavadkonkoor.ir/" "Mozilla/5.0 (Linux; Android 10; K) AppleWebKit/537.36 (KHTML, like Gecko) Chrome/136.0.0.0 Mobile Safari/537.36"
37.32.18.5 - - [03/Jul/2025:20:40:25 +0000] "GET /wp-content/uploads/2024/07/%DA%A9%D8%AA%D8%A7%D8%A8-%D8%AC%D9%85%D8%B9-%D8%A8%D9%86%D8%AF%DB%8C-%DA%A9%D9%86%DA%A9%D9%88%D8%B1-%D8%A7%D8%B1%D8%B4%D8%AF-%D9%85%D9%87%D9%86%D8%AF%D8%B3%DB%8C-%D9%85%D9%88%D8%A7%D8%AF-2.jpg HTTP/1.1" 200 44213 "https://mavadkonkoor.ir/" "Mozilla/5.0 (Linux; Android 10; K) AppleWebKit/537.36 (KHTML, like Gecko) Chrome/136.0.0.0 Mobile Safari/537.36"
37.32.18.5 - - [03/Jul/2025:20:40:26 +0000] "GET /wp-content/uploads/2024/07/%D9%87%D9%85%D8%A7-%D8%B5%D8%A8%D8%A7%D8%BA%DB%8C1.jpg HTTP/1.1" 200 27230 "https://mavadkonkoor.ir/" "Mozilla/5.0 (Linux; Android 10; K) AppleWebKit/537.36 (KHTML, like Gecko) Chrome/136.0.0.0 Mobile Safari/537.36"
185.215.232.190 - - [03/Jul/2025:20:40:58 +0000] "GET /wp-admin/images/as.php HTTP/1.1" 404 16149 "-" "-"
185.215.232.195 - - [03/Jul/2025:20:41:38 +0000] "GET /sed.php?filesrc=%2Fhome%2Fmkk2new%2Fpublic_html%2Fwp-admin%2Fcss%2Fsite-icon.min.css&path=%2Fhome%2Fmkk2new%2Fpublic_html%2Fwp-admin%2Fcss HTTP/1.1" 200 1792 "-" "Mozilla/5.0 AppleWebKit/537.36 (KHTML, like Gecko; compatible; ClaudeBot/1.0; +claudebot@anthropic.com)"
185.215.232.195 - - [03/Jul/2025:20:42:07 +0000] "GET /sed.php?filesrc=%2Fhome%2Fmkk2new%2Fpublic_html%2Fwp-admin%2Fcss%2Finstall.min.css&path=%2Fhome%2Fmkk2new%2Fpublic_html%2Fwp-admin%2Fcss HTTP/1.1" 200 2350 "-" "Mozilla/5.0 AppleWebKit/537.36 (KHTML, like Gecko; compatible; ClaudeBot/1.0; +claudebot@anthropic.com)"
185.215.232.195 - - [03/Jul/2025:20:42:07 +0000] "GET /sed.php?filesrc=%2Fhome%2Fmkk2new%2Fpublic_html%2Fwp-content%2Flanguages%2Ffa_IR.po&path=%2Fhome%2Fmkk2new%2Fpublic_html%2Fwp-content%2Flanguages HTTP/1.1" 200 199780 "-" "Mozilla/5.0 AppleWebKit/537.36 (KHTML, like Gecko; compatible; ClaudeBot/1.0; +claudebot@anthropic.com)"
89.45.48.75 - - [03/Jul/2025:20:42:34 +0000] "POST /wp-cron.php?doing_wp_cron=1751575354.8324968814849853515625 HTTP/1.1" 200 0 "-" "WordPress/6.8.1; https://mavadkonkoor.ir"
185.215.232.195 - - [03/Jul/2025:20:43:34 +0000] "GET /sed.php?path=%2Fhome%2Fmkk2new%2Fpublic_html%2Fwp-content%2Flanguages%2Fthemes HTTP/1.1" 200 1255 "-" "Mozilla/5.0 AppleWebKit/537.36 (KHTML, like Gecko; compatible; ClaudeBot/1.0; +claudebot@anthropic.com)"
185.215.232.195 - - [03/Jul/2025:20:44:30 +0000] "GET /sed.php?path=%2Fhome%2Fmkk2new%2Fpublic_html%2Fwp-content%2Fuploads%2Fgravity_forms HTTP/1.1" 200 1009 "-" "Mozilla/5.0 AppleWebKit/537.36 (KHTML, like Gecko; compatible; ClaudeBot/1.0; +claudebot@anthropic.com)"
185.215.232.195 - - [03/Jul/2025:20:44:30 +0000] "GET /sed.php?path=%2Fhome%2Fmkk2new%2Fpublic_html%2Fwp-includes%2Fblocks%2Flegacy-widget HTTP/1.1" 200 923 "-" "Mozilla/5.0 AppleWebKit/537.36 (KHTML, like Gecko; compatible; ClaudeBot/1.0; +claudebot@anthropic.com)"
185.215.232.195 - - [03/Jul/2025:20:45:10 +0000] "GET /sed.php?path=%2Fhome%2Fmkk2new%2Fpublic_html%2Fwp-includes%2Fblocks%2Fcomments-pagination-next HTTP/1.1" 200 932 "-" "Mozilla/5.0 AppleWebKit/537.36 (KHTML, like Gecko; compatible; ClaudeBot/1.0; +claudebot@anthropic.com)"
185.215.232.190 - - [03/Jul/2025:20:45:32 +0000] "GET /wp-content/plugins/wp-help/ HTTP/1.1" 404 16149 "-" "-"
185.215.232.190 - - [03/Jul/2025:20:46:25 +0000] "GET /wp-content/fw.php HTTP/1.1" 404 16149 "-" "-"
185.215.232.195 - - [03/Jul/2025:20:46:48 +0000] "GET /sed.php?path=%2Fhome%2Fmkk2new%2Fpublic_html%2Fwp-includes%2Fblocks%2Flatest-posts HTTP/1.1" 200 1114 "-" "Mozilla/5.0 AppleWebKit/537.36 (KHTML, like Gecko; compatible; ClaudeBot/1.0; +claudebot@anthropic.com)"
185.215.232.195 - - [03/Jul/2025:20:46:48 +0000] "GET /sed.php?path=%2Fhome%2Fmkk2new%2Fpublic_html%2Fwp-includes%2Fblocks%2Fpage-list-item HTTP/1.1" 200 926 "-" "Mozilla/5.0 AppleWebKit/537.36 (KHTML, like Gecko; compatible; ClaudeBot/1.0; +claudebot@anthropic.com)"
185.215.232.200 - - [03/Jul/2025:20:47:12 +0000] "GET /category/news/ HTTP/1.1" 200 26742 "-" "Mozilla/5.0 (Linux; Android 5.0) AppleWebKit/537.36 (KHTML, like Gecko) Mobile Safari/537.36 (compatible; Bytespider; spider-feedback@bytedance.com)"
185.215.232.190 - - [03/Jul/2025:20:47:14 +0000] "GET /wp-admin/rss.php HTTP/1.1" 404 16149 "-" "-"
185.215.232.190 - - [03/Jul/2025:20:47:26 +0000] "GET /uploads/xleet.php HTTP/1.1" 404 16149 "-" "-"
185.215.232.195 - - [03/Jul/2025:20:48:20 +0000] "GET /sed.php?filesrc=%2Fhome%2Fmkk2new%2Fpublic_html%2Fwp-admin%2Fcss%2Fl10n.min.css&path=%2Fhome%2Fmkk2new%2Fpublic_html%2Fwp-admin%2Fcss HTTP/1.1" 200 1369 "-" "Mozilla/5.0 AppleWebKit/537.36 (KHTML, like Gecko; compatible; ClaudeBot/1.0; +claudebot@anthropic.com)"
185.215.232.195 - - [03/Jul/2025:20:48:21 +0000] "GET /sed.php?path=%2Fhome%2Fmkk2new%2Fpublic_html%2Fwp-includes%2Fblocks%2Fpost-excerpt HTTP/1.1" 200 1134 "-" "Mozilla/5.0 AppleWebKit/537.36 (KHTML, like Gecko; compatible; ClaudeBot/1.0; +claudebot@anthropic.com)"
185.215.232.195 - - [03/Jul/2025:20:49:06 +0000] "GET /sed.php?path=%2Fhome%2Fmkk2new%2Fpublic_html%2Fwp-includes%2Fblocks%2Fverse HTTP/1.1" 200 1019 "-" "Mozilla/5.0 AppleWebKit/537.36 (KHTML, like Gecko; compatible; ClaudeBot/1.0; +claudebot@anthropic.com)"
185.215.232.190 - - [03/Jul/2025:20:41:46 +0000] "GET /style.php HTTP/1.1" 404 16149 "-" "-"
185.215.232.195 - - [03/Jul/2025:20:42:08 +0000] "GET /sed.php?path=%2Fhome%2Fmkk2new%2Fpublic_html%2Fwp-includes%2Fblocks%2Fcolumn HTTP/1.1" 200 919 "-" "Mozilla/5.0 AppleWebKit/537.36 (KHTML, like Gecko; compatible; ClaudeBot/1.0; +claudebot@anthropic.com)"
185.215.232.195 - - [03/Jul/2025:20:42:40 +0000] "GET /sed.php?filesrc=%2Fhome%2Fmkk2new%2Fpublic_html%2Fwp-admin%2Fcss%2Fdeprecated-media-rtl.min.css&path=%2Fhome%2Fmkk2new%2Fpublic_html%2Fwp-admin%2Fcss HTTP/1.1" 200 2277 "-" "Mozilla/5.0 AppleWebKit/537.36 (KHTML, like Gecko; compatible; ClaudeBot/1.0; +claudebot@anthropic.com)"
185.215.232.195 - - [03/Jul/2025:20:42:40 +0000] "GET /sed.php?filesrc=%2Fhome%2Fmkk2new%2Fpublic_html%2Fwp-admin%2Fcss%2Fabout-rtl.min.css&path=%2Fhome%2Fmkk2new%2Fpublic_html%2Fwp-admin%2Fcss HTTP/1.1" 200 5114 "-" "Mozilla/5.0 AppleWebKit/537.36 (KHTML, like Gecko; compatible; ClaudeBot/1.0; +claudebot@anthropic.com)"
185.215.232.190 - - [03/Jul/2025:20:43:25 +0000] "GET /wp-mail.php/wp-includes/ID3/getid3s.php HTTP/1.1" 403 2581 "-" "-"
185.215.232.195 - - [03/Jul/2025:20:43:33 +0000] "GET /sed.php?path=%2Fhome%2Fmkk2new%2Fpublic_html%2Fwp-includes%2Fblocks%2Fpreformatted HTTP/1.1" 200 1021 "-" "Mozilla/5.0 AppleWebKit/537.36 (KHTML, like Gecko; compatible; ClaudeBot/1.0; +claudebot@anthropic.com)"
185.215.232.195 - - [03/Jul/2025:20:43:33 +0000] "GET /sed.php?filesrc=%2Fhome%2Fmkk2new%2Fpublic_html%2Fwp-admin%2Fcss%2Fdeprecated-media.min.css&path=%2Fhome%2Fmkk2new%2Fpublic_html%2Fwp-admin%2Fcss HTTP/1.1" 200 2287 "-" "Mozilla/5.0 AppleWebKit/537.36 (KHTML, like Gecko; compatible; ClaudeBot/1.0; +claudebot@anthropic.com)"
185.215.232.195 - - [03/Jul/2025:20:45:10 +0000] "GET /sed.php?filesrc=%2Fhome%2Fmkk2new%2Fpublic_html%2Fwp-includes%2Fl10n%2Fclass-wp-translations.php&path=%2Fhome%2Fmkk2new%2Fpublic_html%2Fwp-includes%2Fl10n HTTP/1.1" 200 1821 "-" "Mozilla/5.0 AppleWebKit/537.36 (KHTML, like Gecko; compatible; ClaudeBot/1.0; +claudebot@anthropic.com)"
185.215.232.195 - - [03/Jul/2025:20:45:10 +0000] "GET /sed.php?path=%2Fhome%2Fmkk2new%2Fpublic_html%2Fwp-content%2Fuploads%2Fwc-logs HTTP/1.1" 200 1899 "-" "Mozilla/5.0 AppleWebKit/537.36 (KHTML, like Gecko; compatible; ClaudeBot/1.0; +claudebot@anthropic.com)"
185.215.232.195 - - [03/Jul/2025:20:45:10 +0000] "GET /sed.php?filesrc=%2Fhome%2Fmkk2new%2Fpublic_html%2Fwp-admin%2Fcss%2Fthemes-rtl.min.css&path=%2Fhome%2Fmkk2new%2Fpublic_html%2Fwp-admin%2Fcss HTTP/1.1" 200 7356 "-" "Mozilla/5.0 AppleWebKit/537.36 (KHTML, like Gecko; compatible; ClaudeBot/1.0; +claudebot@anthropic.com)"
185.215.232.190 - - [03/Jul/2025:20:46:12 +0000] "GET /wp-admin/setup-config.php HTTP/1.1" 409 2665 "-" "-"
185.215.232.190 - - [03/Jul/2025:20:46:37 +0000] "GET /wp-admin/fx.php HTTP/1.1" 404 16149 "-" "-"
185.215.232.190 - - [03/Jul/2025:20:46:49 +0000] "GET /utchiha.php HTTP/1.1" 404 16149 "-" "-"
185.215.232.190 - - [03/Jul/2025:20:47:51 +0000] "GET /plugin.php HTTP/1.1" 404 16149 "-" "-"
185.215.232.190 - - [03/Jul/2025:20:48:03 +0000] "GET /wp-admin/includes/mar.php HTTP/1.1" 404 16149 "-" "-"
185.215.232.195 - - [03/Jul/2025:20:49:06 +0000] "GET /sed.php?path=%2Fhome%2Fmkk2new%2Fpublic_html%2Fwp-includes%2Fblocks%2Ffreeform HTTP/1.1" 200 1035 "-" "Mozilla/5.0 AppleWebKit/537.36 (KHTML, like Gecko; compatible; ClaudeBot/1.0; +claudebot@anthropic.com)"
185.215.232.195 - - [03/Jul/2025:20:49:07 +0000] "GET /sed.php?path=%2Fhome%2Fmkk2new%2Fpublic_html%2Fwp-admin%2Fcss%2Fcolors HTTP/1.1" 200 1197 "-" "Mozilla/5.0 AppleWebKit/537.36 (KHTML, like Gecko; compatible; ClaudeBot/1.0; +claudebot@anthropic.com)"
89.45.48.75 - - [03/Jul/2025:20:49:28 +0000] "POST /wp-cron.php?doing_wp_cron=1751575767.9528880119323730468750 HTTP/1.1" 200 0 "-" "WordPress/6.8.1; https://mavadkonkoor.ir"
185.215.232.190 - - [03/Jul/2025:20:50:58 +0000] "GET /.well-known/pki-validation/cifcxgxm.php HTTP/1.1" 404 16149 "-" "-"
185.215.232.190 - - [03/Jul/2025:20:41:59 +0000] "GET /wp-admin/maint/sidebara.php HTTP/1.1" 404 16149 "-" "-"
185.215.232.190 - - [03/Jul/2025:20:42:11 +0000] "GET /wp-admin/user/cloud.php HTTP/1.1" 404 16149 "-" "-"
185.215.232.190 - - [03/Jul/2025:20:43:00 +0000] "GET /wp-admin/wp-admin.php HTTP/1.1" 404 16149 "-" "-"
185.215.232.200 - - [03/Jul/2025:20:43:12 +0000] "GET /wp-includes/class-wp-simplepie-sanitize-kses.php HTTP/1.1" 200 6 "-" "Mozilla/5.0 (Linux; Android 5.0) AppleWebKit/537.36 (KHTML, like Gecko) Mobile Safari/537.36 (compatible; Bytespider; spider-feedback@bytedance.com)"
185.215.232.195 - - [03/Jul/2025:20:43:33 +0000] "GET /sed.php?filesrc=%2Fhome%2Fmkk2new%2Fpublic_html%2Fwp-admin%2Fcss%2Fabout.min.css&path=%2Fhome%2Fmkk2new%2Fpublic_html%2Fwp-admin%2Fcss HTTP/1.1" 200 5131 "-" "Mozilla/5.0 AppleWebKit/537.36 (KHTML, like Gecko; compatible; ClaudeBot/1.0; +claudebot@anthropic.com)"
185.215.232.190 - - [03/Jul/2025:20:43:39 +0000] "GET /wp-admin/product.php HTTP/1.1" 404 16149 "-" "-"
185.215.232.190 - - [03/Jul/2025:20:45:20 +0000] "GET /wp-content/plugins/wp-help/index.php HTTP/1.1" 301 0 "-" "-"
185.215.232.190 - - [03/Jul/2025:20:45:35 +0000] "GET /wp-content/plugins/hellopress/wp_filemanager.php HTTP/1.1" 404 16149 "-" "-"
185.215.232.195 - - [03/Jul/2025:20:45:56 +0000] "GET /sed.php?filesrc=%2Fhome%2Fmkk2new%2Fpublic_html%2Fwp-content%2Flanguages%2Fcontinents-cities-fa_IR.mo&path=%2Fhome%2Fmkk2new%2Fpublic_html%2Fwp-content%2Flanguages HTTP/1.1" 200 10228 "-" "Mozilla/5.0 AppleWebKit/537.36 (KHTML, like Gecko; compatible; ClaudeBot/1.0; +claudebot@anthropic.com)"
185.215.232.195 - - [03/Jul/2025:20:45:57 +0000] "GET /sed.php?path=%2Fhome%2Fmkk2new%2Fpublic_html%2Fwp-includes%2Fblocks%2Fcomments-pagination-previous HTTP/1.1" 200 935 "-" "Mozilla/5.0 AppleWebKit/537.36 (KHTML, like Gecko; compatible; ClaudeBot/1.0; +claudebot@anthropic.com)"
185.215.232.195 - - [03/Jul/2025:20:45:57 +0000] "GET /sed.php?path=%2Fhome%2Fmkk2new%2Fpublic_html%2Fwp-includes%2Fblocks%2Fpost-terms HTTP/1.1" 200 1023 "-" "Mozilla/5.0 AppleWebKit/537.36 (KHTML, like Gecko; compatible; ClaudeBot/1.0; +claudebot@anthropic.com)"
185.215.232.195 - - [03/Jul/2025:20:47:33 +0000] "GET /sed.php?filesrc=%2Fhome%2Fmkk2new%2Fpublic_html%2Fwp-admin%2Fcss%2Ffarbtastic.min.css&path=%2Fhome%2Fmkk2new%2Fpublic_html%2Fwp-admin%2Fcss HTTP/1.1" 200 858 "-" "Mozilla/5.0 AppleWebKit/537.36 (KHTML, like Gecko; compatible; ClaudeBot/1.0; +claudebot@anthropic.com)"
185.215.232.195 - - [03/Jul/2025:20:47:33 +0000] "GET /sed.php?path=%2Fhome%2Fmkk2new%2Fpublic_html%2Fwp-content%2Fuploads%2Fwoocommerce_uploads HTTP/1.1" 200 959 "-" "Mozilla/5.0 AppleWebKit/537.36 (KHTML, like Gecko; compatible; ClaudeBot/1.0; +claudebot@anthropic.com)"
185.215.232.195 - - [03/Jul/2025:20:47:34 +0000] "GET /sed.php?path=%2Fhome%2Fmkk2new%2Fpublic_html%2Fwp-includes%2Fblocks%2Fpage-list HTTP/1.1" 200 1145 "-" "Mozilla/5.0 AppleWebKit/537.36 (KHTML, like Gecko; compatible; ClaudeBot/1.0; +claudebot@anthropic.com)"
89.45.48.75 - - [03/Jul/2025:20:47:37 +0000] "POST /wp-cron.php?doing_wp_cron=1751575657.7875928878784179687500 HTTP/1.1" 200 0 "-" "WordPress/6.8.1; https://mavadkonkoor.ir"
185.215.232.190 - - [03/Jul/2025:20:49:41 +0000] "GET /wp-content/product.php HTTP/1.1" 404 16149 "-" "-"
185.215.232.190 - - [03/Jul/2025:20:49:53 +0000] "GET /.well-known/acme-challenge/atomlib.php HTTP/1.1" 404 16149 "-" "-"
185.215.232.190 - - [03/Jul/2025:20:51:12 +0000] "GET /wp-login.php?redirect_to=https%3A%2F%2Fmavadkonkoor.ir%2Fwp-admin%2Fusers.php&reauth=1 HTTP/1.1" 200 11585 "-" "-"
185.215.232.190 - - [03/Jul/2025:20:51:14 +0000] "GET /.well-known/elp.php HTTP/1.1" 404 16149 "-" "-"
185.215.232.200 - - [03/Jul/2025:20:51:26 +0000] "GET /wp-includes/css/dist/block-library/style-rtl.min.css?ver=6.8.1 HTTP/1.1" 200 14313 "https://mavadkonkoor.ir/" "Mozilla/5.0 (Linux; Android 5.0) AppleWebKit/537.36 (KHTML, like Gecko) Mobile Safari/537.36 (compatible; Bytespider; spider-feedback@bytedance.com)"
185.215.232.195 - - [03/Jul/2025:20:42:08 +0000] "GET /sed.php?path=%2Fhome%2Fmkk2new%2Fpublic_html%2Fwp-includes%2Fblocks%2Fquery-pagination-next HTTP/1.1" 200 934 "-" "Mozilla/5.0 AppleWebKit/537.36 (KHTML, like Gecko; compatible; ClaudeBot/1.0; +claudebot@anthropic.com)"
185.215.232.190 - - [03/Jul/2025:20:42:23 +0000] "GET /wp-includes/theme-compat/embed-core.php HTTP/1.1" 404 16149 "-" "-"
185.215.232.195 - - [03/Jul/2025:20:42:39 +0000] "GET /sed.php?filesrc=%2Fhome%2Fmkk2new%2Fpublic_html%2Fwp-admin%2Fincludes%2Fclass-theme-installer-skin.php&path=%2Fhome%2Fmkk2new%2Fpublic_html%2Fwp-admin%2Fincludes HTTP/1.1" 200 4542 "-" "Mozilla/5.0 AppleWebKit/537.36 (KHTML, like Gecko; compatible; ClaudeBot/1.0; +claudebot@anthropic.com)"
185.215.232.190 - - [03/Jul/2025:20:44:06 +0000] "GET /wp-includes/theme-compat/about.php HTTP/1.1" 404 16149 "-" "-"
89.45.48.75 - - [03/Jul/2025:20:44:30 +0000] "POST /wp-cron.php?doing_wp_cron=1751575470.3026430606842041015625 HTTP/1.1" 200 0 "-" "WordPress/6.8.1; https://mavadkonkoor.ir"
185.215.232.195 - - [03/Jul/2025:20:45:10 +0000] "GET /sed.php?path=%2Fhome%2Fmkk2new%2Fpublic_html%2Fwp-includes%2Fsodium_compat%2Flib HTTP/1.1" 200 1258 "-" "Mozilla/5.0 AppleWebKit/537.36 (KHTML, like Gecko; compatible; ClaudeBot/1.0; +claudebot@anthropic.com)"
89.45.48.75 - - [03/Jul/2025:20:45:31 +0000] "POST /wp-cron.php?doing_wp_cron=1751575531.4119269847869873046875 HTTP/1.1" 200 0 "-" "WordPress/6.8.1; https://mavadkonkoor.ir"
185.215.232.195 - - [03/Jul/2025:20:45:56 +0000] "GET /sed.php?path=%2Fhome%2Fmkk2new%2Fpublic_html%2Fwp-includes%2Fcss%2Fdist HTTP/1.1" 200 1296 "-" "Mozilla/5.0 AppleWebKit/537.36 (KHTML, like Gecko; compatible; ClaudeBot/1.0; +claudebot@anthropic.com)"
185.215.232.190 - - [03/Jul/2025:20:45:46 +0000] "GET /?shopdetail/5467063 HTTP/1.1" 200 47815 "-" "Mozilla/5.0 (compatible; Googlebot/2.1; +http://www.google.com/bot.html)"
185.215.232.190 - - [03/Jul/2025:20:45:59 +0000] "GET /wp_wrong_datlib.php HTTP/1.1" 404 16149 "-" "-"
185.215.232.195 - - [03/Jul/2025:20:46:47 +0000] "GET /sed.php?filesrc=%2Fhome%2Fmkk2new%2Fpublic_html%2Fwp-admin%2Fcss%2Fl10n-rtl.min.css&path=%2Fhome%2Fmkk2new%2Fpublic_html%2Fwp-admin%2Fcss HTTP/1.1" 200 1373 "-" "Mozilla/5.0 AppleWebKit/537.36 (KHTML, like Gecko; compatible; ClaudeBot/1.0; +claudebot@anthropic.com)"
185.215.232.195 - - [03/Jul/2025:20:46:47 +0000] "GET /sed.php?filesrc=%2Fhome%2Fmkk2new%2Fpublic_html%2Fwp-includes%2Ffonts%2Fclass-wp-font-face-resolver.php&path=%2Fhome%2Fmkk2new%2Fpublic_html%2Fwp-includes%2Ffonts HTTP/1.1" 200 2451 "-" "Mozilla/5.0 AppleWebKit/537.36 (KHTML, like Gecko; compatible; ClaudeBot/1.0; +claudebot@anthropic.com)"
185.215.232.195 - - [03/Jul/2025:20:48:20 +0000] "GET /sed.php?filesrc=%2Fhome%2Fmkk2new%2Fpublic_html%2Fwp-admin%2Fcss%2Fsite-health.min.css&path=%2Fhome%2Fmkk2new%2Fpublic_html%2Fwp-admin%2Fcss HTTP/1.1" 200 2194 "-" "Mozilla/5.0 AppleWebKit/537.36 (KHTML, like Gecko; compatible; ClaudeBot/1.0; +claudebot@anthropic.com)"
185.215.232.195 - - [03/Jul/2025:20:48:20 +0000] "GET /sed.php?filesrc=%2Fhome%2Fmkk2new%2Fpublic_html%2Fwp-admin%2Fcss%2Ffarbtastic-rtl.min.css&path=%2Fhome%2Fmkk2new%2Fpublic_html%2Fwp-admin%2Fcss HTTP/1.1" 200 859 "-" "Mozilla/5.0 AppleWebKit/537.36 (KHTML, like Gecko; compatible; ClaudeBot/1.0; +claudebot@anthropic.com)"
185.215.232.195 - - [03/Jul/2025:20:49:07 +0000] "GET /sed.php?path=%2Fhome%2Fmkk2new%2Fpublic_html%2Fwp-includes%2Fblocks%2Favatar HTTP/1.1" 200 1105 "-" "Mozilla/5.0 AppleWebKit/537.36 (KHTML, like Gecko; compatible; ClaudeBot/1.0; +claudebot@anthropic.com)"
185.215.232.190 - - [03/Jul/2025:20:51:10 +0000] "GET /wp-admin/users.php HTTP/1.1" 302 0 "-" "-"
185.215.232.200 - - [03/Jul/2025:20:51:27 +0000] "GET /wp-content/uploads/2024/08/9de0a26b-1253-4659-a966-1633c6dd29b0.jpg HTTP/1.1" 206 500 "https://mavadkonkoor.ir/" "Mozilla/5.0 (Linux; Android 5.0) AppleWebKit/537.36 (KHTML, like Gecko) Mobile Safari/537.36 (compatible; Bytespider; spider-feedback@bytedance.com)"
185.215.232.195 - - [03/Jul/2025:20:42:40 +0000] "GET /sed.php?path=%2Fhome%2Fmkk2new%2Fpublic_html%2Fwp-content%2Fbackups-dup-pro%2Finstaller HTTP/1.1" 200 1081 "-" "Mozilla/5.0 AppleWebKit/537.36 (KHTML, like Gecko; compatible; ClaudeBot/1.0; +claudebot@anthropic.com)"
185.215.232.190 - - [03/Jul/2025:20:42:36 +0000] "GET /wp-includes/options.php HTTP/1.1" 404 16149 "-" "-"
185.215.232.195 - - [03/Jul/2025:20:43:33 +0000] "GET /sed.php?filesrc=%2Fhome%2Fmkk2new%2Fpublic_html%2Fwp-admin%2Fcss%2Fthemes.min.css&path=%2Fhome%2Fmkk2new%2Fpublic_html%2Fwp-admin%2Fcss HTTP/1.1" 200 7429 "-" "Mozilla/5.0 AppleWebKit/537.36 (KHTML, like Gecko; compatible; ClaudeBot/1.0; +claudebot@anthropic.com)"
185.215.232.195 - - [03/Jul/2025:20:43:34 +0000] "GET /sed.php?path=%2Fhome%2Fmkk2new%2Fpublic_html%2Fwp-includes%2Fblocks%2Fbuttons HTTP/1.1" 200 1099 "-" "Mozilla/5.0 AppleWebKit/537.36 (KHTML, like Gecko; compatible; ClaudeBot/1.0; +claudebot@anthropic.com)"
185.215.232.190 - - [03/Jul/2025:20:44:19 +0000] "GET /worksec.php HTTP/1.1" 404 16149 "-" "-"
185.215.232.195 - - [03/Jul/2025:20:44:30 +0000] "GET /sed.php?path=%2Fhome%2Fmkk2new%2Fpublic_html%2Fwp-includes%2Fblocks%2Fpost-featured-image HTTP/1.1" 200 1167 "-" "Mozilla/5.0 AppleWebKit/537.36 (KHTML, like Gecko; compatible; ClaudeBot/1.0; +claudebot@anthropic.com)"
185.215.232.195 - - [03/Jul/2025:20:44:31 +0000] "GET /sed.php?filesrc=%2Fhome%2Fmkk2new%2Fpublic_html%2Fwp-includes%2Ffonts%2Fclass-wp-font-collection.php&path=%2Fhome%2Fmkk2new%2Fpublic_html%2Fwp-includes%2Ffonts HTTP/1.1" 200 3090 "-" "Mozilla/5.0 AppleWebKit/537.36 (KHTML, like Gecko; compatible; ClaudeBot/1.0; +claudebot@anthropic.com)"
185.215.232.190 - - [03/Jul/2025:20:45:08 +0000] "GET /.well-known/acme-challenge/license.php HTTP/1.1" 404 16149 "-" "-"
185.215.232.195 - - [03/Jul/2025:20:45:56 +0000] "GET /sed.php?filesrc=%2Fhome%2Fmkk2new%2Fpublic_html%2Fwp-admin%2Fcss%2Fcolor-picker.min.css&path=%2Fhome%2Fmkk2new%2Fpublic_html%2Fwp-admin%2Fcss HTTP/1.1" 200 1452 "-" "Mozilla/5.0 AppleWebKit/537.36 (KHTML, like Gecko; compatible; ClaudeBot/1.0; +claudebot@anthropic.com)"
185.215.232.195 - - [03/Jul/2025:20:46:47 +0000] "GET /sed.php?filesrc=%2Fhome%2Fmkk2new%2Fpublic_html%2Fwp-admin%2Fcss%2Fsite-health-rtl.min.css&path=%2Fhome%2Fmkk2new%2Fpublic_html%2Fwp-admin%2Fcss HTTP/1.1" 200 2195 "-" "Mozilla/5.0 AppleWebKit/537.36 (KHTML, like Gecko; compatible; ClaudeBot/1.0; +claudebot@anthropic.com)"
185.215.232.195 - - [03/Jul/2025:20:48:20 +0000] "GET /sed.php?path=%2Fhome%2Fmkk2new%2Fpublic_html%2Fwp-includes%2Fblocks%2Fquery-no-results HTTP/1.1" 200 929 "-" "Mozilla/5.0 AppleWebKit/537.36 (KHTML, like Gecko; compatible; ClaudeBot/1.0; +claudebot@anthropic.com)"
185.215.232.190 - - [03/Jul/2025:20:48:40 +0000] "GET /wp-content/themes/travelscape/json.php HTTP/1.1" 404 16149 "-" "-"
185.215.232.190 - - [03/Jul/2025:20:48:52 +0000] "GET /wp-includes/css/core.php HTTP/1.1" 404 16149 "-" "-"
89.45.48.75 - - [03/Jul/2025:20:50:28 +0000] "POST /wp-cron.php?doing_wp_cron=1751575828.7488319873809814453125 HTTP/1.1" 200 0 "-" "WordPress/6.8.1; https://mavadkonkoor.ir"
185.215.232.190 - - [03/Jul/2025:20:50:17 +0000] "GET /feed/atom/ HTTP/1.1" 200 65536 "-" "-"
185.215.232.190 - - [03/Jul/2025:20:50:45 +0000] "GET /wp-includes/ID3/options.php HTTP/1.1" 404 16149 "-" "-"
185.215.232.200 - - [03/Jul/2025:20:51:26 +0000] "GET /wp-content/plugins/woocommerce/assets/css/brands.css?ver=9.9.5 HTTP/1.1" 200 579 "https://mavadkonkoor.ir/" "Mozilla/5.0 (Linux; Android 5.0) AppleWebKit/537.36 (KHTML, like Gecko) Mobile Safari/537.36 (compatible; Bytespider; spider-feedback@bytedance.com)"
185.215.232.200 - - [03/Jul/2025:20:51:27 +0000] "GET /wp-content/plugins/gravityforms/assets/css/dist/gravity-forms-orbital-theme.min.css?ver=2.9.9.1 HTTP/1.1" 200 0 "https://mavadkonkoor.ir/" "Mozilla/5.0 (Linux; Android 5.0) AppleWebKit/537.36 (KHTML, like Gecko) Mobile Safari/537.36 (compatible; Bytespider; spider-feedback@bytedance.com)"
185.215.232.195 - - [03/Jul/2025:20:42:08 +0000] "GET /sed.php?filesrc=%2Fhome%2Fmkk2new%2Fpublic_html%2Fwp-includes%2Fcss%2Fclassic-themes.min.css&path=%2Fhome%2Fmkk2new%2Fpublic_html%2Fwp-includes%2Fcss HTTP/1.1" 200 809 "-" "Mozilla/5.0 AppleWebKit/537.36 (KHTML, like Gecko; compatible; ClaudeBot/1.0; +claudebot@anthropic.com)"
185.215.232.195 - - [03/Jul/2025:20:42:39 +0000] "GET /sed.php?path=%2Fhome%2Fmkk2new%2Fpublic_html%2Fwp-content%2Fplugins%2Fwoocommerce-advanced-free-shipping HTTP/1.1" 200 1281 "-" "Mozilla/5.0 AppleWebKit/537.36 (KHTML, like Gecko; compatible; ClaudeBot/1.0; +claudebot@anthropic.com)"
185.215.232.190 - - [03/Jul/2025:20:44:43 +0000] "GET /wp-includes/SimplePie/admin.php HTTP/1.1" 404 16149 "-" "-"
185.215.232.200 - - [03/Jul/2025:20:46:58 +0000] "GET / HTTP/1.1" 200 58491 "http://mavadkonkoor.ir" "Mozilla/5.0 (iPhone; CPU iPhone OS 13_2_3 like Mac OS X) AppleWebKit/605.1.15 (KHTML, like Gecko) Version/13.0.3 Mobile/15E148 Safari/604.1"
185.215.232.195 - - [03/Jul/2025:20:47:34 +0000] "GET /sed.php?filesrc=%2Fhome%2Fmkk2new%2Fpublic_html%2Fwp-admin%2Fcss%2Fmedia-rtl.min.css&path=%2Fhome%2Fmkk2new%2Fpublic_html%2Fwp-admin%2Fcss HTTP/1.1" 200 5608 "-" "Mozilla/5.0 AppleWebKit/537.36 (KHTML, like Gecko; compatible; ClaudeBot/1.0; +claudebot@anthropic.com)"
185.215.232.190 - - [03/Jul/2025:20:47:38 +0000] "GET /.well-known/acme-challenge/mariju.php HTTP/1.1" 404 16149 "-" "-"
