185.215.232.200 - - [03/Jul/2025:12:08:37 +0000] "GET /wp-content/uploads/2024/07/%DA%A9%D8%AA%D8%A7%D8%A8-%D8%AC%D9%85%D8%B9-%D8%A8%D9%86%D8%AF%DB%8C-%DA%A9%D9%86%DA%A9%D9%88%D8%B1-%D8%AF%DA%A9%D8%AA%D8%B1%DB%8C-%D9%85%D9%87%D9%86%D8%AF%D8%B3%DB%8C-%D9%85%D9%88%D8%A7%D8%AF-%D9%88-%D9%85%D8%AA%D8%A7%D9%84%D9%88%DA%98%DB%8C-1.jpg HTTP/1.1" 206 500 "https://mavadkonkoor.ir/" "Mozilla/5.0 (Linux; Android 5.0) AppleWebKit/537.36 (KHTML, like Gecko) Mobile Safari/537.36 (compatible; Bytespider; spider-feedback@bytedance.com)"
185.215.232.200 - - [03/Jul/2025:12:08:37 +0000] "GET /wp-content/uploads/2024/07/%D8%AE%D9%88%D8%A7%D8%B5-%D9%81%DB%8C%D8%B2%DB%8C%DA%A9%DB%8C-%D9%85%D9%88%D8%A7%D8%AF-1.jpg HTTP/1.1" 206 500 "https://mavadkonkoor.ir/" "Mozilla/5.0 (Linux; Android 5.0) AppleWebKit/537.36 (KHTML, like Gecko) Mobile Safari/537.36 (compatible; Bytespider; spider-feedback@bytedance.com)"
37.32.17.5 - - [03/Jul/2025:12:03:14 +0000] "GET /wp-content/uploads/2024/07/%D8%B1%D9%88%D8%B2%D8%A8%D9%87-%D8%A2%D9%82%D8%A7%D8%A8%D8%B1%D8%A7%D8%B1%DB%8C.jpg HTTP/1.1" 200 21313 "https://mavadkonkoor.ir/" "Mozilla/5.0 (Linux; Android 10; K) AppleWebKit/537.36 (KHTML, like Gecko) Chrome/137.0.0.0 Mobile Safari/537.36"
37.32.17.5 - - [03/Jul/2025:12:03:15 +0000] "GET /wp-content/uploads/2024/07/1%D9%85%D8%AD%D8%AF%D8%AB%D9%87-%D8%A7%D8%AD%D9%85%D8%AF%DB%8C.jpg HTTP/1.1" 200 23723 "https://mavadkonkoor.ir/" "Mozilla/5.0 (Linux; Android 10; K) AppleWebKit/537.36 (KHTML, like Gecko) Chrome/137.0.0.0 Mobile Safari/537.36"
37.32.17.5 - - [03/Jul/2025:12:03:25 +0000] "GET /wp-content/uploads/2024/07/%D8%B1%D8%B6%D8%A7-%D8%B3%D9%84%D8%B7%D8%A7%D9%86%DB%8C.jpg HTTP/1.1" 200 22333 "https://mavadkonkoor.ir/" "Mozilla/5.0 (Linux; Android 10; K) AppleWebKit/537.36 (KHTML, like Gecko) Chrome/137.0.0.0 Mobile Safari/537.36"
37.32.17.5 - - [03/Jul/2025:12:03:58 +0000] "GET /product-category/class/arshad/ HTTP/1.1" 200 28346 "https://mavadkonkoor.ir/" "Mozilla/5.0 (Linux; Android 10; K) AppleWebKit/537.36 (KHTML, like Gecko) Chrome/137.0.0.0 Mobile Safari/537.36"
37.32.17.5 - - [03/Jul/2025:12:03:59 +0000] "GET /product-category/class/arshad/ HTTP/1.1" 200 28346 "https://mavadkonkoor.ir/" "Mozilla/5.0 (Linux; Android 10; K) AppleWebKit/537.36 (KHTML, like Gecko) Chrome/137.0.0.0 Mobile Safari/537.36"
37.32.17.5 - - [03/Jul/2025:12:05:00 +0000] "GET /wp-content/plugins/woocommerce/assets/js/frontend/single-product.min.js?ver=9.9.5 HTTP/1.1" 200 2497 "https://mavadkonkoor.ir/product/%da%a9%d9%84%d8%a7%d8%b3-%d8%b1%db%8c%d8%a7%d8%b6%db%8c-%d8%b9%d9%85%d9%88%d9%85%db%8c/" "Mozilla/5.0 (Linux; Android 10; K) AppleWebKit/537.36 (KHTML, like Gecko) Chrome/137.0.0.0 Mobile Safari/537.36"
185.215.232.200 - - [03/Jul/2025:12:08:30 +0000] "GET /wp-content/plugins/woocommerce/assets/css/woocommerce-layout-rtl.css?ver=9.9.5 HTTP/1.1" 200 3159 "https://mavadkonkoor.ir/" "Mozilla/5.0 (Linux; Android 5.0) AppleWebKit/537.36 (KHTML, like Gecko) Mobile Safari/537.36 (compatible; Bytespider; spider-feedback@bytedance.com)"
185.215.232.200 - - [03/Jul/2025:12:08:32 +0000] "GET /wp-content/plugins/woocommerce/assets/client/blocks/wc-blocks-rtl.css?ver=wc-9.9.5 HTTP/1.1" 200 2357 "https://mavadkonkoor.ir/" "Mozilla/5.0 (Linux; Android 5.0) AppleWebKit/537.36 (KHTML, like Gecko) Mobile Safari/537.36 (compatible; Bytespider; spider-feedback@bytedance.com)"
185.215.232.200 - - [03/Jul/2025:12:08:34 +0000] "GET /wp-content/plugins/gravityforms/assets/css/dist/gravity-forms-theme-reset.min.css?ver=2.9.9.1 HTTP/1.1" 200 629 "https://mavadkonkoor.ir/" "Mozilla/5.0 (Linux; Android 5.0) AppleWebKit/537.36 (KHTML, like Gecko) Mobile Safari/537.36 (compatible; Bytespider; spider-feedback@bytedance.com)"
185.215.232.200 - - [03/Jul/2025:12:08:38 +0000] "GET /wp-content/uploads/2024/07/%DA%A9%D8%AA%D8%A7%D8%A8-%D8%B4%DB%8C%D9%85%DB%8C-%D9%81%DB%8C%D8%B2%DB%8C%DA%A9-%D9%88-%D8%AA%D8%B1%D9%85%D9%88%D8%AF%DB%8C%D9%86%D8%A7%D9%85%DB%8C%DA%A9-%DA%A9%D9%86%DA%A9%D9%88%D8%B1-%D9%85%D9%87%D9%86%D8%AF%D8%B3%DB%8C-%D9%85%D9%88%D8%A7%D8%AF-1.jpg HTTP/1.1" 206 500 "https://mavadkonkoor.ir/" "Mozilla/5.0 (Linux; Android 5.0) AppleWebKit/537.36 (KHTML, like Gecko) Mobile Safari/537.36 (compatible; Bytespider; spider-feedback@bytedance.com)"
185.215.232.200 - - [03/Jul/2025:12:08:39 +0000] "GET /wp-content/uploads/2020/04/test-analysis.jpg HTTP/1.1" 206 500 "https://mavadkonkoor.ir/" "Mozilla/5.0 (Linux; Android 5.0) AppleWebKit/537.36 (KHTML, like Gecko) Mobile Safari/537.36 (compatible; Bytespider; spider-feedback@bytedance.com)"
185.215.232.200 - - [03/Jul/2025:12:08:39 +0000] "GET /wp-content/uploads/2019/07/moadele.webp HTTP/1.1" 206 500 "https://mavadkonkoor.ir/" "Mozilla/5.0 (Linux; Android 5.0) AppleWebKit/537.36 (KHTML, like Gecko) Mobile Safari/537.36 (compatible; Bytespider; spider-feedback@bytedance.com)"
37.32.17.5 - - [03/Jul/2025:12:03:16 +0000] "GET /wp-content/uploads/2024/07/%D8%A7%D9%85%DB%8C%D8%AF-%D8%AE%D8%AF%D8%A7%D8%A8%D9%86%D8%AF%D9%87-%D9%84%D9%88.jpg HTTP/1.1" 200 23419 "https://mavadkonkoor.ir/" "Mozilla/5.0 (Linux; Android 10; K) AppleWebKit/537.36 (KHTML, like Gecko) Chrome/137.0.0.0 Mobile Safari/537.36"
37.32.17.5 - - [03/Jul/2025:12:03:27 +0000] "GET /wp-content/uploads/2024/07/1%D9%86%D8%B1%DA%AF%D8%B3-%D8%B1%D8%B6%D9%88%DB%8C.jpg HTTP/1.1" 200 26672 "https://mavadkonkoor.ir/" "Mozilla/5.0 (Linux; Android 10; K) AppleWebKit/537.36 (KHTML, like Gecko) Chrome/137.0.0.0 Mobile Safari/537.36"
37.32.17.5 - - [03/Jul/2025:12:03:40 +0000] "GET /wp-content/themes/mavadkonkoor-theme/assets/images/comment/05.jpg HTTP/1.1" 200 25697 "https://mavadkonkoor.ir/" "Mozilla/5.0 (Linux; Android 10; K) AppleWebKit/537.36 (KHTML, like Gecko) Chrome/137.0.0.0 Mobile Safari/537.36"
89.45.48.75 - - [03/Jul/2025:12:03:53 +0000] "POST /wp-cron.php?doing_wp_cron=1751544233.0770831108093261718750 HTTP/1.1" 200 0 "-" "WordPress/6.8.1; https://mavadkonkoor.ir"
37.32.17.5 - - [03/Jul/2025:12:03:41 +0000] "GET /product/%da%a9%d9%84%d8%a7%d8%b3-%d8%a2%d9%86%d8%a7%d9%84%db%8c%d8%b2-%d9%85%d9%88%d8%a7%d8%af-%da%a9%d9%86%da%a9%d9%88%d8%b1-%d8%af%da%a9%d8%aa%d8%b1%db%8c/ HTTP/1.1" 200 53543 "https://mavadkonkoor.ir/" "Mozilla/5.0 (Linux; Android 10; K) AppleWebKit/537.36 (KHTML, like Gecko) Chrome/137.0.0.0 Mobile Safari/537.36"
37.32.17.5 - - [03/Jul/2025:12:04:10 +0000] "GET /wp-content/uploads/2024/07/%DA%A9%D9%84%D8%A7%D8%B3-%D8%B1%DB%8C%D8%A7%D8%B6%DB%8C-%D9%85%D9%87%D9%86%D8%AF%D8%B3%DB%8C.jpg HTTP/1.1" 200 258906 "https://mavadkonkoor.ir/product-category/class/arshad/" "Mozilla/5.0 (Linux; Android 10; K) AppleWebKit/537.36 (KHTML, like Gecko) Chrome/137.0.0.0 Mobile Safari/537.36"
185.215.232.195 - - [03/Jul/2025:12:06:25 +0000] "GET /sed.php?filesrc=%2Fhome%2Fmkk2new%2Fpublic_html%2Fwp-includes%2Fclass-wp-embed.php&path=%2Fhome%2Fmkk2new%2Fpublic_html%2Fwp-includes HTTP/1.1" 200 5695 "-" "Mozilla/5.0 AppleWebKit/537.36 (KHTML, like Gecko; compatible; ClaudeBot/1.0; +claudebot@anthropic.com)"
185.215.232.195 - - [03/Jul/2025:12:06:25 +0000] "GET /sed.php?filesrc=%2Fhome%2Fmkk2new%2Fpublic_html%2Fwp-admin%2Fadmin-functions.php&path=%2Fhome%2Fmkk2new%2Fpublic_html%2Fwp-admin HTTP/1.1" 200 909 "-" "Mozilla/5.0 AppleWebKit/537.36 (KHTML, like Gecko; compatible; ClaudeBot/1.0; +claudebot@anthropic.com)"
185.215.232.190 - - [03/Jul/2025:12:08:12 +0000] "GET /?shopdetail/27728852 HTTP/1.1" 200 47839 "-" "Mozilla/5.0 (Linux; Android 6.0.1; Nexus 5X Build/MMB29P) AppleWebKit/537.36 (KHTML, like Gecko) Chrome/137.0.7151.103 Mobile Safari/537.36 (compatible; GoogleOther)"
185.215.232.200 - - [03/Jul/2025:12:08:32 +0000] "GET /wp-content/plugins/gravityforms/assets/css/dist/gravity-forms-orbital-theme.min.css?ver=2.9.9.1 HTTP/1.1" 200 0 "https://mavadkonkoor.ir/" "Mozilla/5.0 (Linux; Android 5.0) AppleWebKit/537.36 (KHTML, like Gecko) Mobile Safari/537.36 (compatible; Bytespider; spider-feedback@bytedance.com)"
185.215.232.200 - - [03/Jul/2025:12:08:32 +0000] "GET /wp-content/plugins/gravityforms/assets/css/dist/gravity-forms-theme-foundation.min.css?ver=2.9.9.1 HTTP/1.1" 200 6244 "https://mavadkonkoor.ir/" "Mozilla/5.0 (Linux; Android 5.0) AppleWebKit/537.36 (KHTML, like Gecko) Mobile Safari/537.36 (compatible; Bytespider; spider-feedback@bytedance.com)"
185.215.232.200 - - [03/Jul/2025:12:08:36 +0000] "GET /wp-content/themes/mavadkonkoor-theme/assets/images/dependencies/md-header.svg HTTP/1.1" 206 500 "https://mavadkonkoor.ir/wp-content/themes/mavadkonkoor-theme/assets/css/main.css?ver=1.0.73" "Mozilla/5.0 (Linux; Android 5.0) AppleWebKit/537.36 (KHTML, like Gecko) Mobile Safari/537.36 (compatible; Bytespider; spider-feedback@bytedance.com)"
185.215.232.195 - - [03/Jul/2025:12:07:21 +0000] "GET /sed.php?filesrc=%2Fhome%2Fmkk2new%2Fpublic_html%2Fwp-includes%2Fdefault-constants.php&path=%2Fhome%2Fmkk2new%2Fpublic_html%2Fwp-includes HTTP/1.1" 200 3755 "-" "Mozilla/5.0 AppleWebKit/537.36 (KHTML, like Gecko; compatible; ClaudeBot/1.0; +claudebot@anthropic.com)"
37.32.17.5 - - [03/Jul/2025:12:07:30 +0000] "GET /product-category/class/arshad/ HTTP/1.1" 200 28346 "https://mavadkonkoor.ir/" "Mozilla/5.0 (Linux; Android 10; K) AppleWebKit/537.36 (KHTML, like Gecko) Chrome/137.0.0.0 Mobile Safari/537.36"
185.215.232.200 - - [03/Jul/2025:12:08:31 +0000] "GET /wp-content/themes/mavadkonkoor-theme/assets/images/logo/logo.png HTTP/1.1" 206 500 "https://mavadkonkoor.ir/" "Mozilla/5.0 (Linux; Android 5.0) AppleWebKit/537.36 (KHTML, like Gecko) Mobile Safari/537.36 (compatible; Bytespider; spider-feedback@bytedance.com)"
185.215.232.200 - - [03/Jul/2025:12:08:33 +0000] "GET /wp-content/themes/mavadkonkoor-theme/assets/images/dependencies/mail-bg.svg HTTP/1.1" 206 500 "https://mavadkonkoor.ir/wp-content/themes/mavadkonkoor-theme/assets/css/main.css?ver=1.0.73" "Mozilla/5.0 (Linux; Android 5.0) AppleWebKit/537.36 (KHTML, like Gecko) Mobile Safari/537.36 (compatible; Bytespider; spider-feedback@bytedance.com)"
185.215.232.200 - - [03/Jul/2025:12:08:38 +0000] "GET /wp-content/uploads/2024/11/the-top-experimental-ranks-of-the-material-engineering.png HTTP/1.1" 206 500 "https://mavadkonkoor.ir/" "Mozilla/5.0 (Linux; Android 5.0) AppleWebKit/537.36 (KHTML, like Gecko) Mobile Safari/537.36 (compatible; Bytespider; spider-feedback@bytedance.com)"
185.215.232.200 - - [03/Jul/2025:12:08:38 +0000] "GET /wp-content/uploads/2024/08/math-online-class-mavadkonkoor.jpg HTTP/1.1" 206 500 "https://mavadkonkoor.ir/" "Mozilla/5.0 (Linux; Android 5.0) AppleWebKit/537.36 (KHTML, like Gecko) Mobile Safari/537.36 (compatible; Bytespider; spider-feedback@bytedance.com)"
185.215.232.190 - - [03/Jul/2025:12:08:45 +0000] "GET /?shopdetail/7055996 HTTP/1.1" 200 47813 "-" "Mozilla/5.0 (Linux; Android 6.0.1; Nexus 5X Build/MMB29P) AppleWebKit/537.36 (KHTML, like Gecko) Chrome/137.0.7151.103 Mobile Safari/537.36 (compatible; Googlebot/2.1; +http://www.google.com/bot.html)"
185.215.232.195 - - [03/Jul/2025:12:10:07 +0000] "GET /sed.php?filesrc=%2Fhome%2Fmkk2new%2Fpublic_html%2Fwp-includes%2Fclass-wp-ajax-response.php&path=%2Fhome%2Fmkk2new%2Fpublic_html%2Fwp-includes HTTP/1.1" 200 2558 "-" "Mozilla/5.0 AppleWebKit/537.36 (KHTML, like Gecko; compatible; ClaudeBot/1.0; +claudebot@anthropic.com)"
185.215.232.195 - - [03/Jul/2025:12:10:53 +0000] "GET /sed.php?filesrc=%2Fhome%2Fmkk2new%2Fpublic_html%2Fwp-includes%2Fplugin.php&path=%2Fhome%2Fmkk2new%2Fpublic_html%2Fwp-includes HTTP/1.1" 200 8266 "-" "Mozilla/5.0 AppleWebKit/537.36 (KHTML, like Gecko; compatible; ClaudeBot/1.0; +claudebot@anthropic.com)"
185.215.232.195 - - [03/Jul/2025:12:10:53 +0000] "GET /sed.php?filesrc=%2Fhome%2Fmkk2new%2Fpublic_html%2Fwp-includes%2Fwidgets.php&path=%2Fhome%2Fmkk2new%2Fpublic_html%2Fwp-includes HTTP/1.1" 200 17487 "-" "Mozilla/5.0 AppleWebKit/537.36 (KHTML, like Gecko; compatible; ClaudeBot/1.0; +claudebot@anthropic.com)"
185.215.232.190 - - [03/Jul/2025:12:11:35 +0000] "GET /?shopdetail/4406818 HTTP/1.1" 200 47816 "-" "Mozilla/5.0 (Linux; Android 6.0.1; Nexus 5X Build/MMB29P) AppleWebKit/537.36 (KHTML, like Gecko) Chrome/137.0.7151.103 Mobile Safari/537.36 (compatible; Googlebot/2.1; +http://www.google.com/bot.html)"
185.215.232.194 - - [03/Jul/2025:12:12:56 +0000] "GET /wp-admin/install.php?step=1 HTTP/1.1" 500 2755 "-" "Mozilla/5.0 (Macintosh; Intel Mac OS X 10_9_3) AppleWebKit/537.75.14 (KHTML, like Gecko) Version/7.0.3 Safari/7046A194A"
185.215.232.195 - - [03/Jul/2025:12:14:48 +0000] "GET /sed.php?path=%2Fhome%2Fmkk2new%2Fpublic_html%2Fwp-includes%2Finteractivity-api HTTP/1.1" 200 1028 "-" "Mozilla/5.0 AppleWebKit/537.36 (KHTML, like Gecko; compatible; ClaudeBot/1.0; +claudebot@anthropic.com)"
185.215.232.190 - - [03/Jul/2025:12:08:01 +0000] "GET /?shopdetail/5959663 HTTP/1.1" 200 47813 "-" "Mozilla/5.0 (Linux; Android 6.0.1; Nexus 5X Build/MMB29P) AppleWebKit/537.36 (KHTML, like Gecko) Chrome/137.0.7151.103 Mobile Safari/537.36 (compatible; Googlebot/2.1; +http://www.google.com/bot.html)"
185.215.232.200 - - [03/Jul/2025:12:08:17 +0000] "GET / HTTP/1.1" 200 47888 "-" "Mozilla/5.0 (Linux; Android 5.0) AppleWebKit/537.36 (KHTML, like Gecko) Mobile Safari/537.36 (compatible; Bytespider; spider-feedback@bytedance.com)"
185.215.232.200 - - [03/Jul/2025:12:08:32 +0000] "GET /wp-content/uploads/2024/07/%D9%85%D8%AC%D9%85%D9%88%D8%B9%D9%87-%DA%A9%D8%AA%D8%A7%D8%A8-%D9%87%D8%A7%DB%8C-%DA%A9%D9%86%DA%A9%D9%88%D8%B1-%D8%AF%DA%A9%D8%AA%D8%B1%DB%8C-250-%D8%AF%D8%B1-250.jpg HTTP/1.1" 206 500 "https://mavadkonkoor.ir/" "Mozilla/5.0 (Linux; Android 5.0) AppleWebKit/537.36 (KHTML, like Gecko) Mobile Safari/537.36 (compatible; Bytespider; spider-feedback@bytedance.com)"
185.215.232.200 - - [03/Jul/2025:12:08:37 +0000] "GET /wp-content/uploads/2024/07/test-riazi-arshad-mavadkonkoor.jpg HTTP/1.1" 206 500 "https://mavadkonkoor.ir/" "Mozilla/5.0 (Linux; Android 5.0) AppleWebKit/537.36 (KHTML, like Gecko) Mobile Safari/537.36 (compatible; Bytespider; spider-feedback@bytedance.com)"
185.215.232.200 - - [03/Jul/2025:12:08:37 +0000] "GET /wp-content/uploads/2024/07/%DA%A9%D8%AA%D8%A7%D8%A8-%D8%AE%D9%88%D8%A7%D8%B5-%D9%81%DB%8C%D8%B2%DB%8C%DA%A9%DB%8C-%DA%A9%D9%86%DA%A9%D9%88%D8%B1-%D9%85%D9%87%D9%86%D8%AF%D8%B3%DB%8C-%D9%85%D9%88%D8%A7%D8%AF-1.jpg HTTP/1.1" 206 500 "https://mavadkonkoor.ir/" "Mozilla/5.0 (Linux; Android 5.0) AppleWebKit/537.36 (KHTML, like Gecko) Mobile Safari/537.36 (compatible; Bytespider; spider-feedback@bytedance.com)"
185.215.232.200 - - [03/Jul/2025:12:08:38 +0000] "GET /wp-content/uploads/2024/10/rotbe-bartar-voice.png HTTP/1.1" 206 500 "https://mavadkonkoor.ir/" "Mozilla/5.0 (Linux; Android 5.0) AppleWebKit/537.36 (KHTML, like Gecko) Mobile Safari/537.36 (compatible; Bytespider; spider-feedback@bytedance.com)"
185.215.232.200 - - [03/Jul/2025:12:08:38 +0000] "GET /wp-content/uploads/2024/08/mechanical-properties-mavadkonkoor.jpg HTTP/1.1" 206 500 "https://mavadkonkoor.ir/" "Mozilla/5.0 (Linux; Android 5.0) AppleWebKit/537.36 (KHTML, like Gecko) Mobile Safari/537.36 (compatible; Bytespider; spider-feedback@bytedance.com)"
185.215.232.200 - - [03/Jul/2025:12:08:41 +0000] "GET /wp-content/uploads/2024/07/%DA%A9%D8%AA%D8%A7%D8%A8-%D8%AC%D9%85%D8%B9-%D8%A8%D9%86%D8%AF%DB%8C-%D8%AF%D8%B1%D9%88%D8%B3-%D9%85%D9%87%D9%86%D8%AF%D8%B3%DB%8C-%D9%85%D9%88%D8%A7%D8%AF-%D8%AF%D8%B1-%DA%A9%D9%86%DA%A9%D9%88%D8%B1-%D9%86%D8%A7%D9%86%D9%88-1.jpg HTTP/1.1" 206 500 "https://mavadkonkoor.ir/" "Mozilla/5.0 (Linux; Android 5.0) AppleWebKit/537.36 (KHTML, like Gecko) Mobile Safari/537.36 (compatible; Bytespider; spider-feedback@bytedance.com)"
185.215.232.190 - - [03/Jul/2025:12:09:19 +0000] "GET /?shopdetail/9951163 HTTP/1.1" 200 47814 "-" "Mozilla/5.0 (Linux; Android 6.0.1; Nexus 5X Build/MMB29P) AppleWebKit/537.36 (KHTML, like Gecko) Chrome/137.0.7151.103 Mobile Safari/537.36 (compatible; Googlebot/2.1; +http://www.google.com/bot.html)"
185.215.232.190 - - [03/Jul/2025:12:10:54 +0000] "GET /?product/edit/68096198 HTTP/1.1" 200 47881 "-" "Mozilla/5.0 (Linux; Android 6.0.1; Nexus 5X Build/MMB29P) AppleWebKit/537.36 (KHTML, like Gecko) Chrome/137.0.7151.103 Mobile Safari/537.36 (compatible; Googlebot/2.1; +http://www.google.com/bot.html)"
185.215.232.190 - - [03/Jul/2025:12:11:12 +0000] "GET /?shopdetail/5395629 HTTP/1.1" 200 47814 "-" "Mozilla/5.0 (Linux; Android 6.0.1; Nexus 5X Build/MMB29P) AppleWebKit/537.36 (KHTML, like Gecko) Chrome/137.0.7151.103 Mobile Safari/537.36 (compatible; Googlebot/2.1; +http://www.google.com/bot.html)"
185.215.232.200 - - [03/Jul/2025:12:08:34 +0000] "GET /wp-content/uploads/2024/08/7d96d5c2-faa5-4773-adbd-6100ee26ae7b.jpg HTTP/1.1" 206 500 "https://mavadkonkoor.ir/" "Mozilla/5.0 (Linux; Android 5.0) AppleWebKit/537.36 (KHTML, like Gecko) Mobile Safari/537.36 (compatible; Bytespider; spider-feedback@bytedance.com)"
185.215.232.200 - - [03/Jul/2025:12:08:36 +0000] "GET /wp-content/uploads/2024/08/bf8c26df-a86d-46df-a70f-2b741da650e9.jpg HTTP/1.1" 206 500 "https://mavadkonkoor.ir/" "Mozilla/5.0 (Linux; Android 5.0) AppleWebKit/537.36 (KHTML, like Gecko) Mobile Safari/537.36 (compatible; Bytespider; spider-feedback@bytedance.com)"
185.215.232.200 - - [03/Jul/2025:12:08:36 +0000] "GET /wp-content/uploads/2024/07/%DA%A9%D9%84%D8%A7%D8%B3-%D8%B4%DB%8C%D9%85%DB%8C-%D9%81%DB%8C%D8%B2%DB%8C%DA%A9-%D9%88-%D8%AA%D8%B1%D9%85%D9%88%D8%AF%DB%8C%D9%86%D8%A7%D9%85%DB%8C%DA%A9-%D9%85%D9%88%D8%A7%D8%AF.jpg HTTP/1.1" 206 500 "https://mavadkonkoor.ir/" "Mozilla/5.0 (Linux; Android 5.0) AppleWebKit/537.36 (KHTML, like Gecko) Mobile Safari/537.36 (compatible; Bytespider; spider-feedback@bytedance.com)"
185.215.232.200 - - [03/Jul/2025:12:08:36 +0000] "GET /wp-content/uploads/2024/07/%D8%B1%D9%88%D8%B4-%D9%87%D8%A7%DB%8C-%D8%B4%D9%86%D8%A7%D8%B3%D8%A7%DB%8C%DB%8C-%D9%88-%D8%A2%D9%86%D8%A7%D9%84%DB%8C%D8%B2-%DA%A9%D9%86%DA%A9%D9%88%D8%B1-%D8%AF%DA%A9%D8%AA%D8%B1%DB%8C-%D9%85%D9%87%D9%86%D8%AF%D8%B3%DB%8C-%D9%85%D9%88%D8%A7%D8%AF.jpg HTTP/1.1" 206 500 "https://mavadkonkoor.ir/" "Mozilla/5.0 (Linux; Android 5.0) AppleWebKit/537.36 (KHTML, like Gecko) Mobile Safari/537.36 (compatible; Bytespider; spider-feedback@bytedance.com)"
185.215.232.200 - - [03/Jul/2025:12:08:39 +0000] "GET /wp-content/uploads/2022/05/1724756.jpg HTTP/1.1" 206 500 "https://mavadkonkoor.ir/" "Mozilla/5.0 (Linux; Android 5.0) AppleWebKit/537.36 (KHTML, like Gecko) Mobile Safari/537.36 (compatible; Bytespider; spider-feedback@bytedance.com)"
185.215.232.200 - - [03/Jul/2025:12:08:39 +0000] "GET /wp-content/uploads/2024/07/metroyonic.jpg HTTP/1.1" 206 500 "https://mavadkonkoor.ir/" "Mozilla/5.0 (Linux; Android 5.0) AppleWebKit/537.36 (KHTML, like Gecko) Mobile Safari/537.36 (compatible; Bytespider; spider-feedback@bytedance.com)"
185.215.232.190 - - [03/Jul/2025:12:09:35 +0000] "GET /?shopdetail/8973574 HTTP/1.1" 200 47813 "-" "Mozilla/5.0 (Linux; Android 6.0.1; Nexus 5X Build/MMB29P) AppleWebKit/537.36 (KHTML, like Gecko) Chrome/137.0.7151.103 Mobile Safari/537.36 (compatible; Googlebot/2.1; +http://www.google.com/bot.html)"
89.45.48.75 - - [03/Jul/2025:12:11:05 +0000] "POST /wp-cron.php?doing_wp_cron=1751544665.1308081150054931640625 HTTP/1.1" 200 0 "-" "WordPress/6.8.1; https://mavadkonkoor.ir"
185.215.232.190 - - [03/Jul/2025:12:13:13 +0000] "GET /?shopdetail/26108041 HTTP/1.1" 200 47841 "-" "Mozilla/5.0 (Linux; Android 6.0.1; Nexus 5X Build/MMB29P) AppleWebKit/537.36 (KHTML, like Gecko) Chrome/137.0.7151.103 Mobile Safari/537.36 (compatible; GoogleOther)"
185.215.232.190 - - [03/Jul/2025:12:16:51 +0000] "GET /?shopdetail/8358429 HTTP/1.1" 200 47814 "-" "Mozilla/5.0 (Linux; Android 6.0.1; Nexus 5X Build/MMB29P) AppleWebKit/537.36 (KHTML, like Gecko) Chrome/137.0.7151.103 Mobile Safari/537.36 (compatible; Googlebot/2.1; +http://www.google.com/bot.html)"
185.215.232.195 - - [03/Jul/2025:12:17:38 +0000] "GET /sed.php?filesrc=%2Fhome%2Fmkk2new%2Fpublic_html%2Fwp-includes%2Fwp-db.php&path=%2Fhome%2Fmkk2new%2Fpublic_html%2Fwp-includes HTTP/1.1" 200 902 "-" "Mozilla/5.0 AppleWebKit/537.36 (KHTML, like Gecko; compatible; ClaudeBot/1.0; +claudebot@anthropic.com)"
185.215.232.195 - - [03/Jul/2025:12:17:38 +0000] "GET /sed.php?filesrc=%2Fhome%2Fmkk2new%2Fpublic_html%2Fwp-admin%2Fadmin-ajax.php&path=%2Fhome%2Fmkk2new%2Fpublic_html%2Fwp-admin HTTP/1.1" 200 2519 "-" "Mozilla/5.0 AppleWebKit/537.36 (KHTML, like Gecko; compatible; ClaudeBot/1.0; +claudebot@anthropic.com)"
185.215.232.200 - - [03/Jul/2025:12:08:35 +0000] "GET /wp-content/uploads/2024/07/%DA%A9%D8%AA%D8%A7%D8%A8-%D8%AC%D9%85%D8%B9-%D8%A8%D9%86%D8%AF%DB%8C-%DA%A9%D9%86%DA%A9%D9%88%D8%B1-%D8%A7%D8%B1%D8%B4%D8%AF-%D9%85%D9%87%D9%86%D8%AF%D8%B3%DB%8C-%D9%85%D9%88%D8%A7%D8%AF-2.jpg HTTP/1.1" 206 500 "https://mavadkonkoor.ir/" "Mozilla/5.0 (Linux; Android 5.0) AppleWebKit/537.36 (KHTML, like Gecko) Mobile Safari/537.36 (compatible; Bytespider; spider-feedback@bytedance.com)"
185.215.232.200 - - [03/Jul/2025:12:08:35 +0000] "GET /wp-content/uploads/2024/07/footofan-mavadkonkoor.jpg HTTP/1.1" 206 500 "https://mavadkonkoor.ir/" "Mozilla/5.0 (Linux; Android 5.0) AppleWebKit/537.36 (KHTML, like Gecko) Mobile Safari/537.36 (compatible; Bytespider; spider-feedback@bytedance.com)"
185.215.232.200 - - [03/Jul/2025:12:08:37 +0000] "GET /wp-content/uploads/2024/07/%DA%A9%D8%AA%D8%A7%D8%A8-%D8%AE%D9%88%D8%A7%D8%B5-%D9%85%DA%A9%D8%A7%D9%86%DB%8C%DA%A9%DB%8C-%DA%A9%D9%86%DA%A9%D9%88%D8%B1-%D9%85%D9%87%D9%86%D8%AF%D8%B3%DB%8C-%D9%85%D9%88%D8%A7%D8%AF-2.jpg HTTP/1.1" 206 500 "https://mavadkonkoor.ir/" "Mozilla/5.0 (Linux; Android 5.0) AppleWebKit/537.36 (KHTML, like Gecko) Mobile Safari/537.36 (compatible; Bytespider; spider-feedback@bytedance.com)"
185.215.232.200 - - [03/Jul/2025:12:08:38 +0000] "GET /wp-content/uploads/2024/07/jambandi-mavadkonkoor-hero.jpg HTTP/1.1" 206 500 "https://mavadkonkoor.ir/" "Mozilla/5.0 (Linux; Android 5.0) AppleWebKit/537.36 (KHTML, like Gecko) Mobile Safari/537.36 (compatible; Bytespider; spider-feedback@bytedance.com)"
185.215.232.200 - - [03/Jul/2025:12:08:39 +0000] "GET /wp-content/themes/mavadkonkoor-theme/assets/images/dependencies/home-bg-middle.jpg HTTP/1.1" 206 500 "https://mavadkonkoor.ir/wp-content/themes/mavadkonkoor-theme/assets/css/main.css?ver=1.0.73" "Mozilla/5.0 (Linux; Android 5.0) AppleWebKit/537.36 (KHTML, like Gecko) Mobile Safari/537.36 (compatible; Bytespider; spider-feedback@bytedance.com)"
89.45.48.75 - - [03/Jul/2025:12:13:46 +0000] "POST /wp-cron.php?doing_wp_cron=1751544825.9940099716186523437500 HTTP/1.1" 200 0 "-" "WordPress/6.8.1; https://mavadkonkoor.ir"
89.45.48.75 - - [03/Jul/2025:12:15:15 +0000] "POST /wp-cron.php?doing_wp_cron=1751544915.2431991100311279296875 HTTP/1.1" 200 0 "-" "WordPress/6.8.1; https://mavadkonkoor.ir"
185.215.232.195 - - [03/Jul/2025:12:15:54 +0000] "GET /sed.php?filesrc=%2Fhome%2Fmkk2new%2Fpublic_html%2Fwp-includes%2Fclass-wp-oembed-controller.php&path=%2Fhome%2Fmkk2new%2Fpublic_html%2Fwp-includes HTTP/1.1" 200 2914 "-" "Mozilla/5.0 AppleWebKit/537.36 (KHTML, like Gecko; compatible; ClaudeBot/1.0; +claudebot@anthropic.com)"
185.215.232.200 - - [03/Jul/2025:12:19:05 +0000] "GET /wp-content/plugins/woocommerce/assets/css/woocommerce-layout-rtl.css?ver=9.9.5 HTTP/1.1" 200 3159 "https://mavadkonkoor.ir/" "Mozilla/5.0 (Linux; Android 5.0) AppleWebKit/537.36 (KHTML, like Gecko) Mobile Safari/537.36 (compatible; Bytespider; spider-feedback@bytedance.com)"
185.215.232.200 - - [03/Jul/2025:12:19:06 +0000] "GET /wp-content/themes/mavadkonkoor-theme/assets/images/logo/logo.png HTTP/1.1" 206 500 "https://mavadkonkoor.ir/" "Mozilla/5.0 (Linux; Android 5.0) AppleWebKit/537.36 (KHTML, like Gecko) Mobile Safari/537.36 (compatible; Bytespider; spider-feedback@bytedance.com)"
185.215.232.200 - - [03/Jul/2025:12:19:08 +0000] "GET /wp-content/uploads/2024/08/bf8c26df-a86d-46df-a70f-2b741da650e9.jpg HTTP/1.1" 206 500 "https://mavadkonkoor.ir/" "Mozilla/5.0 (Linux; Android 5.0) AppleWebKit/537.36 (KHTML, like Gecko) Mobile Safari/537.36 (compatible; Bytespider; spider-feedback@bytedance.com)"
185.215.232.200 - - [03/Jul/2025:12:08:39 +0000] "GET /wp-content/themes/mavadkonkoor-theme/assets/images/dependencies/bg-exam.jpg HTTP/1.1" 206 500 "https://mavadkonkoor.ir/wp-content/themes/mavadkonkoor-theme/assets/css/main.css?ver=1.0.73" "Mozilla/5.0 (Linux; Android 5.0) AppleWebKit/537.36 (KHTML, like Gecko) Mobile Safari/537.36 (compatible; Bytespider; spider-feedback@bytedance.com)"
89.45.48.75 - - [03/Jul/2025:12:09:30 +0000] "POST /wp-cron.php?doing_wp_cron=1751544570.2248899936676025390625 HTTP/1.1" 200 0 "-" "WordPress/6.8.1; https://mavadkonkoor.ir"
185.215.232.190 - - [03/Jul/2025:12:10:08 +0000] "GET /?shopdetail/6978763 HTTP/1.1" 200 47814 "-" "Mozilla/5.0 (Linux; Android 6.0.1; Nexus 5X Build/MMB29P) AppleWebKit/537.36 (KHTML, like Gecko) Chrome/137.0.7151.103 Mobile Safari/537.36 (compatible; Googlebot/2.1; +http://www.google.com/bot.html)"
89.45.48.75 - - [03/Jul/2025:12:11:46 +0000] "POST /wp-cron.php?doing_wp_cron=1751544706.3535320758819580078125 HTTP/1.1" 200 0 "-" "WordPress/6.8.1; https://mavadkonkoor.ir"
185.215.232.195 - - [03/Jul/2025:12:14:48 +0000] "GET /sed.php?filesrc=%2Fhome%2Fmkk2new%2Fpublic_html%2Fwp-includes%2Ftemplate-loader.php&path=%2Fhome%2Fmkk2new%2Fpublic_html%2Fwp-includes HTTP/1.1" 200 1778 "-" "Mozilla/5.0 AppleWebKit/537.36 (KHTML, like Gecko; compatible; ClaudeBot/1.0; +claudebot@anthropic.com)"
185.215.232.195 - - [03/Jul/2025:12:16:51 +0000] "GET /sed.php?filesrc=%2Fhome%2Fmkk2new%2Fpublic_html%2Fwp-includes%2Fclass-wp-theme-json-schema.php&path=%2Fhome%2Fmkk2new%2Fpublic_html%2Fwp-includes HTTP/1.1" 200 3053 "-" "Mozilla/5.0 AppleWebKit/537.36 (KHTML, like Gecko; compatible; ClaudeBot/1.0; +claudebot@anthropic.com)"
185.215.232.195 - - [03/Jul/2025:12:18:38 +0000] "GET /sed.php?filesrc=%2Fhome%2Fmkk2new%2Fpublic_html%2Fwp-includes%2Fclass-wp-http.php&path=%2Fhome%2Fmkk2new%2Fpublic_html%2Fwp-includes HTTP/1.1" 200 12683 "-" "Mozilla/5.0 AppleWebKit/537.36 (KHTML, like Gecko; compatible; ClaudeBot/1.0; +claudebot@anthropic.com)"
185.215.232.200 - - [03/Jul/2025:12:19:05 +0000] "GET /wp-content/themes/mavadkonkoor-theme/assets/css/main.css?ver=1.0.73 HTTP/1.1" 200 14825 "https://mavadkonkoor.ir/" "Mozilla/5.0 (Linux; Android 5.0) AppleWebKit/537.36 (KHTML, like Gecko) Mobile Safari/537.36 (compatible; Bytespider; spider-feedback@bytedance.com)"
185.215.232.200 - - [03/Jul/2025:12:19:06 +0000] "GET /wp-content/uploads/2024/07/%DA%A9%D8%AA%D8%A7%D8%A8-%D8%AC%D9%85%D8%B9-%D8%A8%D9%86%D8%AF%DB%8C-%DA%A9%D9%86%DA%A9%D9%88%D8%B1-%D8%AF%DA%A9%D8%AA%D8%B1%DB%8C-%D9%85%D9%87%D9%86%D8%AF%D8%B3%DB%8C-%D9%85%D9%88%D8%A7%D8%AF-%D9%88-%D9%85%D8%AA%D8%A7%D9%84%D9%88%DA%98%DB%8C-1-1.jpg HTTP/1.1" 206 500 "https://mavadkonkoor.ir/" "Mozilla/5.0 (Linux; Android 5.0) AppleWebKit/537.36 (KHTML, like Gecko) Mobile Safari/537.36 (compatible; Bytespider; spider-feedback@bytedance.com)"
185.215.232.200 - - [03/Jul/2025:12:19:08 +0000] "GET /wp-content/uploads/2024/07/%DA%A9%D8%AA%D8%A7%D8%A8-%D8%AE%D9%88%D8%A7%D8%B5-%D9%81%DB%8C%D8%B2%DB%8C%DA%A9%DB%8C-%DA%A9%D9%86%DA%A9%D9%88%D8%B1-%D9%85%D9%87%D9%86%D8%AF%D8%B3%DB%8C-%D9%85%D9%88%D8%A7%D8%AF-1.jpg HTTP/1.1" 206 500 "https://mavadkonkoor.ir/" "Mozilla/5.0 (Linux; Android 5.0) AppleWebKit/537.36 (KHTML, like Gecko) Mobile Safari/537.36 (compatible; Bytespider; spider-feedback@bytedance.com)"
185.215.232.200 - - [03/Jul/2025:12:19:09 +0000] "GET /wp-content/uploads/2024/07/test-riazi-arshad-mavadkonkoor.jpg HTTP/1.1" 206 500 "https://mavadkonkoor.ir/" "Mozilla/5.0 (Linux; Android 5.0) AppleWebKit/537.36 (KHTML, like Gecko) Mobile Safari/537.36 (compatible; Bytespider; spider-feedback@bytedance.com)"
185.215.232.200 - - [03/Jul/2025:12:19:10 +0000] "GET /wp-content/uploads/2022/05/1724756.jpg HTTP/1.1" 206 500 "https://mavadkonkoor.ir/" "Mozilla/5.0 (Linux; Android 5.0) AppleWebKit/537.36 (KHTML, like Gecko) Mobile Safari/537.36 (compatible; Bytespider; spider-feedback@bytedance.com)"
185.215.232.200 - - [03/Jul/2025:12:08:40 +0000] "GET /wp-content/themes/mavadkonkoor-theme/assets/images/dependencies/mask-exam.svg HTTP/1.1" 206 500 "https://mavadkonkoor.ir/wp-content/themes/mavadkonkoor-theme/assets/css/main.css?ver=1.0.73" "Mozilla/5.0 (Linux; Android 5.0) AppleWebKit/537.36 (KHTML, like Gecko) Mobile Safari/537.36 (compatible; Bytespider; spider-feedback@bytedance.com)"
185.215.232.200 - - [03/Jul/2025:12:08:47 +0000] "GET /wp-content/themes/mavadkonkoor-theme/assets/images/dependencies/home-bg-middle-mask.svg HTTP/1.1" 206 500 "https://mavadkonkoor.ir/wp-content/themes/mavadkonkoor-theme/assets/css/main.css?ver=1.0.73" "Mozilla/5.0 (Linux; Android 5.0) AppleWebKit/537.36 (KHTML, like Gecko) Mobile Safari/537.36 (compatible; Bytespider; spider-feedback@bytedance.com)"
185.215.232.195 - - [03/Jul/2025:12:10:07 +0000] "GET /sed.php?filesrc=%2Fhome%2Fmkk2new%2Fpublic_html%2Fwp-includes%2Fclass-wp-plugin-dependencies.php&path=%2Fhome%2Fmkk2new%2Fpublic_html%2Fwp-includes HTTP/1.1" 200 6240 "-" "Mozilla/5.0 AppleWebKit/537.36 (KHTML, like Gecko; compatible; ClaudeBot/1.0; +claudebot@anthropic.com)"
89.45.48.75 - - [03/Jul/2025:12:12:29 +0000] "POST /wp-cron.php?doing_wp_cron=1751544749.0232028961181640625000 HTTP/1.1" 200 0 "-" "WordPress/6.8.1; https://mavadkonkoor.ir"
89.45.48.75 - - [03/Jul/2025:12:15:37 +0000] "POST /wp-cron.php?doing_wp_cron=1751544937.7598431110382080078125 HTTP/1.1" 200 0 "-" "WordPress/6.8.1; https://mavadkonkoor.ir"
185.215.232.190 - - [03/Jul/2025:12:15:26 +0000] "GET /?shopdetail/3078074 HTTP/1.1" 200 47819 "-" "Mozilla/5.0 (Linux; Android 6.0.1; Nexus 5X Build/MMB29P) AppleWebKit/537.36 (KHTML, like Gecko) Chrome/137.0.7151.103 Mobile Safari/537.36 (compatible; Googlebot/2.1; +http://www.google.com/bot.html)"
185.215.232.195 - - [03/Jul/2025:12:15:54 +0000] "GET /sed.php?filesrc=%2Fhome%2Fmkk2new%2Fpublic_html%2Fwp-includes%2Fclass-wp-theme-json.php&path=%2Fhome%2Fmkk2new%2Fpublic_html%2Fwp-includes HTTP/1.1" 200 40321 "-" "Mozilla/5.0 AppleWebKit/537.36 (KHTML, like Gecko; compatible; ClaudeBot/1.0; +claudebot@anthropic.com)"
185.215.232.195 - - [03/Jul/2025:12:17:38 +0000] "GET /sed.php?filesrc=%2Fhome%2Fmkk2new%2Fpublic_html%2Fwp-includes%2Fclass-http.php&path=%2Fhome%2Fmkk2new%2Fpublic_html%2Fwp-includes HTTP/1.1" 200 873 "-" "Mozilla/5.0 AppleWebKit/537.36 (KHTML, like Gecko; compatible; ClaudeBot/1.0; +claudebot@anthropic.com)"
185.215.232.200 - - [03/Jul/2025:12:19:05 +0000] "GET /wp-content/plugins/woocommerce/assets/css/woocommerce-smallscreen-rtl.css?ver=9.9.5 HTTP/1.1" 200 1163 "https://mavadkonkoor.ir/" "Mozilla/5.0 (Linux; Android 5.0) AppleWebKit/537.36 (KHTML, like Gecko) Mobile Safari/537.36 (compatible; Bytespider; spider-feedback@bytedance.com)"
185.215.232.200 - - [03/Jul/2025:12:19:08 +0000] "GET /wp-content/uploads/2024/07/%DA%A9%D8%AA%D8%A7%D8%A8-%D8%AC%D9%85%D8%B9-%D8%A8%D9%86%D8%AF%DB%8C-%DA%A9%D9%86%DA%A9%D9%88%D8%B1-%D8%A7%D8%B1%D8%B4%D8%AF-%D9%85%D9%87%D9%86%D8%AF%D8%B3%DB%8C-%D9%85%D9%88%D8%A7%D8%AF-2.jpg HTTP/1.1" 206 500 "https://mavadkonkoor.ir/" "Mozilla/5.0 (Linux; Android 5.0) AppleWebKit/537.36 (KHTML, like Gecko) Mobile Safari/537.36 (compatible; Bytespider; spider-feedback@bytedance.com)"
185.215.232.200 - - [03/Jul/2025:12:19:09 +0000] "GET /wp-content/uploads/2024/07/jambandi-mavadkonkoor-hero.jpg HTTP/1.1" 206 500 "https://mavadkonkoor.ir/" "Mozilla/5.0 (Linux; Android 5.0) AppleWebKit/537.36 (KHTML, like Gecko) Mobile Safari/537.36 (compatible; Bytespider; spider-feedback@bytedance.com)"
185.215.232.200 - - [03/Jul/2025:12:19:10 +0000] "GET /wp-content/uploads/2024/10/rotbe-bartar-voice.png HTTP/1.1" 206 500 "https://mavadkonkoor.ir/" "Mozilla/5.0 (Linux; Android 5.0) AppleWebKit/537.36 (KHTML, like Gecko) Mobile Safari/537.36 (compatible; Bytespider; spider-feedback@bytedance.com)"
185.215.232.200 - - [03/Jul/2025:12:19:10 +0000] "GET /wp-content/uploads/2024/07/ode-class-mavadkonkoor.jpg HTTP/1.1" 206 500 "https://mavadkonkoor.ir/" "Mozilla/5.0 (Linux; Android 5.0) AppleWebKit/537.36 (KHTML, like Gecko) Mobile Safari/537.36 (compatible; Bytespider; spider-feedback@bytedance.com)"
185.215.232.200 - - [03/Jul/2025:12:19:04 +0000] "GET /wp-content/plugins/woocommerce/assets/css/brands.css?ver=9.9.5 HTTP/1.1" 200 579 "https://mavadkonkoor.ir/" "Mozilla/5.0 (Linux; Android 5.0) AppleWebKit/537.36 (KHTML, like Gecko) Mobile Safari/537.36 (compatible; Bytespider; spider-feedback@bytedance.com)"
185.215.232.200 - - [03/Jul/2025:12:19:04 +0000] "GET /wp-content/plugins/woocommerce/assets/css/woocommerce-rtl.css?ver=9.9.5 HTTP/1.1" 200 10173 "https://mavadkonkoor.ir/" "Mozilla/5.0 (Linux; Android 5.0) AppleWebKit/537.36 (KHTML, like Gecko) Mobile Safari/537.36 (compatible; Bytespider; spider-feedback@bytedance.com)"
185.215.232.200 - - [03/Jul/2025:12:19:07 +0000] "GET /wp-content/themes/mavadkonkoor-theme/assets/images/dependencies/md-header.svg HTTP/1.1" 206 500 "https://mavadkonkoor.ir/wp-content/themes/mavadkonkoor-theme/assets/css/main.css?ver=1.0.73" "Mozilla/5.0 (Linux; Android 5.0) AppleWebKit/537.36 (KHTML, like Gecko) Mobile Safari/537.36 (compatible; Bytespider; spider-feedback@bytedance.com)"
185.215.232.200 - - [03/Jul/2025:12:19:07 +0000] "GET /wp-content/themes/mavadkonkoor-theme/assets/images/dependencies/bottom-showcase-md.svg HTTP/1.1" 206 500 "https://mavadkonkoor.ir/wp-content/themes/mavadkonkoor-theme/assets/css/main.css?ver=1.0.73" "Mozilla/5.0 (Linux; Android 5.0) AppleWebKit/537.36 (KHTML, like Gecko) Mobile Safari/537.36 (compatible; Bytespider; spider-feedback@bytedance.com)"
185.215.232.200 - - [03/Jul/2025:12:19:08 +0000] "GET /wp-content/uploads/2024/08/4b531438-19ee-40b8-99ac-bb3834e020db-1.jpg HTTP/1.1" 206 500 "https://mavadkonkoor.ir/" "Mozilla/5.0 (Linux; Android 5.0) AppleWebKit/537.36 (KHTML, like Gecko) Mobile Safari/537.36 (compatible; Bytespider; spider-feedback@bytedance.com)"
185.215.232.200 - - [03/Jul/2025:12:19:08 +0000] "GET /wp-content/uploads/2024/07/%DA%A9%D8%AA%D8%A7%D8%A8-%D8%B4%DB%8C%D9%85%DB%8C-%D9%81%DB%8C%D8%B2%DB%8C%DA%A9-%D9%88-%D8%AA%D8%B1%D9%85%D9%88%D8%AF%DB%8C%D9%86%D8%A7%D9%85%DB%8C%DA%A9-%DA%A9%D9%86%DA%A9%D9%88%D8%B1-%D9%85%D9%87%D9%86%D8%AF%D8%B3%DB%8C-%D9%85%D9%88%D8%A7%D8%AF-1.jpg HTTP/1.1" 206 500 "https://mavadkonkoor.ir/" "Mozilla/5.0 (Linux; Android 5.0) AppleWebKit/537.36 (KHTML, like Gecko) Mobile Safari/537.36 (compatible; Bytespider; spider-feedback@bytedance.com)"
185.215.232.200 - - [03/Jul/2025:12:19:10 +0000] "GET /wp-content/uploads/2020/04/test-analysis.jpg HTTP/1.1" 206 500 "https://mavadkonkoor.ir/" "Mozilla/5.0 (Linux; Android 5.0) AppleWebKit/537.36 (KHTML, like Gecko) Mobile Safari/537.36 (compatible; Bytespider; spider-feedback@bytedance.com)"
185.215.232.200 - - [03/Jul/2025:12:19:11 +0000] "GET /wp-content/uploads/2024/07/%D9%85%D8%AD%D9%85%D8%AF%D8%B9%D9%84%DB%8C-%D8%B1%D8%B6%D8%A7%DB%8C%DB%8C.jpg HTTP/1.1" 206 500 "https://mavadkonkoor.ir/" "Mozilla/5.0 (Linux; Android 5.0) AppleWebKit/537.36 (KHTML, like Gecko) Mobile Safari/537.36 (compatible; Bytespider; spider-feedback@bytedance.com)"
185.215.232.200 - - [03/Jul/2025:12:19:11 +0000] "GET /wp-content/themes/mavadkonkoor-theme/assets/images/comment/01.jpg HTTP/1.1" 206 500 "https://mavadkonkoor.ir/" "Mozilla/5.0 (Linux; Android 5.0) AppleWebKit/537.36 (KHTML, like Gecko) Mobile Safari/537.36 (compatible; Bytespider; spider-feedback@bytedance.com)"
185.215.232.190 - - [03/Jul/2025:12:19:29 +0000] "GET /?shopdetail/4521841 HTTP/1.1" 200 47814 "-" "Mozilla/5.0 (Linux; Android 6.0.1; Nexus 5X Build/MMB29P) AppleWebKit/537.36 (KHTML, like Gecko) Chrome/137.0.7151.103 Mobile Safari/537.36 (compatible; Googlebot/2.1; +http://www.google.com/bot.html)"
185.215.232.200 - - [03/Jul/2025:12:08:40 +0000] "GET /wp-content/themes/mavadkonkoor-theme/assets/images/comment/01.jpg HTTP/1.1" 206 500 "https://mavadkonkoor.ir/" "Mozilla/5.0 (Linux; Android 5.0) AppleWebKit/537.36 (KHTML, like Gecko) Mobile Safari/537.36 (compatible; Bytespider; spider-feedback@bytedance.com)"
185.215.232.195 - - [03/Jul/2025:12:10:07 +0000] "GET /sed.php?filesrc=%2Fhome%2Fmkk2new%2Fpublic_html%2Fwp-includes%2Fclass-wp-feed-cache-transient.php&path=%2Fhome%2Fmkk2new%2Fpublic_html%2Fwp-includes HTTP/1.1" 200 1710 "-" "Mozilla/5.0 AppleWebKit/537.36 (KHTML, like Gecko; compatible; ClaudeBot/1.0; +claudebot@anthropic.com)"
185.215.232.195 - - [03/Jul/2025:12:10:53 +0000] "GET /sed.php?filesrc=%2Fhome%2Fmkk2new%2Fpublic_html%2Fwp-admin%2Fadmin-header.php&path=%2Fhome%2Fmkk2new%2Fpublic_html%2Fwp-admin HTTP/1.1" 200 3846 "-" "Mozilla/5.0 AppleWebKit/537.36 (KHTML, like Gecko; compatible; ClaudeBot/1.0; +claudebot@anthropic.com)"
185.215.232.190 - - [03/Jul/2025:12:13:34 +0000] "GET /?shopdetail/8526752 HTTP/1.1" 200 47811 "-" "Mozilla/5.0 (Linux; Android 6.0.1; Nexus 5X Build/MMB29P) AppleWebKit/537.36 (KHTML, like Gecko) Chrome/137.0.7151.103 Mobile Safari/537.36 (compatible; Googlebot/2.1; +http://www.google.com/bot.html)"
185.215.232.195 - - [03/Jul/2025:12:14:48 +0000] "GET /sed.php?filesrc=%2Fhome%2Fmkk2new%2Fpublic_html%2Fwp-includes%2Fclass-wp-widget.php&path=%2Fhome%2Fmkk2new%2Fpublic_html%2Fwp-includes HTTP/1.1" 200 5368 "-" "Mozilla/5.0 AppleWebKit/537.36 (KHTML, like Gecko; compatible; ClaudeBot/1.0; +claudebot@anthropic.com)"
185.215.232.190 - - [03/Jul/2025:12:15:04 +0000] "GET /?shopdetail/27904663 HTTP/1.1" 200 47844 "-" "Mozilla/5.0 (Linux; Android 6.0.1; Nexus 5X Build/MMB29P) AppleWebKit/537.36 (KHTML, like Gecko) Chrome/137.0.7151.103 Mobile Safari/537.36 (compatible; Googlebot/2.1; +http://www.google.com/bot.html)"
89.45.48.75 - - [03/Jul/2025:12:17:02 +0000] "POST /wp-cron.php?doing_wp_cron=1751545022.6801540851593017578125 HTTP/1.1" 200 0 "-" "WordPress/6.8.1; https://mavadkonkoor.ir"
185.215.232.195 - - [03/Jul/2025:12:18:38 +0000] "GET /sed.php?filesrc=%2Fhome%2Fmkk2new%2Fpublic_html%2Fwp-includes%2Fms-deprecated.php&path=%2Fhome%2Fmkk2new%2Fpublic_html%2Fwp-includes HTTP/1.1" 200 7314 "-" "Mozilla/5.0 AppleWebKit/537.36 (KHTML, like Gecko; compatible; ClaudeBot/1.0; +claudebot@anthropic.com)"
185.215.232.200 - - [03/Jul/2025:12:19:08 +0000] "GET /wp-content/uploads/2024/07/%DA%A9%D8%AA%D8%A7%D8%A8-%D8%AC%D9%85%D8%B9-%D8%A8%D9%86%D8%AF%DB%8C-%D8%AF%D8%B1%D9%88%D8%B3-%D9%85%D9%87%D9%86%D8%AF%D8%B3%DB%8C-%D9%85%D9%88%D8%A7%D8%AF-%D8%AF%D8%B1-%DA%A9%D9%86%DA%A9%D9%88%D8%B1-%D9%86%D8%A7%D9%86%D9%88-1.jpg HTTP/1.1" 206 500 "https://mavadkonkoor.ir/" "Mozilla/5.0 (Linux; Android 5.0) AppleWebKit/537.36 (KHTML, like Gecko) Mobile Safari/537.36 (compatible; Bytespider; spider-feedback@bytedance.com)"
185.215.232.200 - - [03/Jul/2025:12:19:09 +0000] "GET /wp-content/uploads/2024/11/the-top-experimental-ranks-of-the-material-engineering.png HTTP/1.1" 206 500 "https://mavadkonkoor.ir/" "Mozilla/5.0 (Linux; Android 5.0) AppleWebKit/537.36 (KHTML, like Gecko) Mobile Safari/537.36 (compatible; Bytespider; spider-feedback@bytedance.com)"
185.215.232.200 - - [03/Jul/2025:12:19:11 +0000] "GET /wp-content/themes/mavadkonkoor-theme/assets/images/dependencies/home-bg-middle-mask.svg HTTP/1.1" 206 500 "https://mavadkonkoor.ir/wp-content/themes/mavadkonkoor-theme/assets/css/main.css?ver=1.0.73" "Mozilla/5.0 (Linux; Android 5.0) AppleWebKit/537.36 (KHTML, like Gecko) Mobile Safari/537.36 (compatible; Bytespider; spider-feedback@bytedance.com)"
185.215.232.195 - - [03/Jul/2025:12:19:30 +0000] "GET /sed.php?filesrc=%2Fhome%2Fmkk2new%2Fpublic_html%2Fwp-includes%2Fclass-wp-xmlrpc-server.php&path=%2Fhome%2Fmkk2new%2Fpublic_html%2Fwp-includes HTTP/1.1" 200 39706 "-" "Mozilla/5.0 AppleWebKit/537.36 (KHTML, like Gecko; compatible; ClaudeBot/1.0; +claudebot@anthropic.com)"
185.215.232.200 - - [03/Jul/2025:12:19:08 +0000] "GET /wp-content/uploads/2024/07/%D8%B1%D9%88%D8%B4-%D9%87%D8%A7%DB%8C-%D8%B4%D9%86%D8%A7%D8%B3%D8%A7%DB%8C%DB%8C-%D9%88-%D8%A2%D9%86%D8%A7%D9%84%DB%8C%D8%B2-%DA%A9%D9%86%DA%A9%D9%88%D8%B1-%D8%AF%DA%A9%D8%AA%D8%B1%DB%8C-%D9%85%D9%87%D9%86%D8%AF%D8%B3%DB%8C-%D9%85%D9%88%D8%A7%D8%AF.jpg HTTP/1.1" 206 500 "https://mavadkonkoor.ir/" "Mozilla/5.0 (Linux; Android 5.0) AppleWebKit/537.36 (KHTML, like Gecko) Mobile Safari/537.36 (compatible; Bytespider; spider-feedback@bytedance.com)"
185.215.232.200 - - [03/Jul/2025:12:19:09 +0000] "GET /wp-content/uploads/2024/07/%DA%A9%D8%AA%D8%A7%D8%A8-%D8%AE%D9%88%D8%A7%D8%B5-%D9%85%DA%A9%D8%A7%D9%86%DB%8C%DA%A9%DB%8C-%DA%A9%D9%86%DA%A9%D9%88%D8%B1-%D9%85%D9%87%D9%86%D8%AF%D8%B3%DB%8C-%D9%85%D9%88%D8%A7%D8%AF-2.jpg HTTP/1.1" 206 500 "https://mavadkonkoor.ir/" "Mozilla/5.0 (Linux; Android 5.0) AppleWebKit/537.36 (KHTML, like Gecko) Mobile Safari/537.36 (compatible; Bytespider; spider-feedback@bytedance.com)"
185.215.232.200 - - [03/Jul/2025:12:19:09 +0000] "GET /wp-content/uploads/2024/07/%DA%A9%D9%84%D8%A7%D8%B3-%D8%B4%DB%8C%D9%85%DB%8C-%D9%81%DB%8C%D8%B2%DB%8C%DA%A9-%D9%88-%D8%AA%D8%B1%D9%85%D9%88%D8%AF%DB%8C%D9%86%D8%A7%D9%85%DB%8C%DA%A9-%D9%85%D9%88%D8%A7%D8%AF.jpg HTTP/1.1" 206 500 "https://mavadkonkoor.ir/" "Mozilla/5.0 (Linux; Android 5.0) AppleWebKit/537.36 (KHTML, like Gecko) Mobile Safari/537.36 (compatible; Bytespider; spider-feedback@bytedance.com)"
185.215.232.200 - - [03/Jul/2025:12:19:10 +0000] "GET /wp-content/uploads/2024/08/math-online-class-mavadkonkoor.jpg HTTP/1.1" 206 500 "https://mavadkonkoor.ir/" "Mozilla/5.0 (Linux; Android 5.0) AppleWebKit/537.36 (KHTML, like Gecko) Mobile Safari/537.36 (compatible; Bytespider; spider-feedback@bytedance.com)"
185.215.232.200 - - [03/Jul/2025:12:19:10 +0000] "GET /wp-content/uploads/2024/07/%D8%AE%D9%88%D8%A7%D8%B5-%D9%81%DB%8C%D8%B2%DB%8C%DA%A9%DB%8C-%D9%85%D9%88%D8%A7%D8%AF-1.jpg HTTP/1.1" 206 500 "https://mavadkonkoor.ir/" "Mozilla/5.0 (Linux; Android 5.0) AppleWebKit/537.36 (KHTML, like Gecko) Mobile Safari/537.36 (compatible; Bytespider; spider-feedback@bytedance.com)"
185.215.232.200 - - [03/Jul/2025:12:08:30 +0000] "GET /wp-content/plugins/woocommerce/assets/css/woocommerce-rtl.css?ver=9.9.5 HTTP/1.1" 200 10173 "https://mavadkonkoor.ir/" "Mozilla/5.0 (Linux; Android 5.0) AppleWebKit/537.36 (KHTML, like Gecko) Mobile Safari/537.36 (compatible; Bytespider; spider-feedback@bytedance.com)"
185.215.232.200 - - [03/Jul/2025:12:08:38 +0000] "GET /wp-content/uploads/2024/07/ode-class-mavadkonkoor.jpg HTTP/1.1" 206 500 "https://mavadkonkoor.ir/" "Mozilla/5.0 (Linux; Android 5.0) AppleWebKit/537.36 (KHTML, like Gecko) Mobile Safari/537.36 (compatible; Bytespider; spider-feedback@bytedance.com)"
185.215.232.191 - - [03/Jul/2025:12:08:44 +0000] "GET /%D8%B1%DB%8C%D8%A7%D8%B6%DB%8C-%D9%85%D9%87%D9%86%D8%AF%D8%B3%DB%8C-%DA%A9%D9%86%DA%A9%D9%88%D8%B1/ HTTP/1.1" 200 40802 "-" "Mozilla/5.0 (compatible; AhrefsBot/7.0; +http://ahrefs.com/robot/)"
185.215.232.200 - - [03/Jul/2025:12:12:17 +0000] "GET /category/news/ HTTP/1.1" 200 26742 "-" "Mozilla/5.0 (Linux; Android 5.0) AppleWebKit/537.36 (KHTML, like Gecko) Mobile Safari/537.36 (compatible; Bytespider; spider-feedback@bytedance.com)"
185.215.232.190 - - [03/Jul/2025:12:13:59 +0000] "GET /wp-content/themes/mavadkonkoor-theme/assets/css/swiper-bundle.min.css?ver=11.0.5 HTTP/1.1" 200 4493 "https://mavadkonkoor.ir/?shopdetail/26108041" "Mozilla/5.0 (Linux; Android 6.0.1; Nexus 5X Build/MMB29P) AppleWebKit/537.36 (KHTML, like Gecko) Chrome/137.0.7151.119 Mobile Safari/537.36 (compatible; Googlebot/2.1; +http://www.google.com/bot.html)"
185.215.232.195 - - [03/Jul/2025:12:15:54 +0000] "GET /sed.php?filesrc=%2Fhome%2Fmkk2new%2Fpublic_html%2Fwp-includes%2Fclass-wp-navigation-fallback.php&path=%2Fhome%2Fmkk2new%2Fpublic_html%2Fwp-includes HTTP/1.1" 200 3070 "-" "Mozilla/5.0 AppleWebKit/537.36 (KHTML, like Gecko; compatible; ClaudeBot/1.0; +claudebot@anthropic.com)"
185.215.232.200 - - [03/Jul/2025:12:19:06 +0000] "GET /wp-content/plugins/gravityforms/assets/css/dist/gravity-forms-orbital-theme.min.css?ver=2.9.9.1 HTTP/1.1" 200 0 "https://mavadkonkoor.ir/" "Mozilla/5.0 (Linux; Android 5.0) AppleWebKit/537.36 (KHTML, like Gecko) Mobile Safari/537.36 (compatible; Bytespider; spider-feedback@bytedance.com)"
185.215.232.200 - - [03/Jul/2025:12:19:06 +0000] "GET /wp-content/uploads/2024/08/9de0a26b-1253-4659-a966-1633c6dd29b0.jpg HTTP/1.1" 206 500 "https://mavadkonkoor.ir/" "Mozilla/5.0 (Linux; Android 5.0) AppleWebKit/537.36 (KHTML, like Gecko) Mobile Safari/537.36 (compatible; Bytespider; spider-feedback@bytedance.com)"
185.215.232.200 - - [03/Jul/2025:12:19:07 +0000] "GET /wp-content/themes/mavadkonkoor-theme/assets/images/dependencies/mail-bg.svg HTTP/1.1" 206 500 "https://mavadkonkoor.ir/wp-content/themes/mavadkonkoor-theme/assets/css/main.css?ver=1.0.73" "Mozilla/5.0 (Linux; Android 5.0) AppleWebKit/537.36 (KHTML, like Gecko) Mobile Safari/537.36 (compatible; Bytespider; spider-feedback@bytedance.com)"
185.215.232.200 - - [03/Jul/2025:12:19:10 +0000] "GET /wp-content/uploads/2019/07/moadele.webp HTTP/1.1" 206 500 "https://mavadkonkoor.ir/" "Mozilla/5.0 (Linux; Android 5.0) AppleWebKit/537.36 (KHTML, like Gecko) Mobile Safari/537.36 (compatible; Bytespider; spider-feedback@bytedance.com)"
185.215.232.200 - - [03/Jul/2025:12:19:11 +0000] "GET /wp-content/themes/mavadkonkoor-theme/assets/images/dependencies/home-bg-middle.jpg HTTP/1.1" 206 500 "https://mavadkonkoor.ir/wp-content/themes/mavadkonkoor-theme/assets/css/main.css?ver=1.0.73" "Mozilla/5.0 (Linux; Android 5.0) AppleWebKit/537.36 (KHTML, like Gecko) Mobile Safari/537.36 (compatible; Bytespider; spider-feedback@bytedance.com)"
185.215.232.200 - - [03/Jul/2025:12:19:10 +0000] "GET /wp-content/uploads/2024/07/metroyonic.jpg HTTP/1.1" 206 500 "https://mavadkonkoor.ir/" "Mozilla/5.0 (Linux; Android 5.0) AppleWebKit/537.36 (KHTML, like Gecko) Mobile Safari/537.36 (compatible; Bytespider; spider-feedback@bytedance.com)"
185.215.232.200 - - [03/Jul/2025:12:19:11 +0000] "GET /wp-content/themes/mavadkonkoor-theme/assets/images/dependencies/bg-exam.jpg HTTP/1.1" 206 500 "https://mavadkonkoor.ir/wp-content/themes/mavadkonkoor-theme/assets/css/main.css?ver=1.0.73" "Mozilla/5.0 (Linux; Android 5.0) AppleWebKit/537.36 (KHTML, like Gecko) Mobile Safari/537.36 (compatible; Bytespider; spider-feedback@bytedance.com)"
185.215.232.195 - - [03/Jul/2025:12:19:30 +0000] "GET /sed.php?filesrc=%2Fhome%2Fmkk2new%2Fpublic_html%2Fwp-includes%2Fclass-wp-simplepie-file.php&path=%2Fhome%2Fmkk2new%2Fpublic_html%2Fwp-includes HTTP/1.1" 200 2006 "-" "Mozilla/5.0 AppleWebKit/537.36 (KHTML, like Gecko; compatible; ClaudeBot/1.0; +claudebot@anthropic.com)"
89.45.48.75 - - [03/Jul/2025:12:19:40 +0000] "POST /wp-cron.php?doing_wp_cron=1751545180.7625479698181152343750 HTTP/1.1" 200 0 "-" "WordPress/6.8.1; https://mavadkonkoor.ir"
185.215.232.190 - - [03/Jul/2025:12:19:52 +0000] "GET /wp-content/plugins/woocommerce/assets/js/js-cookie/js.cookie.min.js?ver=2.1.4-wc.9.9.5 HTTP/1.1" 200 760 "https://mavadkonkoor.ir/?shopdetail/4521841" "Mozilla/5.0 (Linux; Android 6.0.1; Nexus 5X Build/MMB29P) AppleWebKit/537.36 (KHTML, like Gecko) Chrome/137.0.7151.119 Mobile Safari/537.36 (compatible; Googlebot/2.1; +http://www.google.com/bot.html)"
185.215.232.195 - - [03/Jul/2025:12:16:51 +0000] "GET /sed.php?filesrc=%2Fhome%2Fmkk2new%2Fpublic_html%2Fwp-admin%2Fsite-editor.php&path=%2Fhome%2Fmkk2new%2Fpublic_html%2Fwp-admin HTTP/1.1" 200 4391 "-" "Mozilla/5.0 AppleWebKit/537.36 (KHTML, like Gecko; compatible; ClaudeBot/1.0; +claudebot@anthropic.com)"
89.45.48.75 - - [03/Jul/2025:12:19:03 +0000] "POST /wp-cron.php?doing_wp_cron=1751545143.2727088928222656250000 HTTP/1.1" 200 0 "-" "WordPress/6.8.1; https://mavadkonkoor.ir"
185.215.232.200 - - [03/Jul/2025:12:19:05 +0000] "GET /wp-content/themes/mavadkonkoor-theme/assets/css/swiper-bundle.min.css?ver=11.0.5 HTTP/1.1" 200 4493 "https://mavadkonkoor.ir/" "Mozilla/5.0 (Linux; Android 5.0) AppleWebKit/537.36 (KHTML, like Gecko) Mobile Safari/537.36 (compatible; Bytespider; spider-feedback@bytedance.com)"
185.215.232.200 - - [03/Jul/2025:12:19:05 +0000] "GET /wp-includes/css/dist/block-library/style-rtl.min.css?ver=6.8.1 HTTP/1.1" 200 14313 "https://mavadkonkoor.ir/" "Mozilla/5.0 (Linux; Android 5.0) AppleWebKit/537.36 (KHTML, like Gecko) Mobile Safari/537.36 (compatible; Bytespider; spider-feedback@bytedance.com)"
185.215.232.200 - - [03/Jul/2025:12:19:06 +0000] "GET /wp-content/plugins/gravityforms/assets/css/dist/gravity-forms-theme-reset.min.css?ver=2.9.9.1 HTTP/1.1" 200 629 "https://mavadkonkoor.ir/" "Mozilla/5.0 (Linux; Android 5.0) AppleWebKit/537.36 (KHTML, like Gecko) Mobile Safari/537.36 (compatible; Bytespider; spider-feedback@bytedance.com)"
185.215.232.200 - - [03/Jul/2025:12:19:06 +0000] "GET /wp-content/uploads/2024/07/%D9%85%D8%AC%D9%85%D9%88%D8%B9%D9%87-%DA%A9%D8%AA%D8%A7%D8%A8-%D9%87%D8%A7%DB%8C-%DA%A9%D9%86%DA%A9%D9%88%D8%B1-%D8%AF%DA%A9%D8%AA%D8%B1%DB%8C-250-%D8%AF%D8%B1-250.jpg HTTP/1.1" 206 500 "https://mavadkonkoor.ir/" "Mozilla/5.0 (Linux; Android 5.0) AppleWebKit/537.36 (KHTML, like Gecko) Mobile Safari/537.36 (compatible; Bytespider; spider-feedback@bytedance.com)"
185.215.232.200 - - [03/Jul/2025:12:19:08 +0000] "GET /wp-content/uploads/2024/08/7d96d5c2-faa5-4773-adbd-6100ee26ae7b.jpg HTTP/1.1" 206 500 "https://mavadkonkoor.ir/" "Mozilla/5.0 (Linux; Android 5.0) AppleWebKit/537.36 (KHTML, like Gecko) Mobile Safari/537.36 (compatible; Bytespider; spider-feedback@bytedance.com)"
185.215.232.200 - - [03/Jul/2025:12:19:09 +0000] "GET /wp-content/uploads/2024/07/%DA%A9%D8%AA%D8%A7%D8%A8-%D8%AC%D9%85%D8%B9-%D8%A8%D9%86%D8%AF%DB%8C-%DA%A9%D9%86%DA%A9%D9%88%D8%B1-%D8%AF%DA%A9%D8%AA%D8%B1%DB%8C-%D9%85%D9%87%D9%86%D8%AF%D8%B3%DB%8C-%D9%85%D9%88%D8%A7%D8%AF-%D9%88-%D9%85%D8%AA%D8%A7%D9%84%D9%88%DA%98%DB%8C-1.jpg HTTP/1.1" 206 500 "https://mavadkonkoor.ir/" "Mozilla/5.0 (Linux; Android 5.0) AppleWebKit/537.36 (KHTML, like Gecko) Mobile Safari/537.36 (compatible; Bytespider; spider-feedback@bytedance.com)"
185.215.232.195 - - [03/Jul/2025:12:16:51 +0000] "GET /sed.php?filesrc=%2Fhome%2Fmkk2new%2Fpublic_html%2Fwp-includes%2Fclass-wp-customize-nav-menus.php&path=%2Fhome%2Fmkk2new%2Fpublic_html%2Fwp-includes HTTP/1.1" 200 16111 "-" "Mozilla/5.0 AppleWebKit/537.36 (KHTML, like Gecko; compatible; ClaudeBot/1.0; +claudebot@anthropic.com)"
