185.215.232.195 - - [03/Jul/2025:16:20:41 +0000] "GET /wp-includes/js/dist/nux.min.js HTTP/1.1" 200 1497 "-" "Mozilla/5.0 AppleWebKit/537.36 (KHTML, like Gecko; compatible; ClaudeBot/1.0; +claudebot@anthropic.com)"
185.215.232.196 - - [03/Jul/2025:16:21:03 +0000] "GET /wp-admin/css/colors/sunrise/%20 HTTP/1.1" 301 0 "binance.com" "Mozilla/5.0 (Windows NT 10.0; Win64; x64) AppleWebKit/537.36 (KHTML, like Gecko) Chrome/90.0.4430.85 Safari/537.36"
37.32.17.3 - - [03/Jul/2025:16:21:11 +0000] "GET /product/%da%a9%d9%84%d8%a7%d8%b3-%d8%ae%d9%88%d8%a7%d8%b5-%d9%81%db%8c%d8%b2%db%8c%da%a9%db%8c-%d9%85%d9%88%d8%a7%d8%af/ HTTP/1.1" 200 51646 "https://mavadkonkoor.ir/product-category/class/arshad/" "Mozilla/5.0 (Linux; Android 10; K) AppleWebKit/537.36 (KHTML, like Gecko) Chrome/137.0.0.0 Mobile Safari/537.36"
185.215.232.196 - - [03/Jul/2025:16:22:31 +0000] "GET /wp-includes/block-template-utils.php HTTP/1.1" 200 0 "binance.com" "Mozilla/5.0 (Windows NT 10.0; Win64; x64) AppleWebKit/537.36 (KHTML, like Gecko) Chrome/90.0.4430.85 Safari/537.36"
185.215.232.196 - - [03/Jul/2025:16:22:58 +0000] "GET /wp-includes/class-wp-block-bindings-registry.php HTTP/1.1" 200 0 "binance.com" "Mozilla/5.0 (Windows NT 10.0; Win64; x64) AppleWebKit/537.36 (KHTML, like Gecko) Chrome/90.0.4430.85 Safari/537.36"
185.215.232.195 - - [03/Jul/2025:16:23:24 +0000] "GET /xmlrpc.php HTTP/1.1" 405 60 "http://mavadkonkoor.ir/xmlrpc.php" "Mozilla/5.0 (X11; Ubuntu; Linux x86_64; rv:85.0) Gecko/20100101 Firefox/91.0"
185.215.232.192 - - [03/Jul/2025:16:23:55 +0000] "GET / HTTP/1.1" 200 47821 "https://www.google.com/" "Mozilla/5.0 (Windows NT 10.0; Win64; x64) AppleWebKit/537.36 (KHTML, like Gecko) Chrome/138.0.0.0 Safari/537.36"
94.101.182.6 - - [03/Jul/2025:16:24:09 +0000] "GET /wp-content/themes/mavadkonkoor-theme/assets/css/main.css?ver=1.0.73 HTTP/1.1" 200 14825 "https://mavadkonkoor.ir/%D8%B1%D8%AA%D8%A8%D9%87-%D9%87%D8%A7%DB%8C-%D8%A8%D8%B1%D8%AA%D8%B1-%DA%A9%D9%86%DA%A9%D9%88%D8%B1-%D9%85%D9%88%D8%A7%D8%AF/" "Mozilla/5.0 (Windows NT 10.0; Win64; x64) AppleWebKit/537.36 (KHTML, like Gecko) Chrome/138.0.0.0 Safari/537.36"
94.101.182.6 - - [03/Jul/2025:16:24:10 +0000] "GET /wp-content/uploads/2024/07/%D9%85%D8%AD%D9%85%D8%AF%D8%B9%D9%84%DB%8C-%D8%B1%D8%B6%D8%A7%DB%8C%DB%8C-1.jpg HTTP/1.1" 200 24782 "https://mavadkonkoor.ir/%D8%B1%D8%AA%D8%A8%D9%87-%D9%87%D8%A7%DB%8C-%D8%A8%D8%B1%D8%AA%D8%B1-%DA%A9%D9%86%DA%A9%D9%88%D8%B1-%D9%85%D9%88%D8%A7%D8%AF/" "Mozilla/5.0 (Windows NT 10.0; Win64; x64) AppleWebKit/537.36 (KHTML, like Gecko) Chrome/138.0.0.0 Safari/537.36"
185.215.232.196 - - [03/Jul/2025:16:17:13 +0000] "GET /wp-admin/css/ HTTP/1.1" 200 3580 "binance.com" "Mozilla/5.0 (Windows NT 10.0; Win64; x64) AppleWebKit/537.36 (KHTML, like Gecko) Chrome/90.0.4430.85 Safari/537.36"
185.215.232.196 - - [03/Jul/2025:16:17:29 +0000] "GET /wp-content/uploads/2025/07/ HTTP/1.1" 200 695 "binance.com" "Mozilla/5.0 (Windows NT 10.0; Win64; x64) AppleWebKit/537.36 (KHTML, like Gecko) Chrome/90.0.4430.85 Safari/537.36"
185.215.232.196 - - [03/Jul/2025:16:19:08 +0000] "GET /wp-admin/maint/ HTTP/1.1" 200 775 "binance.com" "Mozilla/5.0 (Windows NT 10.0; Win64; x64) AppleWebKit/537.36 (KHTML, like Gecko) Chrome/90.0.4430.85 Safari/537.36"
185.215.232.195 - - [03/Jul/2025:16:19:48 +0000] "GET /wp-includes/SimplePie/src/File.php HTTP/1.1" 200 0 "-" "Mozilla/5.0 AppleWebKit/537.36 (KHTML, like Gecko; compatible; ClaudeBot/1.0; +claudebot@anthropic.com)"
185.215.232.196 - - [03/Jul/2025:16:20:14 +0000] "GET /wp-admin/css/colors/coffee/ HTTP/1.1" 200 911 "binance.com" "Mozilla/5.0 (Windows NT 10.0; Win64; x64) AppleWebKit/537.36 (KHTML, like Gecko) Chrome/90.0.4430.85 Safari/537.36"
185.215.232.194 - - [03/Jul/2025:16:20:25 +0000] "GET /product-category/class/arshad/ HTTP/1.1" 200 28346 "https://www.google.com/" "Mozilla/5.0 (Linux; Android 10; K) AppleWebKit/537.36 (KHTML, like Gecko) Chrome/137.0.0.0 Mobile Safari/537.36"
185.215.232.196 - - [03/Jul/2025:16:20:46 +0000] "GET /wp-admin/css/colors/modern/ HTTP/1.1" 200 893 "binance.com" "Mozilla/5.0 (Windows NT 10.0; Win64; x64) AppleWebKit/537.36 (KHTML, like Gecko) Chrome/90.0.4430.85 Safari/537.36"
37.32.17.3 - - [03/Jul/2025:16:20:51 +0000] "GET /product/%d8%ae%d9%88%d8%a7%d8%b5-%d9%85%da%a9%d8%a7%d9%86%db%8c%da%a9%db%8c-%d9%85%d9%88%d8%a7%d8%af/ HTTP/1.1" 200 52356 "https://mavadkonkoor.ir/product-category/class/arshad/" "Mozilla/5.0 (Linux; Android 10; K) AppleWebKit/537.36 (KHTML, like Gecko) Chrome/137.0.0.0 Mobile Safari/537.36"
185.215.232.195 - - [03/Jul/2025:16:21:58 +0000] "GET /wp-includes/js/dist/preferences-persistence.min.js HTTP/1.1" 200 1963 "-" "Mozilla/5.0 AppleWebKit/537.36 (KHTML, like Gecko; compatible; ClaudeBot/1.0; +claudebot@anthropic.com)"
185.215.232.196 - - [03/Jul/2025:16:22:01 +0000] "GET /wp-includes/ HTTP/1.1" 200 8790 "binance.com" "Mozilla/5.0 (Windows NT 10.0; Win64; x64) AppleWebKit/537.36 (KHTML, like Gecko) Chrome/90.0.4430.85 Safari/537.36"
185.215.232.196 - - [03/Jul/2025:16:23:08 +0000] "GET /wp-includes/class-wp-block-bindings-source.php HTTP/1.1" 200 0 "binance.com" "Mozilla/5.0 (Windows NT 10.0; Win64; x64) AppleWebKit/537.36 (KHTML, like Gecko) Chrome/90.0.4430.85 Safari/537.36"
185.215.232.196 - - [03/Jul/2025:16:23:23 +0000] "GET /wp-includes/class-wp-block-editor-context.php HTTP/1.1" 200 0 "binance.com" "Mozilla/5.0 (Windows NT 10.0; Win64; x64) AppleWebKit/537.36 (KHTML, like Gecko) Chrome/90.0.4430.85 Safari/537.36"
185.215.232.196 - - [03/Jul/2025:16:23:32 +0000] "GET /wp-includes/class-wp-block-metadata-registry.php HTTP/1.1" 200 0 "binance.com" "Mozilla/5.0 (Windows NT 10.0; Win64; x64) AppleWebKit/537.36 (KHTML, like Gecko) Chrome/90.0.4430.85 Safari/537.36"
94.101.182.6 - - [03/Jul/2025:16:24:09 +0000] "GET /wp-content/themes/mavadkonkoor-theme/assets/fonts/yekan-bakh/yekan-bakh-regular.woff2 HTTP/1.1" 200 24620 "https://mavadkonkoor.ir/%D8%B1%D8%AA%D8%A8%D9%87-%D9%87%D8%A7%DB%8C-%D8%A8%D8%B1%D8%AA%D8%B1-%DA%A9%D9%86%DA%A9%D9%88%D8%B1-%D9%85%D9%88%D8%A7%D8%AF/" "Mozilla/5.0 (Windows NT 10.0; Win64; x64) AppleWebKit/537.36 (KHTML, like Gecko) Chrome/138.0.0.0 Safari/537.36"
94.101.182.6 - - [03/Jul/2025:16:24:09 +0000] "GET /wp-content/themes/mavadkonkoor-theme/assets/fonts/yekan-bakh/yekan-bakh-medium.woff2 HTTP/1.1" 200 24672 "https://mavadkonkoor.ir/%D8%B1%D8%AA%D8%A8%D9%87-%D9%87%D8%A7%DB%8C-%D8%A8%D8%B1%D8%AA%D8%B1-%DA%A9%D9%86%DA%A9%D9%88%D8%B1-%D9%85%D9%88%D8%A7%D8%AF/" "Mozilla/5.0 (Windows NT 10.0; Win64; x64) AppleWebKit/537.36 (KHTML, like Gecko) Chrome/138.0.0.0 Safari/537.36"
37.32.17.3 - - [03/Jul/2025:16:16:48 +0000] "GET /product/%d8%aa%d8%b3%d8%aa-%d8%b2%d9%86%db%8c-%d8%b1%db%8c%d8%a7%d8%b6%db%8c-%d8%a7%d8%b1%d8%b4%d8%af/ HTTP/1.1" 200 48011 "https://mavadkonkoor.ir/product-category/class/arshad/" "Mozilla/5.0 (Linux; Android 10; K) AppleWebKit/537.36 (KHTML, like Gecko) Chrome/137.0.0.0 Mobile Safari/537.36"
185.215.232.195 - - [03/Jul/2025:16:17:09 +0000] "GET /wp-includes/Text/Diff/Renderer/ HTTP/1.1" 200 633 "https://mavadkonkoor.ir/wp-includes/Text/Diff/Renderer" "Mozilla/5.0 AppleWebKit/537.36 (KHTML, like Gecko; compatible; ClaudeBot/1.0; +claudebot@anthropic.com)"
37.32.17.3 - - [03/Jul/2025:16:16:58 +0000] "GET /product/%d8%af%d8%b1%d9%88%d8%b3-%d8%aa%d8%ae%d8%b5%d8%b5%db%8c-%da%a9%d9%86%da%a9%d9%88%d8%b1-%d9%85%d9%88%d8%a7%d8%af/ HTTP/1.1" 200 66057 "https://mavadkonkoor.ir/product-category/class/arshad/" "Mozilla/5.0 (Linux; Android 10; K) AppleWebKit/537.36 (KHTML, like Gecko) Chrome/137.0.0.0 Mobile Safari/537.36"
185.215.232.196 - - [03/Jul/2025:16:18:23 +0000] "GET /wp-content/languages/admin-fa_IR.l10n.php HTTP/1.1" 200 0 "binance.com" "Mozilla/5.0 (Windows NT 10.0; Win64; x64) AppleWebKit/537.36 (KHTML, like Gecko) Chrome/90.0.4430.85 Safari/537.36"
185.215.232.195 - - [03/Jul/2025:16:18:53 +0000] "GET /wp-includes/js/dist/media-utils.min.js HTTP/1.1" 200 3484 "-" "Mozilla/5.0 AppleWebKit/537.36 (KHTML, like Gecko; compatible; ClaudeBot/1.0; +claudebot@anthropic.com)"
185.215.232.195 - - [03/Jul/2025:16:18:53 +0000] "GET /wp-includes/SimplePie/src/Cache.php HTTP/1.1" 200 0 "-" "Mozilla/5.0 AppleWebKit/537.36 (KHTML, like Gecko; compatible; ClaudeBot/1.0; +claudebot@anthropic.com)"
185.215.232.196 - - [03/Jul/2025:16:19:25 +0000] "GET /wp-admin/network/ HTTP/1.1" 302 0 "binance.com" "Mozilla/5.0 (Windows NT 10.0; Win64; x64) AppleWebKit/537.36 (KHTML, like Gecko) Chrome/90.0.4430.85 Safari/537.36"
185.215.232.196 - - [03/Jul/2025:16:19:34 +0000] "GET /wp-admin/user/ HTTP/1.1" 302 0 "binance.com" "Mozilla/5.0 (Windows NT 10.0; Win64; x64) AppleWebKit/537.36 (KHTML, like Gecko) Chrome/90.0.4430.85 Safari/537.36"
89.45.48.75 - - [03/Jul/2025:16:20:36 +0000] "POST /wp-cron.php?doing_wp_cron=1751559636.6815578937530517578125 HTTP/1.1" 200 0 "-" "WordPress/6.8.1; https://mavadkonkoor.ir"
37.32.17.3 - - [03/Jul/2025:16:21:01 +0000] "GET /product/%d8%aa%d8%b3%d8%aa-%d8%b2%d9%86%db%8c-%d8%b1%db%8c%d8%a7%d8%b6%db%8c-%d8%a7%d8%b1%d8%b4%d8%af/ HTTP/1.1" 200 48011 "https://mavadkonkoor.ir/product-category/class/arshad/" "Mozilla/5.0 (Linux; Android 10; K) AppleWebKit/537.36 (KHTML, like Gecko) Chrome/137.0.0.0 Mobile Safari/537.36"
94.101.182.6 - - [03/Jul/2025:16:24:09 +0000] "GET /wp-content/plugins/woocommerce/assets/css/woocommerce-rtl.css?ver=9.9.5 HTTP/1.1" 200 10173 "https://mavadkonkoor.ir/%D8%B1%D8%AA%D8%A8%D9%87-%D9%87%D8%A7%DB%8C-%D8%A8%D8%B1%D8%AA%D8%B1-%DA%A9%D9%86%DA%A9%D9%88%D8%B1-%D9%85%D9%88%D8%A7%D8%AF/" "Mozilla/5.0 (Windows NT 10.0; Win64; x64) AppleWebKit/537.36 (KHTML, like Gecko) Chrome/138.0.0.0 Safari/537.36"
94.101.182.6 - - [03/Jul/2025:16:24:09 +0000] "GET /wp-content/themes/mavadkonkoor-theme/assets/css/swiper-bundle.min.css?ver=11.0.5 HTTP/1.1" 200 4493 "https://mavadkonkoor.ir/%D8%B1%D8%AA%D8%A8%D9%87-%D9%87%D8%A7%DB%8C-%D8%A8%D8%B1%D8%AA%D8%B1-%DA%A9%D9%86%DA%A9%D9%88%D8%B1-%D9%85%D9%88%D8%A7%D8%AF/" "Mozilla/5.0 (Windows NT 10.0; Win64; x64) AppleWebKit/537.36 (KHTML, like Gecko) Chrome/138.0.0.0 Safari/537.36"
94.101.182.6 - - [03/Jul/2025:16:24:10 +0000] "GET /wp-content/themes/mavadkonkoor-theme/assets/js/ajax/profile.js HTTP/1.1" 200 1464 "https://mavadkonkoor.ir/%D8%B1%D8%AA%D8%A8%D9%87-%D9%87%D8%A7%DB%8C-%D8%A8%D8%B1%D8%AA%D8%B1-%DA%A9%D9%86%DA%A9%D9%88%D8%B1-%D9%85%D9%88%D8%A7%D8%AF/" "Mozilla/5.0 (Windows NT 10.0; Win64; x64) AppleWebKit/537.36 (KHTML, like Gecko) Chrome/138.0.0.0 Safari/537.36"
185.215.232.195 - - [03/Jul/2025:16:16:16 +0000] "GET /wp-includes/js/dist/is-shallow-equal.min.js HTTP/1.1" 200 479 "-" "Mozilla/5.0 AppleWebKit/537.36 (KHTML, like Gecko; compatible; ClaudeBot/1.0; +claudebot@anthropic.com)"
185.215.232.190 - - [03/Jul/2025:16:17:21 +0000] "GET /?shopdetail/5215485 HTTP/1.1" 200 47811 "-" "Mozilla/5.0 (compatible; Googlebot/2.1; +http://www.google.com/bot.html)"
185.215.232.196 - - [03/Jul/2025:16:19:27 +0000] "GET /wp-login.php?redirect_to=https%3A%2F%2Fmavadkonkoor.ir%2Fwp-admin%2Fnetwork%2F&reauth=1 HTTP/1.1" 200 3737 "binance.com" "Mozilla/5.0 (Windows NT 10.0; Win64; x64) AppleWebKit/537.36 (KHTML, like Gecko) Chrome/90.0.4430.85 Safari/537.36"
185.215.232.195 - - [03/Jul/2025:16:19:48 +0000] "GET /wp-includes/js/mediaelement/wp-mediaelement.js HTTP/1.1" 200 968 "-" "Mozilla/5.0 AppleWebKit/537.36 (KHTML, like Gecko; compatible; ClaudeBot/1.0; +claudebot@anthropic.com)"
185.215.232.196 - - [03/Jul/2025:16:19:55 +0000] "GET /wp-admin/css/colors/ HTTP/1.1" 200 1336 "binance.com" "Mozilla/5.0 (Windows NT 10.0; Win64; x64) AppleWebKit/537.36 (KHTML, like Gecko) Chrome/90.0.4430.85 Safari/537.36"
185.215.232.196 - - [03/Jul/2025:16:20:05 +0000] "GET /wp-admin/css/colors/blue/ HTTP/1.1" 200 914 "binance.com" "Mozilla/5.0 (Windows NT 10.0; Win64; x64) AppleWebKit/537.36 (KHTML, like Gecko) Chrome/90.0.4430.85 Safari/537.36"
185.215.232.190 - - [03/Jul/2025:16:20:22 +0000] "GET /wp-content/uploads/2022/05/sazman-sanjesh-1401-400x400.jpg HTTP/1.1" 404 3542 "-" "Googlebot-Image/1.0"
37.32.17.3 - - [03/Jul/2025:16:20:41 +0000] "GET /product/%da%a9%d9%84%d8%a7%d8%b3-%d8%b4%db%8c%d9%85%db%8c-%d9%81%db%8c%d8%b2%db%8c%da%a9-%d9%88-%d8%aa%d8%b1%d9%85%d9%88%d8%af%db%8c%d9%86%d8%a7%d9%85%db%8c%da%a9-%d9%85%d9%88%d8%a7%d8%af/ HTTP/1.1" 200 51333 "https://mavadkonkoor.ir/product-category/class/arshad/" "Mozilla/5.0 (Linux; Android 10; K) AppleWebKit/537.36 (KHTML, like Gecko) Chrome/137.0.0.0 Mobile Safari/537.36"
185.215.232.196 - - [03/Jul/2025:16:20:55 +0000] "GET /wp-admin/css/colors/ocean/ HTTP/1.1" 200 914 "binance.com" "Mozilla/5.0 (Windows NT 10.0; Win64; x64) AppleWebKit/537.36 (KHTML, like Gecko) Chrome/90.0.4430.85 Safari/537.36"
185.215.232.196 - - [03/Jul/2025:16:21:15 +0000] "GET /wp-admin/css/colors/sunrise/ HTTP/1.1" 200 914 "binance.com" "Mozilla/5.0 (Windows NT 10.0; Win64; x64) AppleWebKit/537.36 (KHTML, like Gecko) Chrome/90.0.4430.85 Safari/537.36"
89.45.48.75 - - [03/Jul/2025:16:23:25 +0000] "POST /wp-cron.php?doing_wp_cron=1751559805.5284678936004638671875 HTTP/1.1" 200 0 "-" "WordPress/6.8.1; https://mavadkonkoor.ir"
185.215.232.196 - - [03/Jul/2025:16:24:09 +0000] "GET /wp-includes/class-wp-block-template.php HTTP/1.1" 200 0 "binance.com" "Mozilla/5.0 (Windows NT 10.0; Win64; x64) AppleWebKit/537.36 (KHTML, like Gecko) Chrome/90.0.4430.85 Safari/537.36"
94.101.182.6 - - [03/Jul/2025:16:24:10 +0000] "GET /wp-includes/js/jquery/jquery.min.js?ver=3.7.1 HTTP/1.1" 200 29744 "https://mavadkonkoor.ir/%D8%B1%D8%AA%D8%A8%D9%87-%D9%87%D8%A7%DB%8C-%D8%A8%D8%B1%D8%AA%D8%B1-%DA%A9%D9%86%DA%A9%D9%88%D8%B1-%D9%85%D9%88%D8%A7%D8%AF/" "Mozilla/5.0 (Windows NT 10.0; Win64; x64) AppleWebKit/537.36 (KHTML, like Gecko) Chrome/138.0.0.0 Safari/537.36"
94.101.182.6 - - [03/Jul/2025:16:24:10 +0000] "GET /wp-content/uploads/2024/07/%D9%85%D8%AD%D9%85%D8%AF%D8%B9%D9%84%DB%8C-%D8%B1%D8%B6%D8%A7%DB%8C%DB%8C.jpg HTTP/1.1" 200 24782 "https://mavadkonkoor.ir/%D8%B1%D8%AA%D8%A8%D9%87-%D9%87%D8%A7%DB%8C-%D8%A8%D8%B1%D8%AA%D8%B1-%DA%A9%D9%86%DA%A9%D9%88%D8%B1-%D9%85%D9%88%D8%A7%D8%AF/" "Mozilla/5.0 (Windows NT 10.0; Win64; x64) AppleWebKit/537.36 (KHTML, like Gecko) Chrome/138.0.0.0 Safari/537.36"
185.215.232.195 - - [03/Jul/2025:16:24:10 +0000] "GET /wp-includes/js/dist/blocks.js HTTP/1.1" 200 131235 "-" "Mozilla/5.0 AppleWebKit/537.36 (KHTML, like Gecko; compatible; ClaudeBot/1.0; +claudebot@anthropic.com)"
185.215.232.196 - - [03/Jul/2025:16:17:39 +0000] "GET /wp-content/uploads/2025/06/ HTTP/1.1" 200 695 "binance.com" "Mozilla/5.0 (Windows NT 10.0; Win64; x64) AppleWebKit/537.36 (KHTML, like Gecko) Chrome/90.0.4430.85 Safari/537.36"
185.215.232.196 - - [03/Jul/2025:16:17:47 +0000] "GET /wp-content/uploads/ HTTP/1.1" 200 1684 "binance.com" "Mozilla/5.0 (Windows NT 10.0; Win64; x64) AppleWebKit/537.36 (KHTML, like Gecko) Chrome/90.0.4430.85 Safari/537.36"
185.215.232.195 - - [03/Jul/2025:16:17:59 +0000] "GET /wp-includes/js/dist/editor.min.js HTTP/1.1" 200 106860 "-" "Mozilla/5.0 AppleWebKit/537.36 (KHTML, like Gecko; compatible; ClaudeBot/1.0; +claudebot@anthropic.com)"
185.215.232.195 - - [03/Jul/2025:16:17:59 +0000] "GET /wp-includes/js/dist/edit-site.js HTTP/1.1" 200 376718 "-" "Mozilla/5.0 AppleWebKit/537.36 (KHTML, like Gecko; compatible; ClaudeBot/1.0; +claudebot@anthropic.com)"
185.215.232.195 - - [03/Jul/2025:16:19:48 +0000] "GET /wp-includes/js/tinymce/wp-tinymce.js HTTP/1.1" 200 212251 "-" "Mozilla/5.0 AppleWebKit/537.36 (KHTML, like Gecko; compatible; ClaudeBot/1.0; +claudebot@anthropic.com)"
185.215.232.196 - - [03/Jul/2025:16:20:25 +0000] "GET /wp-admin/css/colors/ectoplasm/ HTTP/1.1" 200 917 "binance.com" "Mozilla/5.0 (Windows NT 10.0; Win64; x64) AppleWebKit/537.36 (KHTML, like Gecko) Chrome/90.0.4430.85 Safari/537.36"
37.32.17.3 - - [03/Jul/2025:16:20:27 +0000] "GET /product-category/class/arshad/ HTTP/1.1" 200 28346 "https://www.google.com/" "Mozilla/5.0 (Linux; Android 10; K) AppleWebKit/537.36 (KHTML, like Gecko) Chrome/137.0.0.0 Mobile Safari/537.36"
37.32.17.3 - - [03/Jul/2025:16:20:28 +0000] "GET /product-category/class/arshad/ HTTP/1.1" 200 28346 "https://www.google.com/" "Mozilla/5.0 (Linux; Android 10; K) AppleWebKit/537.36 (KHTML, like Gecko) Chrome/137.0.0.0 Mobile Safari/537.36"
89.45.48.75 - - [03/Jul/2025:16:20:52 +0000] "POST /wp-cron.php?doing_wp_cron=1751559652.2943620681762695312500 HTTP/1.1" 200 0 "-" "WordPress/6.8.1; https://mavadkonkoor.ir"
185.215.232.196 - - [03/Jul/2025:16:21:23 +0000] "GET /wp-admin/images/ HTTP/1.1" 200 2936 "binance.com" "Mozilla/5.0 (Windows NT 10.0; Win64; x64) AppleWebKit/537.36 (KHTML, like Gecko) Chrome/90.0.4430.85 Safari/537.36"
37.32.17.3 - - [03/Jul/2025:16:21:36 +0000] "GET /product/%d8%af%d8%b1%d9%88%d8%b3-%d8%aa%d8%ae%d8%b5%d8%b5%db%8c-%da%a9%d9%86%da%a9%d9%88%d8%b1-%d9%85%d9%88%d8%a7%d8%af/ HTTP/1.1" 200 66057 "https://mavadkonkoor.ir/product-category/class/arshad/" "Mozilla/5.0 (Linux; Android 10; K) AppleWebKit/537.36 (KHTML, like Gecko) Chrome/137.0.0.0 Mobile Safari/537.36"
185.215.232.196 - - [03/Jul/2025:16:21:51 +0000] "GET /wp-includes/ HTTP/1.1" 200 8799 "binance.com" "Mozilla/5.0 (Windows NT 10.0; Win64; x64) AppleWebKit/537.36 (KHTML, like Gecko) Chrome/90.0.4430.85 Safari/537.36"
185.215.232.195 - - [03/Jul/2025:16:21:58 +0000] "GET /wp-includes/js/dist/primitives.min.js HTTP/1.1" 200 762 "-" "Mozilla/5.0 AppleWebKit/537.36 (KHTML, like Gecko; compatible; ClaudeBot/1.0; +claudebot@anthropic.com)"
94.101.182.6 - - [03/Jul/2025:16:24:10 +0000] "GET /wp-includes/js/jquery/jquery-migrate.min.js?ver=3.4.1 HTTP/1.1" 200 4678 "https://mavadkonkoor.ir/%D8%B1%D8%AA%D8%A8%D9%87-%D9%87%D8%A7%DB%8C-%D8%A8%D8%B1%D8%AA%D8%B1-%DA%A9%D9%86%DA%A9%D9%88%D8%B1-%D9%85%D9%88%D8%A7%D8%AF/" "Mozilla/5.0 (Windows NT 10.0; Win64; x64) AppleWebKit/537.36 (KHTML, like Gecko) Chrome/138.0.0.0 Safari/537.36"
94.101.182.6 - - [03/Jul/2025:16:24:10 +0000] "GET /wp-content/themes/mavadkonkoor-theme/assets/js/ajax/comment.js HTTP/1.1" 200 1251 "https://mavadkonkoor.ir/%D8%B1%D8%AA%D8%A8%D9%87-%D9%87%D8%A7%DB%8C-%D8%A8%D8%B1%D8%AA%D8%B1-%DA%A9%D9%86%DA%A9%D9%88%D8%B1-%D9%85%D9%88%D8%A7%D8%AF/" "Mozilla/5.0 (Windows NT 10.0; Win64; x64) AppleWebKit/537.36 (KHTML, like Gecko) Chrome/138.0.0.0 Safari/537.36"
94.101.182.6 - - [03/Jul/2025:16:24:09 +0000] "GET /wp-content/plugins/woocommerce/assets/css/brands.css?ver=9.9.5 HTTP/1.1" 200 579 "https://mavadkonkoor.ir/%D8%B1%D8%AA%D8%A8%D9%87-%D9%87%D8%A7%DB%8C-%D8%A8%D8%B1%D8%AA%D8%B1-%DA%A9%D9%86%DA%A9%D9%88%D8%B1-%D9%85%D9%88%D8%A7%D8%AF/" "Mozilla/5.0 (Windows NT 10.0; Win64; x64) AppleWebKit/537.36 (KHTML, like Gecko) Chrome/138.0.0.0 Safari/537.36"
94.101.182.6 - - [03/Jul/2025:16:24:10 +0000] "GET /wp-content/uploads/2024/07/Untitled-2-1.jpg HTTP/1.1" 200 6760 "https://mavadkonkoor.ir/%D8%B1%D8%AA%D8%A8%D9%87-%D9%87%D8%A7%DB%8C-%D8%A8%D8%B1%D8%AA%D8%B1-%DA%A9%D9%86%DA%A9%D9%88%D8%B1-%D9%85%D9%88%D8%A7%D8%AF/" "Mozilla/5.0 (Windows NT 10.0; Win64; x64) AppleWebKit/537.36 (KHTML, like Gecko) Chrome/138.0.0.0 Safari/537.36"
94.101.182.6 - - [03/Jul/2025:16:24:10 +0000] "GET /wp-content/plugins/woocommerce/assets/client/blocks/wc-blocks-rtl.css?ver=wc-9.9.5 HTTP/1.1" 200 2357 "https://mavadkonkoor.ir/%D8%B1%D8%AA%D8%A8%D9%87-%D9%87%D8%A7%DB%8C-%D8%A8%D8%B1%D8%AA%D8%B1-%DA%A9%D9%86%DA%A9%D9%88%D8%B1-%D9%85%D9%88%D8%A7%D8%AF/" "Mozilla/5.0 (Windows NT 10.0; Win64; x64) AppleWebKit/537.36 (KHTML, like Gecko) Chrome/138.0.0.0 Safari/537.36"
94.101.182.6 - - [03/Jul/2025:16:24:10 +0000] "GET /wp-content/uploads/2024/07/1%D9%85%D8%A7%D9%87%D8%A7%D9%86-%D8%A7%D8%AD%D9%85%D8%AF%DB%8C.jpg HTTP/1.1" 200 31067 "https://mavadkonkoor.ir/%D8%B1%D8%AA%D8%A8%D9%87-%D9%87%D8%A7%DB%8C-%D8%A8%D8%B1%D8%AA%D8%B1-%DA%A9%D9%86%DA%A9%D9%88%D8%B1-%D9%85%D9%88%D8%A7%D8%AF/" "Mozilla/5.0 (Windows NT 10.0; Win64; x64) AppleWebKit/537.36 (KHTML, like Gecko) Chrome/138.0.0.0 Safari/537.36"
94.101.182.6 - - [03/Jul/2025:16:24:10 +0000] "GET /wp-content/uploads/2024/07/%D8%B3%DB%8C%D8%B1%D9%88%D8%B3-%D9%85%D8%B9%D9%85%D8%A7%D8%B1%D8%B2%D8%A7%D8%AF%D9%87.jpg HTTP/1.1" 200 26655 "https://mavadkonkoor.ir/%D8%B1%D8%AA%D8%A8%D9%87-%D9%87%D8%A7%DB%8C-%D8%A8%D8%B1%D8%AA%D8%B1-%DA%A9%D9%86%DA%A9%D9%88%D8%B1-%D9%85%D9%88%D8%A7%D8%AF/" "Mozilla/5.0 (Windows NT 10.0; Win64; x64) AppleWebKit/537.36 (KHTML, like Gecko) Chrome/138.0.0.0 Safari/537.36"
94.101.182.6 - - [03/Jul/2025:16:24:10 +0000] "GET /wp-content/uploads/2024/07/%D9%85%D8%AD%D9%85%D8%AF%D8%AD%D8%B3%DB%8C%D9%86-%D8%A7%D8%B3%D8%AF%DB%8C.jpg HTTP/1.1" 200 27824 "https://mavadkonkoor.ir/%D8%B1%D8%AA%D8%A8%D9%87-%D9%87%D8%A7%DB%8C-%D8%A8%D8%B1%D8%AA%D8%B1-%DA%A9%D9%86%DA%A9%D9%88%D8%B1-%D9%85%D9%88%D8%A7%D8%AF/" "Mozilla/5.0 (Windows NT 10.0; Win64; x64) AppleWebKit/537.36 (KHTML, like Gecko) Chrome/138.0.0.0 Safari/537.36"
94.101.182.6 - - [03/Jul/2025:16:24:11 +0000] "GET /wp-content/uploads/2024/07/%D8%B1%D9%88%D8%B2%D8%A8%D9%87-%D8%A2%D9%82%D8%A7%D8%A8%D8%B1%D8%A7%D8%B1%DB%8C.jpg HTTP/1.1" 200 21313 "https://mavadkonkoor.ir/%D8%B1%D8%AA%D8%A8%D9%87-%D9%87%D8%A7%DB%8C-%D8%A8%D8%B1%D8%AA%D8%B1-%DA%A9%D9%86%DA%A9%D9%88%D8%B1-%D9%85%D9%88%D8%A7%D8%AF/" "Mozilla/5.0 (Windows NT 10.0; Win64; x64) AppleWebKit/537.36 (KHTML, like Gecko) Chrome/138.0.0.0 Safari/537.36"
94.101.182.6 - - [03/Jul/2025:16:24:11 +0000] "GET /wp-content/uploads/2024/07/%D8%A7%D9%85%DB%8C%D8%B1%D8%AD%D8%B3%DB%8C%D9%86-%D9%86%D8%B5%D8%B1%D8%A7%D9%84%D9%84%D9%87%DB%8C1.jpg HTTP/1.1" 200 30863 "https://mavadkonkoor.ir/%D8%B1%D8%AA%D8%A8%D9%87-%D9%87%D8%A7%DB%8C-%D8%A8%D8%B1%D8%AA%D8%B1-%DA%A9%D9%86%DA%A9%D9%88%D8%B1-%D9%85%D9%88%D8%A7%D8%AF/" "Mozilla/5.0 (Windows NT 10.0; Win64; x64) AppleWebKit/537.36 (KHTML, like Gecko) Chrome/138.0.0.0 Safari/537.36"
94.101.182.6 - - [03/Jul/2025:16:24:12 +0000] "GET /wp-content/uploads/2024/07/%D8%B1%D8%B6%D8%A7-%D8%B3%D9%84%D8%B7%D8%A7%D9%86%DB%8C.jpg HTTP/1.1" 200 22333 "https://mavadkonkoor.ir/%D8%B1%D8%AA%D8%A8%D9%87-%D9%87%D8%A7%DB%8C-%D8%A8%D8%B1%D8%AA%D8%B1-%DA%A9%D9%86%DA%A9%D9%88%D8%B1-%D9%85%D9%88%D8%A7%D8%AF/" "Mozilla/5.0 (Windows NT 10.0; Win64; x64) AppleWebKit/537.36 (KHTML, like Gecko) Chrome/138.0.0.0 Safari/537.36"
94.101.182.6 - - [03/Jul/2025:16:24:09 +0000] "GET /wp-content/themes/mavadkonkoor-theme/assets/fonts/yekan-bakh/yekan-bakh-heavy.woff2 HTTP/1.1" 200 24192 "https://mavadkonkoor.ir/%D8%B1%D8%AA%D8%A8%D9%87-%D9%87%D8%A7%DB%8C-%D8%A8%D8%B1%D8%AA%D8%B1-%DA%A9%D9%86%DA%A9%D9%88%D8%B1-%D9%85%D9%88%D8%A7%D8%AF/" "Mozilla/5.0 (Windows NT 10.0; Win64; x64) AppleWebKit/537.36 (KHTML, like Gecko) Chrome/138.0.0.0 Safari/537.36"
94.101.182.6 - - [03/Jul/2025:16:24:10 +0000] "GET /wp-content/themes/mavadkonkoor-theme/assets/images/logo/logo.png HTTP/1.1" 200 8350 "https://mavadkonkoor.ir/%D8%B1%D8%AA%D8%A8%D9%87-%D9%87%D8%A7%DB%8C-%D8%A8%D8%B1%D8%AA%D8%B1-%DA%A9%D9%86%DA%A9%D9%88%D8%B1-%D9%85%D9%88%D8%A7%D8%AF/" "Mozilla/5.0 (Windows NT 10.0; Win64; x64) AppleWebKit/537.36 (KHTML, like Gecko) Chrome/138.0.0.0 Safari/537.36"
185.215.232.195 - - [03/Jul/2025:16:24:10 +0000] "GET /wp-includes/js/crop/cropper.js HTTP/1.1" 200 4791 "-" "Mozilla/5.0 AppleWebKit/537.36 (KHTML, like Gecko; compatible; ClaudeBot/1.0; +claudebot@anthropic.com)"
94.101.182.6 - - [03/Jul/2025:16:24:10 +0000] "GET /wp-content/uploads/2024/07/1%D9%85%D8%AD%D8%AF%D8%AB%D9%87-%D9%82%D8%B1%D9%86%DB%8C.jpg HTTP/1.1" 200 22832 "https://mavadkonkoor.ir/%D8%B1%D8%AA%D8%A8%D9%87-%D9%87%D8%A7%DB%8C-%D8%A8%D8%B1%D8%AA%D8%B1-%DA%A9%D9%86%DA%A9%D9%88%D8%B1-%D9%85%D9%88%D8%A7%D8%AF/" "Mozilla/5.0 (Windows NT 10.0; Win64; x64) AppleWebKit/537.36 (KHTML, like Gecko) Chrome/138.0.0.0 Safari/537.36"
94.101.182.6 - - [03/Jul/2025:16:24:10 +0000] "GET /wp-content/themes/mavadkonkoor-theme/assets/js/main.js?ver=1.0.73 HTTP/1.1" 200 3061 "https://mavadkonkoor.ir/%D8%B1%D8%AA%D8%A8%D9%87-%D9%87%D8%A7%DB%8C-%D8%A8%D8%B1%D8%AA%D8%B1-%DA%A9%D9%86%DA%A9%D9%88%D8%B1-%D9%85%D9%88%D8%A7%D8%AF/" "Mozilla/5.0 (Windows NT 10.0; Win64; x64) AppleWebKit/537.36 (KHTML, like Gecko) Chrome/138.0.0.0 Safari/537.36"
94.101.182.6 - - [03/Jul/2025:16:24:11 +0000] "GET /wp-content/uploads/2024/07/1%D9%85%D8%AD%D8%AF%D8%AB%D9%87-%D8%A7%D8%AD%D9%85%D8%AF%DB%8C.jpg HTTP/1.1" 200 23723 "https://mavadkonkoor.ir/%D8%B1%D8%AA%D8%A8%D9%87-%D9%87%D8%A7%DB%8C-%D8%A8%D8%B1%D8%AA%D8%B1-%DA%A9%D9%86%DA%A9%D9%88%D8%B1-%D9%85%D9%88%D8%A7%D8%AF/" "Mozilla/5.0 (Windows NT 10.0; Win64; x64) AppleWebKit/537.36 (KHTML, like Gecko) Chrome/138.0.0.0 Safari/537.36"
94.101.182.6 - - [03/Jul/2025:16:24:11 +0000] "GET /wp-content/uploads/2024/07/%D8%B1%D8%A7%D8%AF%D9%85%D8%A7%D9%86-%D8%B9%D9%85%D8%B1%D8%A7%D9%86%DB%8C1.jpg HTTP/1.1" 200 30469 "https://mavadkonkoor.ir/%D8%B1%D8%AA%D8%A8%D9%87-%D9%87%D8%A7%DB%8C-%D8%A8%D8%B1%D8%AA%D8%B1-%DA%A9%D9%86%DA%A9%D9%88%D8%B1-%D9%85%D9%88%D8%A7%D8%AF/" "Mozilla/5.0 (Windows NT 10.0; Win64; x64) AppleWebKit/537.36 (KHTML, like Gecko) Chrome/138.0.0.0 Safari/537.36"
94.101.182.6 - - [03/Jul/2025:16:24:12 +0000] "GET /wp-content/uploads/2024/07/%D8%B4%D8%A7%D8%AF%DB%8C-%DA%AF%D9%84%D8%B3%D8%AA%D8%A7%D9%86%DB%8C1.jpg HTTP/1.1" 200 25343 "https://mavadkonkoor.ir/%D8%B1%D8%AA%D8%A8%D9%87-%D9%87%D8%A7%DB%8C-%D8%A8%D8%B1%D8%AA%D8%B1-%DA%A9%D9%86%DA%A9%D9%88%D8%B1-%D9%85%D9%88%D8%A7%D8%AF/" "Mozilla/5.0 (Windows NT 10.0; Win64; x64) AppleWebKit/537.36 (KHTML, like Gecko) Chrome/138.0.0.0 Safari/537.36"
94.101.182.6 - - [03/Jul/2025:16:24:12 +0000] "GET /wp-content/uploads/2024/07/%D8%A7%D9%85%DB%8C%D8%AF-%D8%AE%D8%AF%D8%A7%D8%A8%D9%86%D8%AF%D9%87-%D9%84%D9%88.jpg HTTP/1.1" 200 23419 "https://mavadkonkoor.ir/%D8%B1%D8%AA%D8%A8%D9%87-%D9%87%D8%A7%DB%8C-%D8%A8%D8%B1%D8%AA%D8%B1-%DA%A9%D9%86%DA%A9%D9%88%D8%B1-%D9%85%D9%88%D8%A7%D8%AF/" "Mozilla/5.0 (Windows NT 10.0; Win64; x64) AppleWebKit/537.36 (KHTML, like Gecko) Chrome/138.0.0.0 Safari/537.36"
94.101.182.6 - - [03/Jul/2025:16:24:12 +0000] "GET /wp-content/uploads/2024/07/6.png HTTP/1.1" 200 677577 "https://mavadkonkoor.ir/%D8%B1%D8%AA%D8%A8%D9%87-%D9%87%D8%A7%DB%8C-%D8%A8%D8%B1%D8%AA%D8%B1-%DA%A9%D9%86%DA%A9%D9%88%D8%B1-%D9%85%D9%88%D8%A7%D8%AF/" "Mozilla/5.0 (Windows NT 10.0; Win64; x64) AppleWebKit/537.36 (KHTML, like Gecko) Chrome/138.0.0.0 Safari/537.36"
94.101.182.6 - - [03/Jul/2025:16:24:10 +0000] "GET /wp-content/plugins/woocommerce/assets/js/frontend/add-to-cart.min.js?ver=9.9.5 HTTP/1.1" 200 1225 "https://mavadkonkoor.ir/%D8%B1%D8%AA%D8%A8%D9%87-%D9%87%D8%A7%DB%8C-%D8%A8%D8%B1%D8%AA%D8%B1-%DA%A9%D9%86%DA%A9%D9%88%D8%B1-%D9%85%D9%88%D8%A7%D8%AF/" "Mozilla/5.0 (Windows NT 10.0; Win64; x64) AppleWebKit/537.36 (KHTML, like Gecko) Chrome/138.0.0.0 Safari/537.36"
94.101.182.6 - - [03/Jul/2025:16:24:10 +0000] "GET /wp-content/plugins/woocommerce/assets/js/js-cookie/js.cookie.min.js?ver=2.1.4-wc.9.9.5 HTTP/1.1" 200 760 "https://mavadkonkoor.ir/%D8%B1%D8%AA%D8%A8%D9%87-%D9%87%D8%A7%DB%8C-%D8%A8%D8%B1%D8%AA%D8%B1-%DA%A9%D9%86%DA%A9%D9%88%D8%B1-%D9%85%D9%88%D8%A7%D8%AF/" "Mozilla/5.0 (Windows NT 10.0; Win64; x64) AppleWebKit/537.36 (KHTML, like Gecko) Chrome/138.0.0.0 Safari/537.36"
94.101.182.6 - - [03/Jul/2025:16:24:11 +0000] "GET /wp-content/themes/mavadkonkoor-theme/assets/images/dependencies/angle-down.svg HTTP/1.1" 200 149 "https://mavadkonkoor.ir/wp-content/themes/mavadkonkoor-theme/assets/css/main.css?ver=1.0.73" "Mozilla/5.0 (Windows NT 10.0; Win64; x64) AppleWebKit/537.36 (KHTML, like Gecko) Chrome/138.0.0.0 Safari/537.36"
94.101.182.6 - - [03/Jul/2025:16:24:11 +0000] "GET /wp-content/uploads/2024/07/%D8%B3%D8%A7%D8%B1%D8%A7-%D8%B3%D8%B1%D9%88%D8%B1%D9%BE%D9%88%D8%B1.jpg HTTP/1.1" 200 35703 "https://mavadkonkoor.ir/%D8%B1%D8%AA%D8%A8%D9%87-%D9%87%D8%A7%DB%8C-%D8%A8%D8%B1%D8%AA%D8%B1-%DA%A9%D9%86%DA%A9%D9%88%D8%B1-%D9%85%D9%88%D8%A7%D8%AF/" "Mozilla/5.0 (Windows NT 10.0; Win64; x64) AppleWebKit/537.36 (KHTML, like Gecko) Chrome/138.0.0.0 Safari/537.36"
94.101.182.6 - - [03/Jul/2025:16:24:12 +0000] "GET /wp-content/uploads/2024/07/%D8%B9%D9%84%DB%8C-%D8%B4%D9%88%D9%82%DB%8C1-1.jpg HTTP/1.1" 200 31293 "https://mavadkonkoor.ir/%D8%B1%D8%AA%D8%A8%D9%87-%D9%87%D8%A7%DB%8C-%D8%A8%D8%B1%D8%AA%D8%B1-%DA%A9%D9%86%DA%A9%D9%88%D8%B1-%D9%85%D9%88%D8%A7%D8%AF/" "Mozilla/5.0 (Windows NT 10.0; Win64; x64) AppleWebKit/537.36 (KHTML, like Gecko) Chrome/138.0.0.0 Safari/537.36"
94.101.182.6 - - [03/Jul/2025:16:24:12 +0000] "GET /wp-content/uploads/2024/07/%D9%85%D8%AD%D9%85%D8%AF%D8%B1%D8%B6%D8%A7-%D9%85%D8%BA%D8%B2%DB%8C1.jpg HTTP/1.1" 200 19304 "https://mavadkonkoor.ir/%D8%B1%D8%AA%D8%A8%D9%87-%D9%87%D8%A7%DB%8C-%D8%A8%D8%B1%D8%AA%D8%B1-%DA%A9%D9%86%DA%A9%D9%88%D8%B1-%D9%85%D9%88%D8%A7%D8%AF/" "Mozilla/5.0 (Windows NT 10.0; Win64; x64) AppleWebKit/537.36 (KHTML, like Gecko) Chrome/138.0.0.0 Safari/537.36"
94.101.182.6 - - [03/Jul/2025:16:24:12 +0000] "GET /wp-content/uploads/2024/07/%D9%87%D9%85%D8%A7-%D8%B5%D8%A8%D8%A7%D8%BA%DB%8C1.jpg HTTP/1.1" 200 27230 "https://mavadkonkoor.ir/%D8%B1%D8%AA%D8%A8%D9%87-%D9%87%D8%A7%DB%8C-%D8%A8%D8%B1%D8%AA%D8%B1-%DA%A9%D9%86%DA%A9%D9%88%D8%B1-%D9%85%D9%88%D8%A7%D8%AF/" "Mozilla/5.0 (Windows NT 10.0; Win64; x64) AppleWebKit/537.36 (KHTML, like Gecko) Chrome/138.0.0.0 Safari/537.36"
94.101.182.6 - - [03/Jul/2025:16:24:12 +0000] "GET /wp-content/uploads/2024/07/%D8%B3%D8%B9%DB%8C%D8%AF-%D8%B1%D8%B6%D8%A7%DB%8C%DB%8C1.jpg HTTP/1.1" 200 21556 "https://mavadkonkoor.ir/%D8%B1%D8%AA%D8%A8%D9%87-%D9%87%D8%A7%DB%8C-%D8%A8%D8%B1%D8%AA%D8%B1-%DA%A9%D9%86%DA%A9%D9%88%D8%B1-%D9%85%D9%88%D8%A7%D8%AF/" "Mozilla/5.0 (Windows NT 10.0; Win64; x64) AppleWebKit/537.36 (KHTML, like Gecko) Chrome/138.0.0.0 Safari/537.36"
94.101.182.6 - - [03/Jul/2025:16:24:12 +0000] "GET /wp-content/uploads/2024/07/%D8%A2%D8%B1%D8%B2%D9%88-%D8%A7%D8%AD%D9%85%D8%AF%DB%8C-%D8%A8%D9%86%DA%A9%D8%AF%D8%A7%D8%B1.jpg HTTP/1.1" 200 26659 "https://mavadkonkoor.ir/%D8%B1%D8%AA%D8%A8%D9%87-%D9%87%D8%A7%DB%8C-%D8%A8%D8%B1%D8%AA%D8%B1-%DA%A9%D9%86%DA%A9%D9%88%D8%B1-%D9%85%D9%88%D8%A7%D8%AF/" "Mozilla/5.0 (Windows NT 10.0; Win64; x64) AppleWebKit/537.36 (KHTML, like Gecko) Chrome/138.0.0.0 Safari/537.36"
185.215.232.196 - - [03/Jul/2025:16:24:16 +0000] "GET /wp-includes/class-wp-block-templates-registry.php HTTP/1.1" 200 0 "binance.com" "Mozilla/5.0 (Windows NT 10.0; Win64; x64) AppleWebKit/537.36 (KHTML, like Gecko) Chrome/90.0.4430.85 Safari/537.36"
94.101.182.6 - - [03/Jul/2025:16:24:09 +0000] "GET /wp-includes/css/dist/block-library/style-rtl.min.css?ver=6.8.1 HTTP/1.1" 200 14313 "https://mavadkonkoor.ir/%D8%B1%D8%AA%D8%A8%D9%87-%D9%87%D8%A7%DB%8C-%D8%A8%D8%B1%D8%AA%D8%B1-%DA%A9%D9%86%DA%A9%D9%88%D8%B1-%D9%85%D9%88%D8%A7%D8%AF/" "Mozilla/5.0 (Windows NT 10.0; Win64; x64) AppleWebKit/537.36 (KHTML, like Gecko) Chrome/138.0.0.0 Safari/537.36"
185.215.232.195 - - [03/Jul/2025:16:24:10 +0000] "GET /wp-includes/js/plupload/moxie.min.js HTTP/1.1" 200 26466 "-" "Mozilla/5.0 AppleWebKit/537.36 (KHTML, like Gecko; compatible; ClaudeBot/1.0; +claudebot@anthropic.com)"
94.101.182.6 - - [03/Jul/2025:16:24:10 +0000] "GET /wp-content/themes/mavadkonkoor-theme/assets/js/swiper-bundle.min.js?ver=11.0.5 HTTP/1.1" 200 39606 "https://mavadkonkoor.ir/%D8%B1%D8%AA%D8%A8%D9%87-%D9%87%D8%A7%DB%8C-%D8%A8%D8%B1%D8%AA%D8%B1-%DA%A9%D9%86%DA%A9%D9%88%D8%B1-%D9%85%D9%88%D8%A7%D8%AF/" "Mozilla/5.0 (Windows NT 10.0; Win64; x64) AppleWebKit/537.36 (KHTML, like Gecko) Chrome/138.0.0.0 Safari/537.36"
94.101.182.6 - - [03/Jul/2025:16:24:10 +0000] "GET /wp-content/themes/mavadkonkoor-theme/assets/js/ajax/comment-vote.js HTTP/1.1" 200 1284 "https://mavadkonkoor.ir/%D8%B1%D8%AA%D8%A8%D9%87-%D9%87%D8%A7%DB%8C-%D8%A8%D8%B1%D8%AA%D8%B1-%DA%A9%D9%86%DA%A9%D9%88%D8%B1-%D9%85%D9%88%D8%A7%D8%AF/" "Mozilla/5.0 (Windows NT 10.0; Win64; x64) AppleWebKit/537.36 (KHTML, like Gecko) Chrome/138.0.0.0 Safari/537.36"
94.101.182.6 - - [03/Jul/2025:16:24:10 +0000] "GET /wp-content/plugins/woocommerce/assets/js/frontend/woocommerce.min.js?ver=9.9.5 HTTP/1.1" 200 1251 "https://mavadkonkoor.ir/%D8%B1%D8%AA%D8%A8%D9%87-%D9%87%D8%A7%DB%8C-%D8%A8%D8%B1%D8%AA%D8%B1-%DA%A9%D9%86%DA%A9%D9%88%D8%B1-%D9%85%D9%88%D8%A7%D8%AF/" "Mozilla/5.0 (Windows NT 10.0; Win64; x64) AppleWebKit/537.36 (KHTML, like Gecko) Chrome/138.0.0.0 Safari/537.36"
94.101.182.6 - - [03/Jul/2025:16:24:10 +0000] "GET /wp-content/themes/mavadkonkoor-theme/assets/images/dependencies/lg-header.svg HTTP/1.1" 200 276 "https://mavadkonkoor.ir/wp-content/themes/mavadkonkoor-theme/assets/css/main.css?ver=1.0.73" "Mozilla/5.0 (Windows NT 10.0; Win64; x64) AppleWebKit/537.36 (KHTML, like Gecko) Chrome/138.0.0.0 Safari/537.36"
94.101.182.6 - - [03/Jul/2025:16:24:10 +0000] "GET /wp-content/uploads/2024/07/Untitled-1-3.jpg HTTP/1.1" 200 6241 "https://mavadkonkoor.ir/%D8%B1%D8%AA%D8%A8%D9%87-%D9%87%D8%A7%DB%8C-%D8%A8%D8%B1%D8%AA%D8%B1-%DA%A9%D9%86%DA%A9%D9%88%D8%B1-%D9%85%D9%88%D8%A7%D8%AF/" "Mozilla/5.0 (Windows NT 10.0; Win64; x64) AppleWebKit/537.36 (KHTML, like Gecko) Chrome/138.0.0.0 Safari/537.36"
94.101.182.6 - - [03/Jul/2025:16:24:12 +0000] "GET /wp-content/uploads/2024/07/%D9%BE%DA%AF%D8%A7%D9%87-%D9%BE%D9%88%D8%B1%D8%AE%D9%84%DB%8C%D9%84%DB%8C.jpg HTTP/1.1" 200 32218 "https://mavadkonkoor.ir/%D8%B1%D8%AA%D8%A8%D9%87-%D9%87%D8%A7%DB%8C-%D8%A8%D8%B1%D8%AA%D8%B1-%DA%A9%D9%86%DA%A9%D9%88%D8%B1-%D9%85%D9%88%D8%A7%D8%AF/" "Mozilla/5.0 (Windows NT 10.0; Win64; x64) AppleWebKit/537.36 (KHTML, like Gecko) Chrome/138.0.0.0 Safari/537.36"
94.101.182.6 - - [03/Jul/2025:16:24:12 +0000] "GET /wp-content/uploads/2024/07/5.png HTTP/1.1" 200 511906 "https://mavadkonkoor.ir/%D8%B1%D8%AA%D8%A8%D9%87-%D9%87%D8%A7%DB%8C-%D8%A8%D8%B1%D8%AA%D8%B1-%DA%A9%D9%86%DA%A9%D9%88%D8%B1-%D9%85%D9%88%D8%A7%D8%AF/" "Mozilla/5.0 (Windows NT 10.0; Win64; x64) AppleWebKit/537.36 (KHTML, like Gecko) Chrome/138.0.0.0 Safari/537.36"
185.215.232.200 - - [03/Jul/2025:16:24:25 +0000] "GET /wp-content/uploads/2024/07/%DA%A9%D8%AA%D8%A7%D8%A8-%D8%AC%D9%85%D8%B9-%D8%A8%D9%86%D8%AF%DB%8C-%DA%A9%D9%86%DA%A9%D9%88%D8%B1-%D8%AF%DA%A9%D8%AA%D8%B1%DB%8C-%D9%85%D9%87%D9%86%D8%AF%D8%B3%DB%8C-%D9%85%D9%88%D8%A7%D8%AF-%D9%88-%D9%85%D8%AA%D8%A7%D9%84%D9%88%DA%98%DB%8C-1.jpg HTTP/1.1" 206 500 "https://mavadkonkoor.ir/" "Mozilla/5.0 (Linux; Android 5.0) AppleWebKit/537.36 (KHTML, like Gecko) Mobile Safari/537.36 (compatible; Bytespider; spider-feedback@bytedance.com)"
94.101.182.6 - - [03/Jul/2025:16:24:10 +0000] "GET /wp-content/themes/mavadkonkoor-theme/assets/js/sweetalert2@11.js?ver=11.10.3 HTTP/1.1" 200 19494 "https://mavadkonkoor.ir/%D8%B1%D8%AA%D8%A8%D9%87-%D9%87%D8%A7%DB%8C-%D8%A8%D8%B1%D8%AA%D8%B1-%DA%A9%D9%86%DA%A9%D9%88%D8%B1-%D9%85%D9%88%D8%A7%D8%AF/" "Mozilla/5.0 (Windows NT 10.0; Win64; x64) AppleWebKit/537.36 (KHTML, like Gecko) Chrome/138.0.0.0 Safari/537.36"
94.101.182.6 - - [03/Jul/2025:16:24:11 +0000] "GET /wp-content/uploads/2024/07/%D8%B2%D9%87%D8%B1%D8%A7-%D8%B2%D9%84%D9%81-%D8%AE%D8%A7%D9%86%DB%8C.jpg HTTP/1.1" 200 20412 "https://mavadkonkoor.ir/%D8%B1%D8%AA%D8%A8%D9%87-%D9%87%D8%A7%DB%8C-%D8%A8%D8%B1%D8%AA%D8%B1-%DA%A9%D9%86%DA%A9%D9%88%D8%B1-%D9%85%D9%88%D8%A7%D8%AF/" "Mozilla/5.0 (Windows NT 10.0; Win64; x64) AppleWebKit/537.36 (KHTML, like Gecko) Chrome/138.0.0.0 Safari/537.36"
94.101.182.6 - - [03/Jul/2025:16:24:12 +0000] "GET /wp-content/uploads/2024/07/%D8%B9%D9%84%DB%8C-%D9%85%D8%B8%D9%81%D8%B1%DB%8C-%D9%81%D8%B1%D8%AF1-1.jpg HTTP/1.1" 200 26401 "https://mavadkonkoor.ir/%D8%B1%D8%AA%D8%A8%D9%87-%D9%87%D8%A7%DB%8C-%D8%A8%D8%B1%D8%AA%D8%B1-%DA%A9%D9%86%DA%A9%D9%88%D8%B1-%D9%85%D9%88%D8%A7%D8%AF/" "Mozilla/5.0 (Windows NT 10.0; Win64; x64) AppleWebKit/537.36 (KHTML, like Gecko) Chrome/138.0.0.0 Safari/537.36"
94.101.182.6 - - [03/Jul/2025:16:24:13 +0000] "GET /wp-content/uploads/2024/07/top-mavadkonkoor-99-00_Page_2-min-scaled-1.jpg HTTP/1.1" 200 374733 "https://mavadkonkoor.ir/%D8%B1%D8%AA%D8%A8%D9%87-%D9%87%D8%A7%DB%8C-%D8%A8%D8%B1%D8%AA%D8%B1-%DA%A9%D9%86%DA%A9%D9%88%D8%B1-%D9%85%D9%88%D8%A7%D8%AF/" "Mozilla/5.0 (Windows NT 10.0; Win64; x64) AppleWebKit/537.36 (KHTML, like Gecko) Chrome/138.0.0.0 Safari/537.36"
94.101.182.6 - - [03/Jul/2025:16:24:15 +0000] "GET /wp-content/uploads/2024/07/cropped-fav-32x32.png HTTP/1.1" 200 1546 "https://mavadkonkoor.ir/%D8%B1%D8%AA%D8%A8%D9%87-%D9%87%D8%A7%DB%8C-%D8%A8%D8%B1%D8%AA%D8%B1-%DA%A9%D9%86%DA%A9%D9%88%D8%B1-%D9%85%D9%88%D8%A7%D8%AF/" "Mozilla/5.0 (Windows NT 10.0; Win64; x64) AppleWebKit/537.36 (KHTML, like Gecko) Chrome/138.0.0.0 Safari/537.36"
185.215.232.200 - - [03/Jul/2025:16:24:23 +0000] "GET /wp-content/plugins/woocommerce/assets/css/brands.css?ver=9.9.5 HTTP/1.1" 200 579 "https://mavadkonkoor.ir/" "Mozilla/5.0 (Linux; Android 5.0) AppleWebKit/537.36 (KHTML, like Gecko) Mobile Safari/537.36 (compatible; Bytespider; spider-feedback@bytedance.com)"
185.215.232.200 - - [03/Jul/2025:16:24:23 +0000] "GET /wp-content/plugins/woocommerce/assets/css/woocommerce-layout-rtl.css?ver=9.9.5 HTTP/1.1" 200 3159 "https://mavadkonkoor.ir/" "Mozilla/5.0 (Linux; Android 5.0) AppleWebKit/537.36 (KHTML, like Gecko) Mobile Safari/537.36 (compatible; Bytespider; spider-feedback@bytedance.com)"
185.215.232.200 - - [03/Jul/2025:16:24:23 +0000] "GET /wp-includes/css/dist/block-library/style-rtl.min.css?ver=6.8.1 HTTP/1.1" 200 14313 "https://mavadkonkoor.ir/" "Mozilla/5.0 (Linux; Android 5.0) AppleWebKit/537.36 (KHTML, like Gecko) Mobile Safari/537.36 (compatible; Bytespider; spider-feedback@bytedance.com)"
185.215.232.200 - - [03/Jul/2025:16:24:25 +0000] "GET /wp-content/uploads/2024/07/%DA%A9%D8%AA%D8%A7%D8%A8-%D8%AC%D9%85%D8%B9-%D8%A8%D9%86%D8%AF%DB%8C-%DA%A9%D9%86%DA%A9%D9%88%D8%B1-%D8%AF%DA%A9%D8%AA%D8%B1%DB%8C-%D9%85%D9%87%D9%86%D8%AF%D8%B3%DB%8C-%D9%85%D9%88%D8%A7%D8%AF-%D9%88-%D9%85%D8%AA%D8%A7%D9%84%D9%88%DA%98%DB%8C-1-1.jpg HTTP/1.1" 206 500 "https://mavadkonkoor.ir/" "Mozilla/5.0 (Linux; Android 5.0) AppleWebKit/537.36 (KHTML, like Gecko) Mobile Safari/537.36 (compatible; Bytespider; spider-feedback@bytedance.com)"
185.215.232.200 - - [03/Jul/2025:16:24:25 +0000] "GET /wp-content/uploads/2024/07/%D9%85%D8%AC%D9%85%D9%88%D8%B9%D9%87-%DA%A9%D8%AA%D8%A7%D8%A8-%D9%87%D8%A7%DB%8C-%DA%A9%D9%86%DA%A9%D9%88%D8%B1-%D8%AF%DA%A9%D8%AA%D8%B1%DB%8C-250-%D8%AF%D8%B1-250.jpg HTTP/1.1" 206 500 "https://mavadkonkoor.ir/" "Mozilla/5.0 (Linux; Android 5.0) AppleWebKit/537.36 (KHTML, like Gecko) Mobile Safari/537.36 (compatible; Bytespider; spider-feedback@bytedance.com)"
94.101.182.6 - - [03/Jul/2025:16:24:10 +0000] "GET /wp-content/plugins/woocommerce/assets/js/jquery-blockui/jquery.blockUI.min.js?ver=2.7.0-wc.9.9.5 HTTP/1.1" 200 3277 "https://mavadkonkoor.ir/%D8%B1%D8%AA%D8%A8%D9%87-%D9%87%D8%A7%DB%8C-%D8%A8%D8%B1%D8%AA%D8%B1-%DA%A9%D9%86%DA%A9%D9%88%D8%B1-%D9%85%D9%88%D8%A7%D8%AF/" "Mozilla/5.0 (Windows NT 10.0; Win64; x64) AppleWebKit/537.36 (KHTML, like Gecko) Chrome/138.0.0.0 Safari/537.36"
94.101.182.6 - - [03/Jul/2025:16:24:10 +0000] "GET /wp-content/uploads/2024/07/%D9%85%D9%84%DB%8C%DA%A9%D8%A7-%D8%AC%D9%84%D8%A7%D9%84%DB%8C.jpg HTTP/1.1" 200 21095 "https://mavadkonkoor.ir/%D8%B1%D8%AA%D8%A8%D9%87-%D9%87%D8%A7%DB%8C-%D8%A8%D8%B1%D8%AA%D8%B1-%DA%A9%D9%86%DA%A9%D9%88%D8%B1-%D9%85%D9%88%D8%A7%D8%AF/" "Mozilla/5.0 (Windows NT 10.0; Win64; x64) AppleWebKit/537.36 (KHTML, like Gecko) Chrome/138.0.0.0 Safari/537.36"
94.101.182.6 - - [03/Jul/2025:16:24:11 +0000] "GET /wp-content/uploads/2024/07/%D8%B9%D9%84%DB%8C-%D9%85%D8%B8%D9%81%D8%B1%DB%8C-%D9%81%D8%B1%D8%AF1.jpg HTTP/1.1" 200 26401 "https://mavadkonkoor.ir/%D8%B1%D8%AA%D8%A8%D9%87-%D9%87%D8%A7%DB%8C-%D8%A8%D8%B1%D8%AA%D8%B1-%DA%A9%D9%86%DA%A9%D9%88%D8%B1-%D9%85%D9%88%D8%A7%D8%AF/" "Mozilla/5.0 (Windows NT 10.0; Win64; x64) AppleWebKit/537.36 (KHTML, like Gecko) Chrome/138.0.0.0 Safari/537.36"
94.101.182.6 - - [03/Jul/2025:16:24:12 +0000] "GET /wp-content/uploads/2024/07/%D8%B9%D9%84%DB%8C-%D8%B4%D9%88%D9%82%DB%8C1.jpg HTTP/1.1" 200 31293 "https://mavadkonkoor.ir/%D8%B1%D8%AA%D8%A8%D9%87-%D9%87%D8%A7%DB%8C-%D8%A8%D8%B1%D8%AA%D8%B1-%DA%A9%D9%86%DA%A9%D9%88%D8%B1-%D9%85%D9%88%D8%A7%D8%AF/" "Mozilla/5.0 (Windows NT 10.0; Win64; x64) AppleWebKit/537.36 (KHTML, like Gecko) Chrome/138.0.0.0 Safari/537.36"
94.101.182.6 - - [03/Jul/2025:16:24:12 +0000] "GET /wp-content/uploads/2024/07/%D9%85%D8%AD%D9%85%D8%AF%D8%B1%D8%B6%D8%A7-%D8%B5%D8%A7%D8%AF%D9%82%DB%8C-%D9%86%DA%98%D8%A7%D8%AF.jpg HTTP/1.1" 200 20658 "https://mavadkonkoor.ir/%D8%B1%D8%AA%D8%A8%D9%87-%D9%87%D8%A7%DB%8C-%D8%A8%D8%B1%D8%AA%D8%B1-%DA%A9%D9%86%DA%A9%D9%88%D8%B1-%D9%85%D9%88%D8%A7%D8%AF/" "Mozilla/5.0 (Windows NT 10.0; Win64; x64) AppleWebKit/537.36 (KHTML, like Gecko) Chrome/138.0.0.0 Safari/537.36"
94.101.182.6 - - [03/Jul/2025:16:24:14 +0000] "GET /wp-content/plugins/woocommerce/assets/css/woocommerce-smallscreen-rtl.css?ver=9.9.5 HTTP/1.1" 200 1163 "https://mavadkonkoor.ir/%D8%B1%D8%AA%D8%A8%D9%87-%D9%87%D8%A7%DB%8C-%D8%A8%D8%B1%D8%AA%D8%B1-%DA%A9%D9%86%DA%A9%D9%88%D8%B1-%D9%85%D9%88%D8%A7%D8%AF/" "Mozilla/5.0 (Windows NT 10.0; Win64; x64) AppleWebKit/537.36 (KHTML, like Gecko) Chrome/138.0.0.0 Safari/537.36"
185.215.232.200 - - [03/Jul/2025:16:24:23 +0000] "GET /wp-content/themes/mavadkonkoor-theme/assets/css/main.css?ver=1.0.73 HTTP/1.1" 200 14825 "https://mavadkonkoor.ir/" "Mozilla/5.0 (Linux; Android 5.0) AppleWebKit/537.36 (KHTML, like Gecko) Mobile Safari/537.36 (compatible; Bytespider; spider-feedback@bytedance.com)"
185.215.232.200 - - [03/Jul/2025:16:24:25 +0000] "GET /wp-content/themes/mavadkonkoor-theme/assets/images/dependencies/md-header.svg HTTP/1.1" 206 500 "https://mavadkonkoor.ir/wp-content/themes/mavadkonkoor-theme/assets/css/main.css?ver=1.0.73" "Mozilla/5.0 (Linux; Android 5.0) AppleWebKit/537.36 (KHTML, like Gecko) Mobile Safari/537.36 (compatible; Bytespider; spider-feedback@bytedance.com)"
185.215.232.200 - - [03/Jul/2025:16:24:25 +0000] "GET /wp-content/themes/mavadkonkoor-theme/assets/images/dependencies/mail-bg.svg HTTP/1.1" 206 500 "https://mavadkonkoor.ir/wp-content/themes/mavadkonkoor-theme/assets/css/main.css?ver=1.0.73" "Mozilla/5.0 (Linux; Android 5.0) AppleWebKit/537.36 (KHTML, like Gecko) Mobile Safari/537.36 (compatible; Bytespider; spider-feedback@bytedance.com)"
94.101.182.6 - - [03/Jul/2025:16:24:11 +0000] "GET /wp-content/uploads/2024/07/%D8%B1%DB%8C%D8%AD%D8%A7%D9%86%D9%87-%D9%BE%D9%88%D8%B1-%D8%AC%D8%A8%D8%A7%D8%B1%DB%8C.jpg HTTP/1.1" 200 34613 "https://mavadkonkoor.ir/%D8%B1%D8%AA%D8%A8%D9%87-%D9%87%D8%A7%DB%8C-%D8%A8%D8%B1%D8%AA%D8%B1-%DA%A9%D9%86%DA%A9%D9%88%D8%B1-%D9%85%D9%88%D8%A7%D8%AF/" "Mozilla/5.0 (Windows NT 10.0; Win64; x64) AppleWebKit/537.36 (KHTML, like Gecko) Chrome/138.0.0.0 Safari/537.36"
94.101.182.6 - - [03/Jul/2025:16:24:12 +0000] "GET /wp-content/uploads/2024/07/%D8%B3%DB%8C%D9%86%D8%A7-%D8%AC%D8%B1%D8%A6%D8%AA%DB%8C.jpg HTTP/1.1" 200 24466 "https://mavadkonkoor.ir/%D8%B1%D8%AA%D8%A8%D9%87-%D9%87%D8%A7%DB%8C-%D8%A8%D8%B1%D8%AA%D8%B1-%DA%A9%D9%86%DA%A9%D9%88%D8%B1-%D9%85%D9%88%D8%A7%D8%AF/" "Mozilla/5.0 (Windows NT 10.0; Win64; x64) AppleWebKit/537.36 (KHTML, like Gecko) Chrome/138.0.0.0 Safari/537.36"
94.101.182.6 - - [03/Jul/2025:16:24:12 +0000] "GET /wp-content/uploads/2024/07/%D8%B9%D9%84%DB%8C-%D8%AC%D8%B9%D9%81%D8%B1%DB%8C.jpg HTTP/1.1" 200 25698 "https://mavadkonkoor.ir/%D8%B1%D8%AA%D8%A8%D9%87-%D9%87%D8%A7%DB%8C-%D8%A8%D8%B1%D8%AA%D8%B1-%DA%A9%D9%86%DA%A9%D9%88%D8%B1-%D9%85%D9%88%D8%A7%D8%AF/" "Mozilla/5.0 (Windows NT 10.0; Win64; x64) AppleWebKit/537.36 (KHTML, like Gecko) Chrome/138.0.0.0 Safari/537.36"
94.101.182.6 - - [03/Jul/2025:16:24:12 +0000] "GET /wp-content/uploads/2024/07/1%D9%81%D8%B1%D8%B2%D8%A7%D9%86%D9%87-%D8%A7%D8%A8%D8%B1%D9%87-%D8%AF%D8%B1%DB%8C.jpg HTTP/1.1" 200 24338 "https://mavadkonkoor.ir/%D8%B1%D8%AA%D8%A8%D9%87-%D9%87%D8%A7%DB%8C-%D8%A8%D8%B1%D8%AA%D8%B1-%DA%A9%D9%86%DA%A9%D9%88%D8%B1-%D9%85%D9%88%D8%A7%D8%AF/" "Mozilla/5.0 (Windows NT 10.0; Win64; x64) AppleWebKit/537.36 (KHTML, like Gecko) Chrome/138.0.0.0 Safari/537.36"
94.101.182.6 - - [03/Jul/2025:16:24:13 +0000] "GET /wp-content/uploads/2024/07/4.png HTTP/1.1" 200 76912 "https://mavadkonkoor.ir/%D8%B1%D8%AA%D8%A8%D9%87-%D9%87%D8%A7%DB%8C-%D8%A8%D8%B1%D8%AA%D8%B1-%DA%A9%D9%86%DA%A9%D9%88%D8%B1-%D9%85%D9%88%D8%A7%D8%AF/" "Mozilla/5.0 (Windows NT 10.0; Win64; x64) AppleWebKit/537.36 (KHTML, like Gecko) Chrome/138.0.0.0 Safari/537.36"
185.215.232.200 - - [03/Jul/2025:16:24:24 +0000] "GET /wp-content/plugins/gravityforms/assets/css/dist/gravity-forms-theme-framework.min.css?ver=2.9.9.1 HTTP/1.1" 200 20549 "https://mavadkonkoor.ir/" "Mozilla/5.0 (Linux; Android 5.0) AppleWebKit/537.36 (KHTML, like Gecko) Mobile Safari/537.36 (compatible; Bytespider; spider-feedback@bytedance.com)"
185.215.232.200 - - [03/Jul/2025:16:24:26 +0000] "GET /wp-content/uploads/2024/08/4b531438-19ee-40b8-99ac-bb3834e020db-1.jpg HTTP/1.1" 206 500 "https://mavadkonkoor.ir/" "Mozilla/5.0 (Linux; Android 5.0) AppleWebKit/537.36 (KHTML, like Gecko) Mobile Safari/537.36 (compatible; Bytespider; spider-feedback@bytedance.com)"
185.215.232.200 - - [03/Jul/2025:16:24:26 +0000] "GET /wp-content/uploads/2024/07/%DA%A9%D8%AA%D8%A7%D8%A8-%D8%B4%DB%8C%D9%85%DB%8C-%D9%81%DB%8C%D8%B2%DB%8C%DA%A9-%D9%88-%D8%AA%D8%B1%D9%85%D9%88%D8%AF%DB%8C%D9%86%D8%A7%D9%85%DB%8C%DA%A9-%DA%A9%D9%86%DA%A9%D9%88%D8%B1-%D9%85%D9%87%D9%86%D8%AF%D8%B3%DB%8C-%D9%85%D9%88%D8%A7%D8%AF-1.jpg HTTP/1.1" 206 500 "https://mavadkonkoor.ir/" "Mozilla/5.0 (Linux; Android 5.0) AppleWebKit/537.36 (KHTML, like Gecko) Mobile Safari/537.36 (compatible; Bytespider; spider-feedback@bytedance.com)"
185.215.232.200 - - [03/Jul/2025:16:24:28 +0000] "GET /wp-content/uploads/2024/11/the-top-experimental-ranks-of-the-material-engineering.png HTTP/1.1" 206 500 "https://mavadkonkoor.ir/" "Mozilla/5.0 (Linux; Android 5.0) AppleWebKit/537.36 (KHTML, like Gecko) Mobile Safari/537.36 (compatible; Bytespider; spider-feedback@bytedance.com)"
185.215.232.200 - - [03/Jul/2025:16:24:28 +0000] "GET /wp-content/uploads/2019/07/moadele.webp HTTP/1.1" 206 500 "https://mavadkonkoor.ir/" "Mozilla/5.0 (Linux; Android 5.0) AppleWebKit/537.36 (KHTML, like Gecko) Mobile Safari/537.36 (compatible; Bytespider; spider-feedback@bytedance.com)"
94.101.182.6 - - [03/Jul/2025:16:24:12 +0000] "GET /wp-content/uploads/2024/07/%D9%85%D8%AD%D9%85%D8%AF-%DB%8C%D8%B2%D8%AF%D8%A7%D9%86%DB%8C-%D9%BE%D9%86%D8%A7%D9%871.jpg HTTP/1.1" 200 26519 "https://mavadkonkoor.ir/%D8%B1%D8%AA%D8%A8%D9%87-%D9%87%D8%A7%DB%8C-%D8%A8%D8%B1%D8%AA%D8%B1-%DA%A9%D9%86%DA%A9%D9%88%D8%B1-%D9%85%D9%88%D8%A7%D8%AF/" "Mozilla/5.0 (Windows NT 10.0; Win64; x64) AppleWebKit/537.36 (KHTML, like Gecko) Chrome/138.0.0.0 Safari/537.36"
185.215.232.200 - - [03/Jul/2025:16:24:10 +0000] "GET / HTTP/1.1" 200 47888 "-" "Mozilla/5.0 (Linux; Android 5.0) AppleWebKit/537.36 (KHTML, like Gecko) Mobile Safari/537.36 (compatible; Bytespider; spider-feedback@bytedance.com)"
185.215.232.200 - - [03/Jul/2025:16:24:23 +0000] "GET /wp-content/themes/mavadkonkoor-theme/assets/css/swiper-bundle.min.css?ver=11.0.5 HTTP/1.1" 200 4493 "https://mavadkonkoor.ir/" "Mozilla/5.0 (Linux; Android 5.0) AppleWebKit/537.36 (KHTML, like Gecko) Mobile Safari/537.36 (compatible; Bytespider; spider-feedback@bytedance.com)"
185.215.232.200 - - [03/Jul/2025:16:24:24 +0000] "GET /wp-content/plugins/gravityforms/assets/css/dist/gravity-forms-theme-reset.min.css?ver=2.9.9.1 HTTP/1.1" 200 629 "https://mavadkonkoor.ir/" "Mozilla/5.0 (Linux; Android 5.0) AppleWebKit/537.36 (KHTML, like Gecko) Mobile Safari/537.36 (compatible; Bytespider; spider-feedback@bytedance.com)"
185.215.232.200 - - [03/Jul/2025:16:24:24 +0000] "GET /wp-content/plugins/gravityforms/assets/css/dist/gravity-forms-orbital-theme.min.css?ver=2.9.9.1 HTTP/1.1" 200 0 "https://mavadkonkoor.ir/" "Mozilla/5.0 (Linux; Android 5.0) AppleWebKit/537.36 (KHTML, like Gecko) Mobile Safari/537.36 (compatible; Bytespider; spider-feedback@bytedance.com)"
185.215.232.200 - - [03/Jul/2025:16:24:27 +0000] "GET /wp-content/uploads/2024/07/%DA%A9%D8%AA%D8%A7%D8%A8-%D8%AC%D9%85%D8%B9-%D8%A8%D9%86%D8%AF%DB%8C-%D8%AF%D8%B1%D9%88%D8%B3-%D9%85%D9%87%D9%86%D8%AF%D8%B3%DB%8C-%D9%85%D9%88%D8%A7%D8%AF-%D8%AF%D8%B1-%DA%A9%D9%86%DA%A9%D9%88%D8%B1-%D9%86%D8%A7%D9%86%D9%88-1.jpg HTTP/1.1" 206 500 "https://mavadkonkoor.ir/" "Mozilla/5.0 (Linux; Android 5.0) AppleWebKit/537.36 (KHTML, like Gecko) Mobile Safari/537.36 (compatible; Bytespider; spider-feedback@bytedance.com)"
185.215.232.200 - - [03/Jul/2025:16:24:28 +0000] "GET /wp-content/uploads/2020/04/test-analysis.jpg HTTP/1.1" 206 500 "https://mavadkonkoor.ir/" "Mozilla/5.0 (Linux; Android 5.0) AppleWebKit/537.36 (KHTML, like Gecko) Mobile Safari/537.36 (compatible; Bytespider; spider-feedback@bytedance.com)"
185.215.232.200 - - [03/Jul/2025:16:24:29 +0000] "GET /wp-content/uploads/2024/07/%D9%85%D8%AD%D9%85%D8%AF%D8%B9%D9%84%DB%8C-%D8%B1%D8%B6%D8%A7%DB%8C%DB%8C.jpg HTTP/1.1" 206 500 "https://mavadkonkoor.ir/" "Mozilla/5.0 (Linux; Android 5.0) AppleWebKit/537.36 (KHTML, like Gecko) Mobile Safari/537.36 (compatible; Bytespider; spider-feedback@bytedance.com)"
37.32.18.2 - - [03/Jul/2025:16:24:29 +0000] "GET / HTTP/1.1" 200 47821 "https://www.google.com/" "Mozilla/5.0 (Linux; Android 10; MAR-LX1A) AppleWebKit/537.36 (KHTML, like Gecko) SamsungBrowser/14.2 Chrome/87.0.4280.141 Mobile Safari/537.36"
185.215.232.196 - - [03/Jul/2025:16:24:42 +0000] "GET /wp-includes/class-wp-exception.php HTTP/1.1" 200 0 "binance.com" "Mozilla/5.0 (Windows NT 10.0; Win64; x64) AppleWebKit/537.36 (KHTML, like Gecko) Chrome/90.0.4430.85 Safari/537.36"
185.215.232.196 - - [03/Jul/2025:16:25:00 +0000] "GET /wp-includes/class-wp-navigation-fallback.php HTTP/1.1" 200 0 "binance.com" "Mozilla/5.0 (Windows NT 10.0; Win64; x64) AppleWebKit/537.36 (KHTML, like Gecko) Chrome/90.0.4430.85 Safari/537.36"
185.215.232.195 - - [03/Jul/2025:16:25:03 +0000] "GET /wp-includes/js/dist/escape-html.min.js HTTP/1.1" 200 476 "-" "Mozilla/5.0 AppleWebKit/537.36 (KHTML, like Gecko; compatible; ClaudeBot/1.0; +claudebot@anthropic.com)"
185.215.232.195 - - [03/Jul/2025:16:25:03 +0000] "GET /wp-includes/js/dist/warning.min.js HTTP/1.1" 200 209 "-" "Mozilla/5.0 AppleWebKit/537.36 (KHTML, like Gecko; compatible; ClaudeBot/1.0; +claudebot@anthropic.com)"
