94.101.182.14 - - [03/Jul/2025:20:15:42 +0000] "GET /wp-content/uploads/2024/08/9de0a26b-1253-4659-a966-1633c6dd29b0.jpg HTTP/1.1" 200 30670 "https://mavadkonkoor.ir/" "Mozilla/5.0 (Linux; Android 10; K) AppleWebKit/537.36 (KHTML, like Gecko) Chrome/137.0.0.0 Mobile Safari/537.36"
94.101.182.14 - - [03/Jul/2025:20:15:42 +0000] "GET /wp-content/plugins/woocommerce/assets/client/blocks/wc-blocks-rtl.css?ver=wc-9.9.5 HTTP/1.1" 200 2357 "https://mavadkonkoor.ir/" "Mozilla/5.0 (Linux; Android 10; K) AppleWebKit/537.36 (KHTML, like Gecko) Chrome/137.0.0.0 Mobile Safari/537.36"
94.101.182.14 - - [03/Jul/2025:20:15:42 +0000] "GET /wp-content/plugins/gravityforms/assets/css/dist/gravity-forms-theme-framework.min.css?ver=2.9.9.1 HTTP/1.1" 200 20549 "https://mavadkonkoor.ir/" "Mozilla/5.0 (Linux; Android 10; K) AppleWebKit/537.36 (KHTML, like Gecko) Chrome/137.0.0.0 Mobile Safari/537.36"
94.101.182.14 - - [03/Jul/2025:20:15:42 +0000] "GET /wp-content/uploads/2024/07/%DA%A9%D8%AA%D8%A7%D8%A8-%D8%AC%D9%85%D8%B9-%D8%A8%D9%86%D8%AF%DB%8C-%DA%A9%D9%86%DA%A9%D9%88%D8%B1-%D8%A7%D8%B1%D8%B4%D8%AF-%D9%85%D9%87%D9%86%D8%AF%D8%B3%DB%8C-%D9%85%D9%88%D8%A7%D8%AF-2.jpg HTTP/1.1" 200 44213 "https://mavadkonkoor.ir/" "Mozilla/5.0 (Linux; Android 10; K) AppleWebKit/537.36 (KHTML, like Gecko) Chrome/137.0.0.0 Mobile Safari/537.36"
94.101.182.14 - - [03/Jul/2025:20:15:42 +0000] "GET /wp-content/uploads/2022/05/1724756.jpg HTTP/1.1" 200 26890 "https://mavadkonkoor.ir/" "Mozilla/5.0 (Linux; Android 10; K) AppleWebKit/537.36 (KHTML, like Gecko) Chrome/137.0.0.0 Mobile Safari/537.36"
94.101.182.14 - - [03/Jul/2025:20:15:42 +0000] "GET /wp-content/uploads/2024/08/bf8c26df-a86d-46df-a70f-2b741da650e9.jpg HTTP/1.1" 200 45036 "https://mavadkonkoor.ir/" "Mozilla/5.0 (Linux; Android 10; K) AppleWebKit/537.36 (KHTML, like Gecko) Chrome/137.0.0.0 Mobile Safari/537.36"
94.101.182.14 - - [03/Jul/2025:20:15:44 +0000] "GET /wp-content/uploads/2024/07/%D8%B3%DB%8C%D9%86%D8%A7-%D8%AC%D8%B1%D8%A6%D8%AA%DB%8C.jpg HTTP/1.1" 200 24466 "https://mavadkonkoor.ir/" "Mozilla/5.0 (Linux; Android 10; K) AppleWebKit/537.36 (KHTML, like Gecko) Chrome/137.0.0.0 Mobile Safari/537.36"
94.101.182.14 - - [03/Jul/2025:20:15:48 +0000] "GET /wp-content/uploads/2024/07/%D9%85%D9%84%DB%8C%DA%A9%D8%A7-%D8%AC%D9%84%D8%A7%D9%84%DB%8C.jpg HTTP/1.1" 200 21095 "https://mavadkonkoor.ir/" "Mozilla/5.0 (Linux; Android 10; K) AppleWebKit/537.36 (KHTML, like Gecko) Chrome/137.0.0.0 Mobile Safari/537.36"
185.215.232.195 - - [03/Jul/2025:20:15:48 +0000] "GET /sed.php?filesrc=%2Fhome%2Fmkk2new%2Fpublic_html%2Fwp-includes%2Fcss%2Fbuttons.min.css&path=%2Fhome%2Fmkk2new%2Fpublic_html%2Fwp-includes%2Fcss HTTP/1.1" 200 2041 "-" "Mozilla/5.0 AppleWebKit/537.36 (KHTML, like Gecko; compatible; ClaudeBot/1.0; +claudebot@anthropic.com)"
185.215.232.195 - - [03/Jul/2025:20:18:15 +0000] "GET / HTTP/1.1" 200 58471 "-" "Mozilla/5.0 (compatible; SemrushBot/7~bl; +http://www.semrush.com/bot.html)"
185.215.232.195 - - [03/Jul/2025:20:19:59 +0000] "GET /sed.php?filesrc=%2Fhome%2Fmkk2new%2Fpublic_html%2Fwp-admin%2Fnetwork%2Ffreedoms.php&path=%2Fhome%2Fmkk2new%2Fpublic_html%2Fwp-admin%2Fnetwork HTTP/1.1" 200 818 "-" "Mozilla/5.0 AppleWebKit/537.36 (KHTML, like Gecko; compatible; ClaudeBot/1.0; +claudebot@anthropic.com)"
185.215.232.190 - - [03/Jul/2025:20:23:02 +0000] "GET /?shopdetail/9524730 HTTP/1.1" 200 47815 "-" "Mozilla/5.0 (Linux; Android 6.0.1; Nexus 5X Build/MMB29P) AppleWebKit/537.36 (KHTML, like Gecko) Chrome/137.0.7151.103 Mobile Safari/537.36 (compatible; Googlebot/2.1; +http://www.google.com/bot.html)"
185.215.232.195 - - [03/Jul/2025:20:23:25 +0000] "GET /sed.php?filesrc=%2Fhome%2Fmkk2new%2Fpublic_html%2Fwp-includes%2Fcss%2Fwp-embed-template.min.css&path=%2Fhome%2Fmkk2new%2Fpublic_html%2Fwp-includes%2Fcss HTTP/1.1" 200 2557 "-" "Mozilla/5.0 AppleWebKit/537.36 (KHTML, like Gecko; compatible; ClaudeBot/1.0; +claudebot@anthropic.com)"
94.101.182.14 - - [03/Jul/2025:20:15:44 +0000] "GET /wp-content/uploads/2024/07/%D8%B9%D9%84%DB%8C-%D8%B4%D9%88%D9%82%DB%8C1-1.jpg HTTP/1.1" 200 31293 "https://mavadkonkoor.ir/" "Mozilla/5.0 (Linux; Android 10; K) AppleWebKit/537.36 (KHTML, like Gecko) Chrome/137.0.0.0 Mobile Safari/537.36"
94.101.182.14 - - [03/Jul/2025:20:15:44 +0000] "GET /wp-content/uploads/2024/07/%D8%B9%D9%84%DB%8C-%D8%B4%D9%88%D9%82%DB%8C1.jpg HTTP/1.1" 200 31293 "https://mavadkonkoor.ir/" "Mozilla/5.0 (Linux; Android 10; K) AppleWebKit/537.36 (KHTML, like Gecko) Chrome/137.0.0.0 Mobile Safari/537.36"
185.215.232.195 - - [03/Jul/2025:20:15:48 +0000] "GET /sed.php?filesrc=%2Fhome%2Fmkk2new%2Fpublic_html%2Fwp-admin%2Fcss%2Frevisions.css&path=%2Fhome%2Fmkk2new%2Fpublic_html%2Fwp-admin%2Fcss HTTP/1.1" 200 3181 "-" "Mozilla/5.0 AppleWebKit/537.36 (KHTML, like Gecko; compatible; ClaudeBot/1.0; +claudebot@anthropic.com)"
94.101.182.14 - - [03/Jul/2025:20:16:01 +0000] "GET /wp-content/uploads/2024/07/%D8%B2%D9%87%D8%B1%D8%A7-%D8%B2%D9%84%D9%81-%D8%AE%D8%A7%D9%86%DB%8C.jpg HTTP/1.1" 200 20412 "https://mavadkonkoor.ir/" "Mozilla/5.0 (Linux; Android 10; K) AppleWebKit/537.36 (KHTML, like Gecko) Chrome/137.0.0.0 Mobile Safari/537.36"
94.101.182.14 - - [03/Jul/2025:20:16:03 +0000] "GET /wp-content/uploads/2024/07/%D8%A7%D9%85%DB%8C%D8%B1%D8%AD%D8%B3%DB%8C%D9%86-%D9%86%D8%B5%D8%B1%D8%A7%D9%84%D9%84%D9%87%DB%8C1.jpg HTTP/1.1" 200 30863 "https://mavadkonkoor.ir/" "Mozilla/5.0 (Linux; Android 10; K) AppleWebKit/537.36 (KHTML, like Gecko) Chrome/137.0.0.0 Mobile Safari/537.36"
89.45.48.75 - - [03/Jul/2025:20:16:31 +0000] "POST /wp-cron.php?doing_wp_cron=1751573791.8226799964904785156250 HTTP/1.1" 200 0 "-" "WordPress/6.8.1; https://mavadkonkoor.ir"
37.32.19.4 - - [03/Jul/2025:20:16:20 +0000] "GET /product/%da%a9%d9%84%d8%a7%d8%b3-%d8%b4%db%8c%d9%85%db%8c-%d9%81%db%8c%d8%b2%db%8c%da%a9-%d9%88-%d8%aa%d8%b1%d9%85%d9%88%d8%af%db%8c%d9%86%d8%a7%d9%85%db%8c%da%a9-%d9%85%d9%88%d8%a7%d8%af/ HTTP/1.1" 200 51321 "https://mavadkonkoor.ir/product-category/class/arshad/" "Mozilla/5.0 (Windows NT 10.0; Win64; x64) AppleWebKit/537.36 (KHTML, like Gecko) Chrome/138.0.0.0 Safari/537.36"
185.215.232.195 - - [03/Jul/2025:20:16:33 +0000] "GET /sed.php?filesrc=%2Fhome%2Fmkk2new%2Fpublic_html%2Fwp-admin%2Fcss%2Fsite-icon.css&path=%2Fhome%2Fmkk2new%2Fpublic_html%2Fwp-admin%2Fcss HTTP/1.1" 200 1876 "-" "Mozilla/5.0 AppleWebKit/537.36 (KHTML, like Gecko; compatible; ClaudeBot/1.0; +claudebot@anthropic.com)"
37.32.19.4 - - [03/Jul/2025:20:16:35 +0000] "GET //wp-content/uploads/2024/07/ostad-navid-safarpour-1.jpg HTTP/1.1" 200 12899 "https://mavadkonkoor.ir/product/%da%a9%d9%84%d8%a7%d8%b3-%d8%b4%db%8c%d9%85%db%8c-%d9%81%db%8c%d8%b2%db%8c%da%a9-%d9%88-%d8%aa%d8%b1%d9%85%d9%88%d8%af%db%8c%d9%86%d8%a7%d9%85%db%8c%da%a9-%d9%85%d9%88%d8%a7%d8%af/" "Mozilla/5.0 (Windows NT 10.0; Win64; x64) AppleWebKit/537.36 (KHTML, like Gecko) Chrome/138.0.0.0 Safari/537.36"
94.101.182.14 - - [03/Jul/2025:20:17:18 +0000] "GET /wp-content/uploads/2024/07/%D8%B3%D8%A7%D8%B1%D8%A7-%D8%B3%D8%B1%D9%88%D8%B1%D9%BE%D9%88%D8%B1.jpg HTTP/1.1" 200 35703 "https://mavadkonkoor.ir/" "Mozilla/5.0 (Linux; Android 10; K) AppleWebKit/537.36 (KHTML, like Gecko) Chrome/137.0.0.0 Mobile Safari/537.36"
94.101.182.14 - - [03/Jul/2025:20:17:21 +0000] "GET /wp-content/uploads/2024/07/%D8%B9%D9%84%DB%8C-%D8%A7%DA%A9%D8%A8%D8%B1-%D9%85%D9%86%D9%81%D8%B1%D8%AF1.jpg HTTP/1.1" 200 23420 "https://mavadkonkoor.ir/" "Mozilla/5.0 (Linux; Android 10; K) AppleWebKit/537.36 (KHTML, like Gecko) Chrome/137.0.0.0 Mobile Safari/537.36"
185.215.232.195 - - [03/Jul/2025:20:20:33 +0000] "GET /sed.php?path=%2Fhome%2Fmkk2new%2Fpublic_html%2Fwp-includes%2Fblocks%2Fquery-title HTTP/1.1" 200 1028 "-" "Mozilla/5.0 AppleWebKit/537.36 (KHTML, like Gecko; compatible; ClaudeBot/1.0; +claudebot@anthropic.com)"
89.45.48.75 - - [03/Jul/2025:20:22:10 +0000] "POST /wp-cron.php?doing_wp_cron=1751574130.4612400531768798828125 HTTP/1.1" 200 0 "-" "WordPress/6.8.1; https://mavadkonkoor.ir"
94.101.182.14 - - [03/Jul/2025:20:15:56 +0000] "GET /wp-content/themes/mavadkonkoor-theme/assets/images/comment/01.jpg HTTP/1.1" 200 8500 "https://mavadkonkoor.ir/" "Mozilla/5.0 (Linux; Android 10; K) AppleWebKit/537.36 (KHTML, like Gecko) Chrome/137.0.0.0 Mobile Safari/537.36"
94.101.182.14 - - [03/Jul/2025:20:15:58 +0000] "GET /wp-content/uploads/2024/07/%D9%BE%DA%AF%D8%A7%D9%87-%D9%BE%D9%88%D8%B1%D8%AE%D9%84%DB%8C%D9%84%DB%8C.jpg HTTP/1.1" 200 32218 "https://mavadkonkoor.ir/" "Mozilla/5.0 (Linux; Android 10; K) AppleWebKit/537.36 (KHTML, like Gecko) Chrome/137.0.0.0 Mobile Safari/537.36"
94.101.182.14 - - [03/Jul/2025:20:15:53 +0000] "GET /product/%d9%85%d8%ac%d9%85%d9%88%d8%b9%d9%87-%da%a9%d8%aa%d8%a8-%d9%85%d9%88%d8%a7%d8%af-%da%a9%d9%86%da%a9%d9%88%d8%b1-%d9%88%db%8c%da%98%d9%87-%d8%a2%d8%b2%d9%85%d9%88%d9%86-%d8%a7%d8%b1%d8%b4%d8%af/ HTTP/1.1" 200 55929 "https://mavadkonkoor.ir/" "Mozilla/5.0 (Linux; Android 10; K) AppleWebKit/537.36 (KHTML, like Gecko) Chrome/137.0.0.0 Mobile Safari/537.36"
94.101.182.14 - - [03/Jul/2025:20:16:05 +0000] "GET /wp-content/plugins/real3d-flipbook/js/embed.js?ver=3.70 HTTP/1.1" 200 2076 "https://mavadkonkoor.ir/product/%d9%85%d8%ac%d9%85%d9%88%d8%b9%d9%87-%da%a9%d8%aa%d8%a8-%d9%85%d9%88%d8%a7%d8%af-%da%a9%d9%86%da%a9%d9%88%d8%b1-%d9%88%db%8c%da%98%d9%87-%d8%a2%d8%b2%d9%85%d9%88%d9%86-%d8%a7%d8%b1%d8%b4%d8%af/" "Mozilla/5.0 (Linux; Android 10; K) AppleWebKit/537.36 (KHTML, like Gecko) Chrome/137.0.0.0 Mobile Safari/537.36"
94.101.182.14 - - [03/Jul/2025:20:16:19 +0000] "GET /wp-content/plugins/real3d-flipbook/js/flipbook.webgl.min.js?ver=3.70 HTTP/1.1" 200 14564 "https://mavadkonkoor.ir/product/%d9%85%d8%ac%d9%85%d9%88%d8%b9%d9%87-%da%a9%d8%aa%d8%a8-%d9%85%d9%88%d8%a7%d8%af-%da%a9%d9%86%da%a9%d9%88%d8%b1-%d9%88%db%8c%da%98%d9%87-%d8%a2%d8%b2%d9%85%d9%88%d9%86-%d8%a7%d8%b1%d8%b4%d8%af/" "Mozilla/5.0 (Linux; Android 10; K) AppleWebKit/537.36 (KHTML, like Gecko) Chrome/137.0.0.0 Mobile Safari/537.36"
185.215.232.195 - - [03/Jul/2025:20:16:33 +0000] "GET /sed.php?filesrc=%2Fhome%2Fmkk2new%2Fpublic_html%2Fwp-includes%2Fcss%2Fwp-auth-check.min.css&path=%2Fhome%2Fmkk2new%2Fpublic_html%2Fwp-includes%2Fcss HTTP/1.1" 200 1312 "-" "Mozilla/5.0 AppleWebKit/537.36 (KHTML, like Gecko; compatible; ClaudeBot/1.0; +claudebot@anthropic.com)"
89.45.48.75 - - [03/Jul/2025:20:18:44 +0000] "POST /wp-cron.php?doing_wp_cron=1751573924.5020899772644042968750 HTTP/1.1" 200 0 "-" "WordPress/6.8.1; https://mavadkonkoor.ir"
185.215.232.195 - - [03/Jul/2025:20:19:58 +0000] "GET /sed.php?filesrc=%2Fhome%2Fmkk2new%2Fpublic_html%2Fwp-admin%2Fcss%2Fforms.min.css&path=%2Fhome%2Fmkk2new%2Fpublic_html%2Fwp-admin%2Fcss HTTP/1.1" 200 7638 "-" "Mozilla/5.0 AppleWebKit/537.36 (KHTML, like Gecko; compatible; ClaudeBot/1.0; +claudebot@anthropic.com)"
185.215.232.195 - - [03/Jul/2025:20:20:33 +0000] "GET /sed.php?path=%2Fhome%2Fmkk2new%2Fpublic_html%2Fwp-includes%2Fblocks%2Fcomment-edit-link HTTP/1.1" 200 1035 "-" "Mozilla/5.0 AppleWebKit/537.36 (KHTML, like Gecko; compatible; ClaudeBot/1.0; +claudebot@anthropic.com)"
185.215.232.195 - - [03/Jul/2025:20:20:33 +0000] "GET /sed.php?filesrc=%2Fhome%2Fmkk2new%2Fpublic_html%2Fwp-admin%2Fcss%2Fdeprecated-media-rtl.css&path=%2Fhome%2Fmkk2new%2Fpublic_html%2Fwp-admin%2Fcss HTTP/1.1" 200 2533 "-" "Mozilla/5.0 AppleWebKit/537.36 (KHTML, like Gecko; compatible; ClaudeBot/1.0; +claudebot@anthropic.com)"
185.215.232.195 - - [03/Jul/2025:20:18:14 +0000] "GET /robots.txt HTTP/1.1" 200 100 "-" "Mozilla/5.0 (compatible; SemrushBot/7~bl; +http://www.semrush.com/bot.html)"
185.215.232.195 - - [03/Jul/2025:20:19:30 +0000] "GET /sed.php?filesrc=%2Fhome%2Fmkk2new%2Fpublic_html%2Fwp-admin%2Fcss%2Fsite-icon-rtl.css&path=%2Fhome%2Fmkk2new%2Fpublic_html%2Fwp-admin%2Fcss HTTP/1.1" 200 1909 "-" "Mozilla/5.0 AppleWebKit/537.36 (KHTML, like Gecko; compatible; ClaudeBot/1.0; +claudebot@anthropic.com)"
89.45.48.75 - - [03/Jul/2025:20:19:40 +0000] "POST /wp-cron.php?doing_wp_cron=1751573980.5569550991058349609375 HTTP/1.1" 200 0 "-" "WordPress/6.8.1; https://mavadkonkoor.ir"
185.215.232.190 - - [03/Jul/2025:20:20:51 +0000] "GET /?shopdetail/5245463 HTTP/1.1" 200 47815 "-" "Mozilla/5.0 (Linux; Android 6.0.1; Nexus 5X Build/MMB29P) AppleWebKit/537.36 (KHTML, like Gecko) Chrome/137.0.7151.103 Mobile Safari/537.36 (compatible; Googlebot/2.1; +http://www.google.com/bot.html)"
185.215.232.200 - - [03/Jul/2025:20:23:10 +0000] "GET /category/news/ HTTP/1.1" 200 26742 "-" "Mozilla/5.0 (Linux; Android 5.0) AppleWebKit/537.36 (KHTML, like Gecko) Mobile Safari/537.36 (compatible; Bytespider; spider-feedback@bytedance.com)"
185.215.232.195 - - [03/Jul/2025:20:23:26 +0000] "GET /sed.php?filesrc=%2Fhome%2Fmkk2new%2Fpublic_html%2Fwp-admin%2Fcss%2Fabout.css&path=%2Fhome%2Fmkk2new%2Fpublic_html%2Fwp-admin%2Fcss HTTP/1.1" 200 6109 "-" "Mozilla/5.0 AppleWebKit/537.36 (KHTML, like Gecko; compatible; ClaudeBot/1.0; +claudebot@anthropic.com)"
185.215.232.195 - - [03/Jul/2025:20:23:55 +0000] "GET /sed.php?filesrc=%2Fhome%2Fmkk2new%2Fpublic_html%2Fwp-includes%2Fl10n%2Ferror_log&path=%2Fhome%2Fmkk2new%2Fpublic_html%2Fwp-includes%2Fl10n HTTP/1.1" 200 825 "-" "Mozilla/5.0 AppleWebKit/537.36 (KHTML, like Gecko; compatible; ClaudeBot/1.0; +claudebot@anthropic.com)"
89.45.48.75 - - [03/Jul/2025:20:24:42 +0000] "POST /wp-cron.php?doing_wp_cron=1751574281.9730460643768310546875 HTTP/1.1" 200 0 "-" "WordPress/6.8.1; https://mavadkonkoor.ir"
185.215.232.195 - - [03/Jul/2025:20:23:25 +0000] "GET /sed.php?filesrc=%2Fhome%2Fmkk2new%2Fpublic_html%2Fwp-admin%2Fcss%2Fdeprecated-media.css&path=%2Fhome%2Fmkk2new%2Fpublic_html%2Fwp-admin%2Fcss HTTP/1.1" 200 2504 "-" "Mozilla/5.0 AppleWebKit/537.36 (KHTML, like Gecko; compatible; ClaudeBot/1.0; +claudebot@anthropic.com)"
185.215.232.195 - - [03/Jul/2025:20:23:55 +0000] "GET /sed.php?filesrc=%2Fhome%2Fmkk2new%2Fpublic_html%2Fwp-content%2Flanguages%2Fadmin-network-fa_IR.po&path=%2Fhome%2Fmkk2new%2Fpublic_html%2Fwp-content%2Flanguages HTTP/1.1" 200 20114 "-" "Mozilla/5.0 AppleWebKit/537.36 (KHTML, like Gecko; compatible; ClaudeBot/1.0; +claudebot@anthropic.com)"
185.215.232.195 - - [03/Jul/2025:20:23:55 +0000] "GET /sed.php?path=%2Fhome%2Fmkk2new%2Fpublic_html%2Fwp-content%2Fplugins%2Fseo-by-rank-math HTTP/1.1" 200 1143 "-" "Mozilla/5.0 AppleWebKit/537.36 (KHTML, like Gecko; compatible; ClaudeBot/1.0; +claudebot@anthropic.com)"
94.101.182.14 - - [03/Jul/2025:20:15:44 +0000] "GET /wp-content/uploads/2024/07/%D8%B3%DB%8C%D8%B1%D9%88%D8%B3-%D9%85%D8%B9%D9%85%D8%A7%D8%B1%D8%B2%D8%A7%D8%AF%D9%87.jpg HTTP/1.1" 200 26655 "https://mavadkonkoor.ir/" "Mozilla/5.0 (Linux; Android 10; K) AppleWebKit/537.36 (KHTML, like Gecko) Chrome/137.0.0.0 Mobile Safari/537.36"
94.101.182.14 - - [03/Jul/2025:20:16:01 +0000] "GET /wp-content/uploads/2024/07/%D8%B1%D8%A7%D8%AF%D9%85%D8%A7%D9%86-%D8%B9%D9%85%D8%B1%D8%A7%D9%86%DB%8C1.jpg HTTP/1.1" 200 30469 "https://mavadkonkoor.ir/" "Mozilla/5.0 (Linux; Android 10; K) AppleWebKit/537.36 (KHTML, like Gecko) Chrome/137.0.0.0 Mobile Safari/537.36"
94.101.182.14 - - [03/Jul/2025:20:16:05 +0000] "GET /wp-content/plugins/real3d-flipbook/js/flipbook.min.js?ver=3.70 HTTP/1.1" 200 32330 "https://mavadkonkoor.ir/product/%d9%85%d8%ac%d9%85%d9%88%d8%b9%d9%87-%da%a9%d8%aa%d8%a8-%d9%85%d9%88%d8%a7%d8%af-%da%a9%d9%86%da%a9%d9%88%d8%b1-%d9%88%db%8c%da%98%d9%87-%d8%a2%d8%b2%d9%85%d9%88%d9%86-%d8%a7%d8%b1%d8%b4%d8%af/" "Mozilla/5.0 (Linux; Android 10; K) AppleWebKit/537.36 (KHTML, like Gecko) Chrome/137.0.0.0 Mobile Safari/537.36"
94.101.182.14 - - [03/Jul/2025:20:16:05 +0000] "GET /wp-content/themes/mavadkonkoor-theme/assets/images/dependencies/user-profile.png HTTP/1.1" 200 6904 "https://mavadkonkoor.ir/product/%d9%85%d8%ac%d9%85%d9%88%d8%b9%d9%87-%da%a9%d8%aa%d8%a8-%d9%85%d9%88%d8%a7%d8%af-%da%a9%d9%86%da%a9%d9%88%d8%b1-%d9%88%db%8c%da%98%d9%87-%d8%a2%d8%b2%d9%85%d9%88%d9%86-%d8%a7%d8%b1%d8%b4%d8%af/" "Mozilla/5.0 (Linux; Android 10; K) AppleWebKit/537.36 (KHTML, like Gecko) Chrome/137.0.0.0 Mobile Safari/537.36"
37.32.19.4 - - [03/Jul/2025:20:16:10 +0000] "GET /product/%da%a9%d9%84%d8%a7%d8%b3-%d8%b4%db%8c%d9%85%db%8c-%d9%81%db%8c%d8%b2%db%8c%da%a9-%d9%88-%d8%aa%d8%b1%d9%85%d9%88%d8%af%db%8c%d9%86%d8%a7%d9%85%db%8c%da%a9-%d9%85%d9%88%d8%a7%d8%af/ HTTP/1.1" 200 51321 "https://mavadkonkoor.ir/product-category/class/arshad/" "Mozilla/5.0 (Windows NT 10.0; Win64; x64) AppleWebKit/537.36 (KHTML, like Gecko) Chrome/138.0.0.0 Safari/537.36"
94.101.182.14 - - [03/Jul/2025:20:18:33 +0000] "GET /%d8%b9%d9%84%db%8c-%d9%85%d8%b8%d9%81%d8%b1%db%8c-%d9%81%d8%b1%d8%af-%d8%b1%d8%aa%d8%a8%d9%87-15-%da%a9%d9%86%da%a9%d9%88%d8%b1-%d8%a7%d8%b1%d8%b4%d8%af-%d9%85%d9%88%d8%a7%d8%af/ HTTP/1.1" 200 37488 "https://mavadkonkoor.ir/" "Mozilla/5.0 (Linux; Android 10; K) AppleWebKit/537.36 (KHTML, like Gecko) Chrome/137.0.0.0 Mobile Safari/537.36"
185.215.232.195 - - [03/Jul/2025:20:19:59 +0000] "GET /sed.php?filesrc=%2Fhome%2Fmkk2new%2Fpublic_html%2Fwp-admin%2Fcss%2Finstall.css&path=%2Fhome%2Fmkk2new%2Fpublic_html%2Fwp-admin%2Fcss HTTP/1.1" 200 2599 "-" "Mozilla/5.0 AppleWebKit/537.36 (KHTML, like Gecko; compatible; ClaudeBot/1.0; +claudebot@anthropic.com)"
185.215.232.195 - - [03/Jul/2025:20:20:32 +0000] "GET /sed.php?path=%2Fhome%2Fmkk2new%2Fpublic_html%2Fwp-includes%2Fblocks%2Fcomments-pagination HTTP/1.1" 200 1177 "-" "Mozilla/5.0 AppleWebKit/537.36 (KHTML, like Gecko; compatible; ClaudeBot/1.0; +claudebot@anthropic.com)"
89.45.48.75 - - [03/Jul/2025:20:23:14 +0000] "POST /wp-cron.php?doing_wp_cron=1751574194.0046899318695068359375 HTTP/1.1" 200 0 "-" "WordPress/6.8.1; https://mavadkonkoor.ir"
185.215.232.195 - - [03/Jul/2025:20:23:54 +0000] "GET /sed.php?path=%2Fhome%2Fmkk2new%2Fpublic_html%2Fwp-includes%2Fblocks%2Fquery-total HTTP/1.1" 200 1029 "-" "Mozilla/5.0 AppleWebKit/537.36 (KHTML, like Gecko; compatible; ClaudeBot/1.0; +claudebot@anthropic.com)"
185.215.232.195 - - [03/Jul/2025:20:23:54 +0000] "GET /sed.php?path=%2Fhome%2Fmkk2new%2Fpublic_html%2Fwp-includes%2Fblocks%2Fcomment-reply-link HTTP/1.1" 200 1035 "-" "Mozilla/5.0 AppleWebKit/537.36 (KHTML, like Gecko; compatible; ClaudeBot/1.0; +claudebot@anthropic.com)"
94.101.182.14 - - [03/Jul/2025:20:16:46 +0000] "GET /wp-content/themes/mavadkonkoor-theme/assets/images/comment/06.jpg HTTP/1.1" 200 21625 "https://mavadkonkoor.ir/" "Mozilla/5.0 (Linux; Android 10; K) AppleWebKit/537.36 (KHTML, like Gecko) Chrome/137.0.0.0 Mobile Safari/537.36"
37.32.19.4 - - [03/Jul/2025:20:17:06 +0000] "GET /product-category/class/arshad/ HTTP/1.1" 200 28346 "https://mavadkonkoor.ir/" "Mozilla/5.0 (Windows NT 10.0; Win64; x64) AppleWebKit/537.36 (KHTML, like Gecko) Chrome/138.0.0.0 Safari/537.36"
94.101.182.14 - - [03/Jul/2025:20:17:25 +0000] "GET /wp-content/uploads/2024/07/%D8%A2%D8%B1%D8%B2%D9%88-%D8%A7%D8%AD%D9%85%D8%AF%DB%8C-%D8%A8%D9%86%DA%A9%D8%AF%D8%A7%D8%B1.jpg HTTP/1.1" 200 26659 "https://mavadkonkoor.ir/" "Mozilla/5.0 (Linux; Android 10; K) AppleWebKit/537.36 (KHTML, like Gecko) Chrome/137.0.0.0 Mobile Safari/537.36"
94.101.182.14 - - [03/Jul/2025:20:17:28 +0000] "GET /wp-content/uploads/2024/07/1%D9%86%D8%B1%DA%AF%D8%B3-%D8%B1%D8%B6%D9%88%DB%8C.jpg HTTP/1.1" 200 26672 "https://mavadkonkoor.ir/" "Mozilla/5.0 (Linux; Android 10; K) AppleWebKit/537.36 (KHTML, like Gecko) Chrome/137.0.0.0 Mobile Safari/537.36"
185.215.232.195 - - [03/Jul/2025:20:19:30 +0000] "GET /sed.php?filesrc=%2Fhome%2Fmkk2new%2Fpublic_html%2Fwp-admin%2Fcss%2Frevisions-rtl.css&path=%2Fhome%2Fmkk2new%2Fpublic_html%2Fwp-admin%2Fcss HTTP/1.1" 200 3199 "-" "Mozilla/5.0 AppleWebKit/537.36 (KHTML, like Gecko; compatible; ClaudeBot/1.0; +claudebot@anthropic.com)"
185.215.232.195 - - [03/Jul/2025:20:19:30 +0000] "GET /sed.php?path=%2Fhome%2Fmkk2new%2Fpublic_html%2Fwp-includes%2Fblocks%2Fhtml HTTP/1.1" 200 1020 "-" "Mozilla/5.0 AppleWebKit/537.36 (KHTML, like Gecko; compatible; ClaudeBot/1.0; +claudebot@anthropic.com)"
185.215.232.195 - - [03/Jul/2025:20:19:30 +0000] "GET /sed.php?filesrc=%2Fhome%2Fmkk2new%2Fpublic_html%2Fwp-includes%2Fcss%2Fdashicons.min.css&path=%2Fhome%2Fmkk2new%2Fpublic_html%2Fwp-includes%2Fcss HTTP/1.1" 200 35915 "-" "Mozilla/5.0 AppleWebKit/537.36 (KHTML, like Gecko; compatible; ClaudeBot/1.0; +claudebot@anthropic.com)"
185.215.232.195 - - [03/Jul/2025:20:19:59 +0000] "GET /sed.php?path=%2Fhome%2Fmkk2new%2Fpublic_html%2Fwp-includes%2Fblocks%2Fmissing HTTP/1.1" 200 918 "-" "Mozilla/5.0 AppleWebKit/537.36 (KHTML, like Gecko; compatible; ClaudeBot/1.0; +claudebot@anthropic.com)"
185.215.232.195 - - [03/Jul/2025:20:20:32 +0000] "GET /sed.php?path=%2Fhome%2Fmkk2new%2Fpublic_html%2Fwp-includes%2FRequests%2Flibrary HTTP/1.1" 200 953 "-" "Mozilla/5.0 AppleWebKit/537.36 (KHTML, like Gecko; compatible; ClaudeBot/1.0; +claudebot@anthropic.com)"
185.215.232.190 - - [03/Jul/2025:20:21:59 +0000] "GET /?shopdetail/6293530 HTTP/1.1" 200 47813 "-" "Mozilla/5.0 (Linux; Android 6.0.1; Nexus 5X Build/MMB29P) AppleWebKit/537.36 (KHTML, like Gecko) Chrome/137.0.7151.103 Mobile Safari/537.36 (compatible; Googlebot/2.1; +http://www.google.com/bot.html)"
185.215.232.195 - - [03/Jul/2025:20:23:26 +0000] "GET /sed.php?filesrc=%2Fhome%2Fmkk2new%2Fpublic_html%2Fwp-admin%2Fincludes%2Fclass-plugin-installer-skin.php&path=%2Fhome%2Fmkk2new%2Fpublic_html%2Fwp-admin%2Fincludes HTTP/1.1" 200 4089 "-" "Mozilla/5.0 AppleWebKit/537.36 (KHTML, like Gecko; compatible; ClaudeBot/1.0; +claudebot@anthropic.com)"
185.215.232.190 - - [03/Jul/2025:20:24:40 +0000] "GET /wp-content/uploads/2020/11/beheshti-university-logo.jpg HTTP/1.1" 404 3542 "-" "Googlebot-Image/1.0"
94.101.182.14 - - [03/Jul/2025:20:17:25 +0000] "GET /wp-content/uploads/2024/07/%D8%B1%D8%B6%D8%A7-%D8%B3%D9%84%D8%B7%D8%A7%D9%86%DB%8C.jpg HTTP/1.1" 200 22333 "https://mavadkonkoor.ir/" "Mozilla/5.0 (Linux; Android 10; K) AppleWebKit/537.36 (KHTML, like Gecko) Chrome/137.0.0.0 Mobile Safari/537.36"
89.45.48.75 - - [03/Jul/2025:20:18:14 +0000] "POST /wp-cron.php?doing_wp_cron=1751573894.1819911003112792968750 HTTP/1.1" 200 0 "-" "WordPress/6.8.1; https://mavadkonkoor.ir"
185.215.232.200 - - [03/Jul/2025:20:19:10 +0000] "GET /wp-includes/class-wp-network.php HTTP/1.1" 200 0 "-" "Mozilla/5.0 (Linux; Android 5.0) AppleWebKit/537.36 (KHTML, like Gecko) Mobile Safari/537.36 (compatible; Bytespider; spider-feedback@bytedance.com)"
185.215.232.195 - - [03/Jul/2025:20:19:30 +0000] "GET /sed.php?filesrc=%2Fhome%2Fmkk2new%2Fpublic_html%2Fwp-includes%2Fcss%2Fclassic-themes.css&path=%2Fhome%2Fmkk2new%2Fpublic_html%2Fwp-includes%2Fcss HTTP/1.1" 200 1041 "-" "Mozilla/5.0 AppleWebKit/537.36 (KHTML, like Gecko; compatible; ClaudeBot/1.0; +claudebot@anthropic.com)"
185.215.232.190 - - [03/Jul/2025:20:19:39 +0000] "GET /wp-content/uploads/2020/07/shakhes-ph-poster-300x169.jpg HTTP/1.1" 404 3542 "-" "Googlebot-Image/1.0"
185.215.232.195 - - [03/Jul/2025:20:19:59 +0000] "GET /sed.php?filesrc=%2Fhome%2Fmkk2new%2Fpublic_html%2Fwp-admin%2Fcss%2Fcustomize-nav-menus.min.css&path=%2Fhome%2Fmkk2new%2Fpublic_html%2Fwp-admin%2Fcss HTTP/1.1" 200 4184 "-" "Mozilla/5.0 AppleWebKit/537.36 (KHTML, like Gecko; compatible; ClaudeBot/1.0; +claudebot@anthropic.com)"
185.215.232.195 - - [03/Jul/2025:20:19:59 +0000] "GET /sed.php?filesrc=%2Fhome%2Fmkk2new%2Fpublic_html%2Fwp-admin%2Fcss%2Fabout-rtl.css&path=%2Fhome%2Fmkk2new%2Fpublic_html%2Fwp-admin%2Fcss HTTP/1.1" 200 6109 "-" "Mozilla/5.0 AppleWebKit/537.36 (KHTML, like Gecko; compatible; ClaudeBot/1.0; +claudebot@anthropic.com)"
89.45.48.75 - - [03/Jul/2025:20:21:02 +0000] "POST /wp-cron.php?doing_wp_cron=1751574062.9181210994720458984375 HTTP/1.1" 200 0 "-" "WordPress/6.8.1; https://mavadkonkoor.ir"
185.215.232.195 - - [03/Jul/2025:20:23:25 +0000] "GET /sed.php?path=%2Fhome%2Fmkk2new%2Fpublic_html%2Fwp-includes%2FSimplePie%2Flibrary HTTP/1.1" 200 1010 "-" "Mozilla/5.0 AppleWebKit/537.36 (KHTML, like Gecko; compatible; ClaudeBot/1.0; +claudebot@anthropic.com)"
185.215.232.195 - - [03/Jul/2025:20:23:25 +0000] "GET /sed.php?filesrc=%2Fhome%2Fmkk2new%2Fpublic_html%2Fwp-admin%2Fcss%2Fwidgets.min.css&path=%2Fhome%2Fmkk2new%2Fpublic_html%2Fwp-admin%2Fcss HTTP/1.1" 200 4068 "-" "Mozilla/5.0 AppleWebKit/537.36 (KHTML, like Gecko; compatible; ClaudeBot/1.0; +claudebot@anthropic.com)"
94.101.182.14 - - [03/Jul/2025:20:16:00 +0000] "GET /wp-content/uploads/2024/07/%D8%B1%D9%88%D8%B2%D8%A8%D9%87-%D8%A2%D9%82%D8%A7%D8%A8%D8%B1%D8%A7%D8%B1%DB%8C.jpg HTTP/1.1" 200 21313 "https://mavadkonkoor.ir/" "Mozilla/5.0 (Linux; Android 10; K) AppleWebKit/537.36 (KHTML, like Gecko) Chrome/137.0.0.0 Mobile Safari/537.36"
94.101.182.14 - - [03/Jul/2025:20:16:00 +0000] "GET /wp-content/uploads/2024/07/%D8%B9%D9%84%DB%8C-%D9%85%D8%B8%D9%81%D8%B1%DB%8C-%D9%81%D8%B1%D8%AF1-1.jpg HTTP/1.1" 200 26401 "https://mavadkonkoor.ir/" "Mozilla/5.0 (Linux; Android 10; K) AppleWebKit/537.36 (KHTML, like Gecko) Chrome/137.0.0.0 Mobile Safari/537.36"
94.101.182.14 - - [03/Jul/2025:20:16:03 +0000] "GET /wp-content/uploads/2024/07/%D8%B1%DB%8C%D8%AD%D8%A7%D9%86%D9%87-%D9%BE%D9%88%D8%B1-%D8%AC%D8%A8%D8%A7%D8%B1%DB%8C.jpg HTTP/1.1" 200 34613 "https://mavadkonkoor.ir/" "Mozilla/5.0 (Linux; Android 10; K) AppleWebKit/537.36 (KHTML, like Gecko) Chrome/137.0.0.0 Mobile Safari/537.36"
94.101.182.14 - - [03/Jul/2025:20:16:03 +0000] "GET /wp-content/uploads/2024/07/%D8%A7%D9%85%DB%8C%D8%AF-%D8%AE%D8%AF%D8%A7%D8%A8%D9%86%D8%AF%D9%87-%D9%84%D9%88.jpg HTTP/1.1" 200 23419 "https://mavadkonkoor.ir/" "Mozilla/5.0 (Linux; Android 10; K) AppleWebKit/537.36 (KHTML, like Gecko) Chrome/137.0.0.0 Mobile Safari/537.36"
94.101.182.14 - - [03/Jul/2025:20:16:05 +0000] "GET /wp-content/uploads/2024/07/%D9%85%D8%AC%D9%85%D9%88%D8%B9%D9%87-%DA%A9%D8%AA%D8%A7%D8%A8-%D9%87%D8%A7%DB%8C-%DA%A9%D9%86%DA%A9%D9%88%D8%B1-%D8%A7%D8%B1%D8%B4%D8%AF-1.jpg HTTP/1.1" 200 167427 "https://mavadkonkoor.ir/product/%d9%85%d8%ac%d9%85%d9%88%d8%b9%d9%87-%da%a9%d8%aa%d8%a8-%d9%85%d9%88%d8%a7%d8%af-%da%a9%d9%86%da%a9%d9%88%d8%b1-%d9%88%db%8c%da%98%d9%87-%d8%a2%d8%b2%d9%85%d9%88%d9%86-%d8%a7%d8%b1%d8%b4%d8%af/" "Mozilla/5.0 (Linux; Android 10; K) AppleWebKit/537.36 (KHTML, like Gecko) Chrome/137.0.0.0 Mobile Safari/537.36"
94.101.182.14 - - [03/Jul/2025:20:16:20 +0000] "GET /wp-content/plugins/real3d-flipbook/assets/mp3/turnPage.mp3 HTTP/1.1" 206 23839 "https://mavadkonkoor.ir/product/%d9%85%d8%ac%d9%85%d9%88%d8%b9%d9%87-%da%a9%d8%aa%d8%a8-%d9%85%d9%88%d8%a7%d8%af-%da%a9%d9%86%da%a9%d9%88%d8%b1-%d9%88%db%8c%da%98%d9%87-%d8%a2%d8%b2%d9%85%d9%88%d9%86-%d8%a7%d8%b1%d8%b4%d8%af/" "Mozilla/5.0 (Linux; Android 10; K) AppleWebKit/537.36 (KHTML, like Gecko) Chrome/137.0.0.0 Mobile Safari/537.36"
185.215.232.195 - - [03/Jul/2025:20:18:02 +0000] "GET /robots.txt HTTP/1.1" 200 100 "-" "Mozilla/5.0 (compatible; SemrushBot/7~bl; +http://www.semrush.com/bot.html)"
185.215.232.195 - - [03/Jul/2025:20:18:03 +0000] "GET / HTTP/1.1" 301 0 "-" "Mozilla/5.0 (compatible; SemrushBot/7~bl; +http://www.semrush.com/bot.html)"
185.215.232.195 - - [03/Jul/2025:20:19:31 +0000] "GET /sed.php?filesrc=%2Fhome%2Fmkk2new%2Fpublic_html%2Fwp-admin%2Fcss%2Fcustomize-controls.min.css&path=%2Fhome%2Fmkk2new%2Fpublic_html%2Fwp-admin%2Fcss HTTP/1.1" 200 11594 "-" "Mozilla/5.0 AppleWebKit/537.36 (KHTML, like Gecko; compatible; ClaudeBot/1.0; +claudebot@anthropic.com)"
185.215.232.195 - - [03/Jul/2025:20:20:32 +0000] "GET /sed.php?path=%2Fhome%2Fmkk2new%2Fpublic_html%2Fwp-includes%2Fblocks%2Fpost-content HTTP/1.1" 200 1020 "-" "Mozilla/5.0 AppleWebKit/537.36 (KHTML, like Gecko; compatible; ClaudeBot/1.0; +claudebot@anthropic.com)"
185.215.232.195 - - [03/Jul/2025:20:23:54 +0000] "GET /sed.php?filesrc=%2Fhome%2Fmkk2new%2Fpublic_html%2Fwp-admin%2Fcss%2Fcustomize-nav-menus-rtl.min.css&path=%2Fhome%2Fmkk2new%2Fpublic_html%2Fwp-admin%2Fcss HTTP/1.1" 200 4218 "-" "Mozilla/5.0 AppleWebKit/537.36 (KHTML, like Gecko; compatible; ClaudeBot/1.0; +claudebot@anthropic.com)"
185.215.232.190 - - [03/Jul/2025:20:25:14 +0000] "GET /lock.php HTTP/1.1" 404 16149 "-" "-"
185.215.232.190 - - [03/Jul/2025:20:26:16 +0000] "GET /wp-includes/IXR/ HTTP/1.1" 200 5109 "-" "-"
185.215.232.190 - - [03/Jul/2025:20:26:42 +0000] "GET /bak.php HTTP/1.1" 404 16149 "-" "-"
185.215.232.200 - - [03/Jul/2025:20:27:24 +0000] "GET /wp-content/plugins/woocommerce/assets/css/brands.css?ver=9.9.5 HTTP/1.1" 200 579 "https://mavadkonkoor.ir/" "Mozilla/5.0 (Linux; Android 5.0) AppleWebKit/537.36 (KHTML, like Gecko) Mobile Safari/537.36 (compatible; Bytespider; spider-feedback@bytedance.com)"
185.215.232.200 - - [03/Jul/2025:20:27:25 +0000] "GET /wp-content/plugins/woocommerce/assets/client/blocks/wc-blocks-rtl.css?ver=wc-9.9.5 HTTP/1.1" 200 2357 "https://mavadkonkoor.ir/" "Mozilla/5.0 (Linux; Android 5.0) AppleWebKit/537.36 (KHTML, like Gecko) Mobile Safari/537.36 (compatible; Bytespider; spider-feedback@bytedance.com)"
185.215.232.200 - - [03/Jul/2025:20:27:25 +0000] "GET /wp-content/plugins/gravityforms/assets/css/dist/gravity-forms-theme-foundation.min.css?ver=2.9.9.1 HTTP/1.1" 200 6244 "https://mavadkonkoor.ir/" "Mozilla/5.0 (Linux; Android 5.0) AppleWebKit/537.36 (KHTML, like Gecko) Mobile Safari/537.36 (compatible; Bytespider; spider-feedback@bytedance.com)"
185.215.232.200 - - [03/Jul/2025:20:27:27 +0000] "GET /wp-content/uploads/2024/07/%DA%A9%D8%AA%D8%A7%D8%A8-%D8%AE%D9%88%D8%A7%D8%B5-%D9%81%DB%8C%D8%B2%DB%8C%DA%A9%DB%8C-%DA%A9%D9%86%DA%A9%D9%88%D8%B1-%D9%85%D9%87%D9%86%D8%AF%D8%B3%DB%8C-%D9%85%D9%88%D8%A7%D8%AF-1.jpg HTTP/1.1" 206 500 "https://mavadkonkoor.ir/" "Mozilla/5.0 (Linux; Android 5.0) AppleWebKit/537.36 (KHTML, like Gecko) Mobile Safari/537.36 (compatible; Bytespider; spider-feedback@bytedance.com)"
185.215.232.200 - - [03/Jul/2025:20:27:27 +0000] "GET /wp-content/uploads/2024/07/%DA%A9%D8%AA%D8%A7%D8%A8-%D8%AC%D9%85%D8%B9-%D8%A8%D9%86%D8%AF%DB%8C-%DA%A9%D9%86%DA%A9%D9%88%D8%B1-%D8%A7%D8%B1%D8%B4%D8%AF-%D9%85%D9%87%D9%86%D8%AF%D8%B3%DB%8C-%D9%85%D9%88%D8%A7%D8%AF-2.jpg HTTP/1.1" 206 500 "https://mavadkonkoor.ir/" "Mozilla/5.0 (Linux; Android 5.0) AppleWebKit/537.36 (KHTML, like Gecko) Mobile Safari/537.36 (compatible; Bytespider; spider-feedback@bytedance.com)"
185.215.232.200 - - [03/Jul/2025:20:27:28 +0000] "GET /wp-content/uploads/2024/08/mechanical-properties-mavadkonkoor.jpg HTTP/1.1" 206 500 "https://mavadkonkoor.ir/" "Mozilla/5.0 (Linux; Android 5.0) AppleWebKit/537.36 (KHTML, like Gecko) Mobile Safari/537.36 (compatible; Bytespider; spider-feedback@bytedance.com)"
185.215.232.200 - - [03/Jul/2025:20:27:29 +0000] "GET /wp-content/themes/mavadkonkoor-theme/assets/images/comment/01.jpg HTTP/1.1" 206 500 "https://mavadkonkoor.ir/" "Mozilla/5.0 (Linux; Android 5.0) AppleWebKit/537.36 (KHTML, like Gecko) Mobile Safari/537.36 (compatible; Bytespider; spider-feedback@bytedance.com)"
185.215.232.200 - - [03/Jul/2025:20:27:29 +0000] "GET /wp-content/themes/mavadkonkoor-theme/assets/images/dependencies/mask-exam.svg HTTP/1.1" 206 500 "https://mavadkonkoor.ir/wp-content/themes/mavadkonkoor-theme/assets/css/main.css?ver=1.0.73" "Mozilla/5.0 (Linux; Android 5.0) AppleWebKit/537.36 (KHTML, like Gecko) Mobile Safari/537.36 (compatible; Bytespider; spider-feedback@bytedance.com)"
185.215.232.200 - - [03/Jul/2025:20:27:30 +0000] "GET /wp-content/uploads/2020/04/test-analysis.jpg HTTP/1.1" 206 500 "https://mavadkonkoor.ir/" "Mozilla/5.0 (Linux; Android 5.0) AppleWebKit/537.36 (KHTML, like Gecko) Mobile Safari/537.36 (compatible; Bytespider; spider-feedback@bytedance.com)"
185.215.232.190 - - [03/Jul/2025:20:27:49 +0000] "GET /atomlib.php HTTP/1.1" 404 16149 "-" "-"
185.215.232.190 - - [03/Jul/2025:20:31:06 +0000] "GET /wp-conflg.php HTTP/1.1" 404 16149 "-" "-"
185.215.232.200 - - [03/Jul/2025:20:31:11 +0000] "GET /category/news/ HTTP/1.1" 200 26742 "-" "Mozilla/5.0 (Linux; Android 5.0) AppleWebKit/537.36 (KHTML, like Gecko) Mobile Safari/537.36 (compatible; Bytespider; spider-feedback@bytedance.com)"
185.215.232.190 - - [03/Jul/2025:20:25:38 +0000] "GET /.well-known/acme-challenge/ HTTP/1.1" 200 1379 "-" "-"
185.215.232.190 - - [03/Jul/2025:20:25:51 +0000] "GET /wp-content/radio.php HTTP/1.1" 404 16149 "-" "-"
185.215.232.190 - - [03/Jul/2025:20:27:07 +0000] "GET /wp-includes/IXR/about.php HTTP/1.1" 404 16149 "-" "-"
185.215.232.200 - - [03/Jul/2025:20:27:26 +0000] "GET /wp-content/themes/mavadkonkoor-theme/assets/images/dependencies/mail-bg.svg HTTP/1.1" 206 500 "https://mavadkonkoor.ir/wp-content/themes/mavadkonkoor-theme/assets/css/main.css?ver=1.0.73" "Mozilla/5.0 (Linux; Android 5.0) AppleWebKit/537.36 (KHTML, like Gecko) Mobile Safari/537.36 (compatible; Bytespider; spider-feedback@bytedance.com)"
185.215.232.200 - - [03/Jul/2025:20:27:27 +0000] "GET /wp-content/uploads/2024/07/metroyonic.jpg HTTP/1.1" 206 500 "https://mavadkonkoor.ir/" "Mozilla/5.0 (Linux; Android 5.0) AppleWebKit/537.36 (KHTML, like Gecko) Mobile Safari/537.36 (compatible; Bytespider; spider-feedback@bytedance.com)"
185.215.232.200 - - [03/Jul/2025:20:27:28 +0000] "GET /wp-content/uploads/2024/08/math-online-class-mavadkonkoor.jpg HTTP/1.1" 206 500 "https://mavadkonkoor.ir/" "Mozilla/5.0 (Linux; Android 5.0) AppleWebKit/537.36 (KHTML, like Gecko) Mobile Safari/537.36 (compatible; Bytespider; spider-feedback@bytedance.com)"
185.215.232.200 - - [03/Jul/2025:20:27:29 +0000] "GET /wp-content/uploads/2024/07/footofan-mavadkonkoor.jpg HTTP/1.1" 206 500 "https://mavadkonkoor.ir/" "Mozilla/5.0 (Linux; Android 5.0) AppleWebKit/537.36 (KHTML, like Gecko) Mobile Safari/537.36 (compatible; Bytespider; spider-feedback@bytedance.com)"
185.215.232.200 - - [03/Jul/2025:20:27:29 +0000] "GET /wp-content/uploads/2024/07/%D9%85%D8%AD%D9%85%D8%AF%D8%B9%D9%84%DB%8C-%D8%B1%D8%B6%D8%A7%DB%8C%DB%8C.jpg HTTP/1.1" 206 500 "https://mavadkonkoor.ir/" "Mozilla/5.0 (Linux; Android 5.0) AppleWebKit/537.36 (KHTML, like Gecko) Mobile Safari/537.36 (compatible; Bytespider; spider-feedback@bytedance.com)"
185.215.232.200 - - [03/Jul/2025:20:27:29 +0000] "GET /wp-content/uploads/2024/07/%D8%B1%D9%88%D8%B4-%D9%87%D8%A7%DB%8C-%D8%B4%D9%86%D8%A7%D8%B3%D8%A7%DB%8C%DB%8C-%D9%88-%D8%A2%D9%86%D8%A7%D9%84%DB%8C%D8%B2-%DA%A9%D9%86%DA%A9%D9%88%D8%B1-%D8%AF%DA%A9%D8%AA%D8%B1%DB%8C-%D9%85%D9%87%D9%86%D8%AF%D8%B3%DB%8C-%D9%85%D9%88%D8%A7%D8%AF.jpg HTTP/1.1" 206 500 "https://mavadkonkoor.ir/" "Mozilla/5.0 (Linux; Android 5.0) AppleWebKit/537.36 (KHTML, like Gecko) Mobile Safari/537.36 (compatible; Bytespider; spider-feedback@bytedance.com)"
185.215.232.200 - - [03/Jul/2025:20:27:30 +0000] "GET /wp-content/themes/mavadkonkoor-theme/assets/images/dependencies/home-bg-middle.jpg HTTP/1.1" 206 500 "https://mavadkonkoor.ir/wp-content/themes/mavadkonkoor-theme/assets/css/main.css?ver=1.0.73" "Mozilla/5.0 (Linux; Android 5.0) AppleWebKit/537.36 (KHTML, like Gecko) Mobile Safari/537.36 (compatible; Bytespider; spider-feedback@bytedance.com)"
185.215.232.190 - - [03/Jul/2025:20:27:31 +0000] "GET /jp.php HTTP/1.1" 404 16149 "-" "-"
185.215.232.190 - - [03/Jul/2025:20:27:43 +0000] "GET /wp-signup.php HTTP/1.1" 302 0 "-" "-"
185.215.232.190 - - [03/Jul/2025:20:29:27 +0000] "GET /wp-content/themes/about.php HTTP/1.1" 404 16149 "-" "-"
185.215.232.191 - - [03/Jul/2025:20:30:52 +0000] "GET /?of=1 HTTP/1.1" 200 9641 "http://mavadkonkoor.ir?of=1" "Mozilla/5.0 (Macintosh; Intel Mac OS X 10_15_7) AppleWebKit/537.36 (KHTML, like Gecko) Chrome/86.0.4240.111 Safari/537.36"
185.215.232.190 - - [03/Jul/2025:20:31:42 +0000] "GET /blog.php HTTP/1.1" 404 16149 "-" "-"
185.215.232.190 - - [03/Jul/2025:20:32:07 +0000] "GET /ini.php HTTP/1.1" 404 16149 "-" "-"
185.215.232.195 - - [03/Jul/2025:20:33:47 +0000] "GET /sed.php?filesrc=%2Fhome%2Fmkk2new%2Fpublic_html%2Fwp-admin%2Fcss%2Fcommon.min.css&path=%2Fhome%2Fmkk2new%2Fpublic_html%2Fwp-admin%2Fcss HTTP/1.1" 200 14329 "-" "Mozilla/5.0 AppleWebKit/537.36 (KHTML, like Gecko; compatible; ClaudeBot/1.0; +claudebot@anthropic.com)"
185.215.232.190 - - [03/Jul/2025:20:25:39 +0000] "GET /themes/zMousse/otuz1.php HTTP/1.1" 404 16149 "-" "-"
185.215.232.190 - - [03/Jul/2025:20:26:15 +0000] "GET /?shopdetail/7078918 HTTP/1.1" 200 47812 "-" "Mozilla/5.0 (Linux; Android 6.0.1; Nexus 5X Build/MMB29P) AppleWebKit/537.36 (KHTML, like Gecko) Chrome/137.0.7151.103 Mobile Safari/537.36 (compatible; Googlebot/2.1; +http://www.google.com/bot.html)"
185.215.232.190 - - [03/Jul/2025:20:26:30 +0000] "GET /wp-content/cong.php HTTP/1.1" 404 16149 "-" "-"
185.215.232.200 - - [03/Jul/2025:20:27:25 +0000] "GET /wp-content/plugins/gravityforms/assets/css/dist/gravity-forms-theme-reset.min.css?ver=2.9.9.1 HTTP/1.1" 200 629 "https://mavadkonkoor.ir/" "Mozilla/5.0 (Linux; Android 5.0) AppleWebKit/537.36 (KHTML, like Gecko) Mobile Safari/537.36 (compatible; Bytespider; spider-feedback@bytedance.com)"
185.215.232.200 - - [03/Jul/2025:20:27:25 +0000] "GET /wp-content/uploads/2024/07/%DA%A9%D8%AA%D8%A7%D8%A8-%D8%AC%D9%85%D8%B9-%D8%A8%D9%86%D8%AF%DB%8C-%DA%A9%D9%86%DA%A9%D9%88%D8%B1-%D8%AF%DA%A9%D8%AA%D8%B1%DB%8C-%D9%85%D9%87%D9%86%D8%AF%D8%B3%DB%8C-%D9%85%D9%88%D8%A7%D8%AF-%D9%88-%D9%85%D8%AA%D8%A7%D9%84%D9%88%DA%98%DB%8C-1-1.jpg HTTP/1.1" 206 500 "https://mavadkonkoor.ir/" "Mozilla/5.0 (Linux; Android 5.0) AppleWebKit/537.36 (KHTML, like Gecko) Mobile Safari/537.36 (compatible; Bytespider; spider-feedback@bytedance.com)"
185.215.232.200 - - [03/Jul/2025:20:27:27 +0000] "GET /wp-content/uploads/2024/07/%DA%A9%D8%AA%D8%A7%D8%A8-%D8%AC%D9%85%D8%B9-%D8%A8%D9%86%D8%AF%DB%8C-%D8%AF%D8%B1%D9%88%D8%B3-%D9%85%D9%87%D9%86%D8%AF%D8%B3%DB%8C-%D9%85%D9%88%D8%A7%D8%AF-%D8%AF%D8%B1-%DA%A9%D9%86%DA%A9%D9%88%D8%B1-%D9%86%D8%A7%D9%86%D9%88-1.jpg HTTP/1.1" 206 500 "https://mavadkonkoor.ir/" "Mozilla/5.0 (Linux; Android 5.0) AppleWebKit/537.36 (KHTML, like Gecko) Mobile Safari/537.36 (compatible; Bytespider; spider-feedback@bytedance.com)"
185.215.232.200 - - [03/Jul/2025:20:27:27 +0000] "GET /wp-content/uploads/2024/07/%DA%A9%D8%AA%D8%A7%D8%A8-%D8%AC%D9%85%D8%B9-%D8%A8%D9%86%D8%AF%DB%8C-%DA%A9%D9%86%DA%A9%D9%88%D8%B1-%D8%AF%DA%A9%D8%AA%D8%B1%DB%8C-%D9%85%D9%87%D9%86%D8%AF%D8%B3%DB%8C-%D9%85%D9%88%D8%A7%D8%AF-%D9%88-%D9%85%D8%AA%D8%A7%D9%84%D9%88%DA%98%DB%8C-1.jpg HTTP/1.1" 206 500 "https://mavadkonkoor.ir/" "Mozilla/5.0 (Linux; Android 5.0) AppleWebKit/537.36 (KHTML, like Gecko) Mobile Safari/537.36 (compatible; Bytespider; spider-feedback@bytedance.com)"
185.215.232.200 - - [03/Jul/2025:20:27:28 +0000] "GET /wp-content/uploads/2024/07/ode-class-mavadkonkoor.jpg HTTP/1.1" 206 500 "https://mavadkonkoor.ir/" "Mozilla/5.0 (Linux; Android 5.0) AppleWebKit/537.36 (KHTML, like Gecko) Mobile Safari/537.36 (compatible; Bytespider; spider-feedback@bytedance.com)"
185.215.232.200 - - [03/Jul/2025:20:27:28 +0000] "GET /wp-content/uploads/2022/05/1724756.jpg HTTP/1.1" 206 500 "https://mavadkonkoor.ir/" "Mozilla/5.0 (Linux; Android 5.0) AppleWebKit/537.36 (KHTML, like Gecko) Mobile Safari/537.36 (compatible; Bytespider; spider-feedback@bytedance.com)"
185.215.232.190 - - [03/Jul/2025:20:27:19 +0000] "GET /wp-includes/ID3/admin.php HTTP/1.1" 404 16149 "-" "-"
185.215.232.190 - - [03/Jul/2025:20:28:38 +0000] "GET /chosen HTTP/1.1" 404 16149 "-" "-"
185.215.232.190 - - [03/Jul/2025:20:29:40 +0000] "GET /widgets.php HTTP/1.1" 404 16149 "-" "-"
185.215.232.190 - - [03/Jul/2025:20:31:30 +0000] "GET /ae.php HTTP/1.1" 404 16149 "-" "-"
185.215.232.190 - - [03/Jul/2025:20:33:22 +0000] "GET /wp-comments-post.php HTTP/1.1" 405 0 "-" "-"
185.215.232.190 - - [03/Jul/2025:20:33:23 +0000] "GET /wp-activate.php HTTP/1.1" 302 0 "-" "-"
185.215.232.190 - - [03/Jul/2025:20:33:26 +0000] "GET /wp-login.php?registration=disabled HTTP/1.1" 200 11691 "-" "-"
185.215.232.195 - - [03/Jul/2025:20:33:47 +0000] "GET /sed.php?filesrc=%2Fhome%2Fmkk2new%2Fpublic_html%2Fwp-admin%2Fmaint%2Frepair.php&path=%2Fhome%2Fmkk2new%2Fpublic_html%2Fwp-admin%2Fmaint HTTP/1.1" 200 3477 "-" "Mozilla/5.0 AppleWebKit/537.36 (KHTML, like Gecko; compatible; ClaudeBot/1.0; +claudebot@anthropic.com)"
185.215.232.190 - - [03/Jul/2025:20:25:12 +0000] "GET /%D8%B1%D8%AA%D8%A8%D9%87-%D9%87%D8%A7%DB%8C-%D8%A8%D8%B1%D8%AA%D8%B1-%DA%A9%D9%86%DA%A9%D9%88%D8%B1-%D9%85%D9%88%D8%A7%D8%AF/ HTTP/1.1" 200 30844 "-" "Mozilla/5.0 (Linux; Android 6.0.1; Nexus 5X Build/MMB29P) AppleWebKit/537.36 (KHTML, like Gecko) Chrome/137.0.7151.103 Mobile Safari/537.36 (compatible; Googlebot/2.1; +http://www.google.com/bot.html)"
185.215.232.190 - - [03/Jul/2025:20:26:17 +0000] "GET /wp-links.php HTTP/1.1" 404 16149 "-" "-"
185.215.232.200 - - [03/Jul/2025:20:27:23 +0000] "GET /wp-includes/css/dist/block-library/style-rtl.min.css?ver=6.8.1 HTTP/1.1" 200 14313 "https://mavadkonkoor.ir/" "Mozilla/5.0 (Linux; Android 5.0) AppleWebKit/537.36 (KHTML, like Gecko) Mobile Safari/537.36 (compatible; Bytespider; spider-feedback@bytedance.com)"
185.215.232.200 - - [03/Jul/2025:20:27:25 +0000] "GET /wp-content/plugins/gravityforms/assets/css/dist/gravity-forms-orbital-theme.min.css?ver=2.9.9.1 HTTP/1.1" 200 0 "https://mavadkonkoor.ir/" "Mozilla/5.0 (Linux; Android 5.0) AppleWebKit/537.36 (KHTML, like Gecko) Mobile Safari/537.36 (compatible; Bytespider; spider-feedback@bytedance.com)"
185.215.232.200 - - [03/Jul/2025:20:27:25 +0000] "GET /wp-content/plugins/gravityforms/assets/css/dist/gravity-forms-theme-framework.min.css?ver=2.9.9.1 HTTP/1.1" 200 20549 "https://mavadkonkoor.ir/" "Mozilla/5.0 (Linux; Android 5.0) AppleWebKit/537.36 (KHTML, like Gecko) Mobile Safari/537.36 (compatible; Bytespider; spider-feedback@bytedance.com)"
185.215.232.200 - - [03/Jul/2025:20:27:25 +0000] "GET /wp-content/uploads/2024/07/%D9%85%D8%AC%D9%85%D9%88%D8%B9%D9%87-%DA%A9%D8%AA%D8%A7%D8%A8-%D9%87%D8%A7%DB%8C-%DA%A9%D9%86%DA%A9%D9%88%D8%B1-%D8%AF%DA%A9%D8%AA%D8%B1%DB%8C-250-%D8%AF%D8%B1-250.jpg HTTP/1.1" 206 500 "https://mavadkonkoor.ir/" "Mozilla/5.0 (Linux; Android 5.0) AppleWebKit/537.36 (KHTML, like Gecko) Mobile Safari/537.36 (compatible; Bytespider; spider-feedback@bytedance.com)"
185.215.232.200 - - [03/Jul/2025:20:27:26 +0000] "GET /wp-content/uploads/2024/08/7d96d5c2-faa5-4773-adbd-6100ee26ae7b.jpg HTTP/1.1" 206 500 "https://mavadkonkoor.ir/" "Mozilla/5.0 (Linux; Android 5.0) AppleWebKit/537.36 (KHTML, like Gecko) Mobile Safari/537.36 (compatible; Bytespider; spider-feedback@bytedance.com)"
185.215.232.200 - - [03/Jul/2025:20:27:30 +0000] "GET /wp-content/uploads/2019/07/moadele.webp HTTP/1.1" 206 500 "https://mavadkonkoor.ir/" "Mozilla/5.0 (Linux; Android 5.0) AppleWebKit/537.36 (KHTML, like Gecko) Mobile Safari/537.36 (compatible; Bytespider; spider-feedback@bytedance.com)"
185.215.232.190 - - [03/Jul/2025:20:28:25 +0000] "GET /wp-includes/SimplePie/about.php HTTP/1.1" 404 16149 "-" "-"
185.215.232.190 - - [03/Jul/2025:20:28:50 +0000] "GET /wp-includes/SimplePie/index.php HTTP/1.1" 301 0 "-" "-"
185.215.232.190 - - [03/Jul/2025:20:29:15 +0000] "GET /wp-content/languages/about.php HTTP/1.1" 404 16149 "-" "-"
89.45.48.75 - - [03/Jul/2025:20:29:38 +0000] "POST /wp-cron.php?doing_wp_cron=1751574578.9295520782470703125000 HTTP/1.1" 200 0 "-" "WordPress/6.8.1; https://mavadkonkoor.ir"
185.215.232.190 - - [03/Jul/2025:20:29:52 +0000] "GET /aks.php HTTP/1.1" 404 16149 "-" "-"
185.215.232.190 - - [03/Jul/2025:20:30:22 +0000] "GET /?shopdetail/4205830 HTTP/1.1" 200 47816 "-" "Mozilla/5.0 (compatible; Googlebot/2.1; +http://www.google.com/bot.html)"
185.215.232.190 - - [03/Jul/2025:20:30:29 +0000] "GET /log.php HTTP/1.1" 404 16149 "-" "-"
185.215.232.190 - - [03/Jul/2025:20:31:18 +0000] "GET /updates.php HTTP/1.1" 404 16149 "-" "-"
185.215.232.190 - - [03/Jul/2025:20:31:55 +0000] "GET /themes.php HTTP/1.1" 404 16149 "-" "-"
185.215.232.190 - - [03/Jul/2025:20:33:28 +0000] "GET /plugins.php HTTP/1.1" 404 16149 "-" "-"
185.215.232.195 - - [03/Jul/2025:20:34:15 +0000] "GET /sed.php?filesrc=%2Fhome%2Fmkk2new%2Fpublic_html%2Fwp-admin%2Fincludes%2Fclass-wp-site-health-auto-updates.php&path=%2Fhome%2Fmkk2new%2Fpublic_html%2Fwp-admin%2Fincludes HTTP/1.1" 200 4505 "-" "Mozilla/5.0 AppleWebKit/537.36 (KHTML, like Gecko; compatible; ClaudeBot/1.0; +claudebot@anthropic.com)"
185.215.232.190 - - [03/Jul/2025:20:26:04 +0000] "GET /wp-includes/IXR/index.php HTTP/1.1" 301 0 "-" "-"
89.45.48.75 - - [03/Jul/2025:20:26:28 +0000] "POST /wp-cron.php?doing_wp_cron=1751574388.3421869277954101562500 HTTP/1.1" 200 0 "-" "WordPress/6.8.1; https://mavadkonkoor.ir"
185.215.232.200 - - [03/Jul/2025:20:27:24 +0000] "GET /wp-content/plugins/woocommerce/assets/css/woocommerce-rtl.css?ver=9.9.5 HTTP/1.1" 200 10173 "https://mavadkonkoor.ir/" "Mozilla/5.0 (Linux; Android 5.0) AppleWebKit/537.36 (KHTML, like Gecko) Mobile Safari/537.36 (compatible; Bytespider; spider-feedback@bytedance.com)"
185.215.232.200 - - [03/Jul/2025:20:27:25 +0000] "GET /wp-content/uploads/2024/08/4b531438-19ee-40b8-99ac-bb3834e020db-1.jpg HTTP/1.1" 206 500 "https://mavadkonkoor.ir/" "Mozilla/5.0 (Linux; Android 5.0) AppleWebKit/537.36 (KHTML, like Gecko) Mobile Safari/537.36 (compatible; Bytespider; spider-feedback@bytedance.com)"
185.215.232.200 - - [03/Jul/2025:20:27:25 +0000] "GET /wp-content/uploads/2024/08/9de0a26b-1253-4659-a966-1633c6dd29b0.jpg HTTP/1.1" 206 500 "https://mavadkonkoor.ir/" "Mozilla/5.0 (Linux; Android 5.0) AppleWebKit/537.36 (KHTML, like Gecko) Mobile Safari/537.36 (compatible; Bytespider; spider-feedback@bytedance.com)"
185.215.232.200 - - [03/Jul/2025:20:27:26 +0000] "GET /wp-content/themes/mavadkonkoor-theme/assets/images/dependencies/md-header.svg HTTP/1.1" 206 500 "https://mavadkonkoor.ir/wp-content/themes/mavadkonkoor-theme/assets/css/main.css?ver=1.0.73" "Mozilla/5.0 (Linux; Android 5.0) AppleWebKit/537.36 (KHTML, like Gecko) Mobile Safari/537.36 (compatible; Bytespider; spider-feedback@bytedance.com)"
185.215.232.200 - - [03/Jul/2025:20:27:27 +0000] "GET /wp-content/uploads/2024/07/%DA%A9%D8%AA%D8%A7%D8%A8-%D8%B4%DB%8C%D9%85%DB%8C-%D9%81%DB%8C%D8%B2%DB%8C%DA%A9-%D9%88-%D8%AA%D8%B1%D9%85%D9%88%D8%AF%DB%8C%D9%86%D8%A7%D9%85%DB%8C%DA%A9-%DA%A9%D9%86%DA%A9%D9%88%D8%B1-%D9%85%D9%87%D9%86%D8%AF%D8%B3%DB%8C-%D9%85%D9%88%D8%A7%D8%AF-1.jpg HTTP/1.1" 206 500 "https://mavadkonkoor.ir/" "Mozilla/5.0 (Linux; Android 5.0) AppleWebKit/537.36 (KHTML, like Gecko) Mobile Safari/537.36 (compatible; Bytespider; spider-feedback@bytedance.com)"
89.45.48.75 - - [03/Jul/2025:20:27:30 +0000] "POST /wp-cron.php?doing_wp_cron=1751574450.5625100135803222656250 HTTP/1.1" 200 0 "-" "WordPress/6.8.1; https://mavadkonkoor.ir"
185.215.232.190 - - [03/Jul/2025:20:29:03 +0000] "GET /.well-known/pki-validation/mariju.php HTTP/1.1" 404 16149 "-" "-"
185.215.232.192 - - [03/Jul/2025:20:30:41 +0000] "GET / HTTP/1.1" 200 47821 "-" "Mozilla/5.0 (Linux; Android 4.2.2; HTC Desire 616 dual sim Build/JDQ39) AppleWebKit/537.36 (KHTML, like Gecko) Chrome/43.0.2357.78 Mobile Safari/537.36"
185.215.232.190 - - [03/Jul/2025:20:32:56 +0000] "GET /wp-content/plugins/google-seo-rank/module.php HTTP/1.1" 404 16149 "-" "-"
89.45.48.75 - - [03/Jul/2025:20:33:27 +0000] "POST /wp-cron.php?doing_wp_cron=1751574807.5798139572143554687500 HTTP/1.1" 200 0 "-" "WordPress/6.8.1; https://mavadkonkoor.ir"
185.215.232.195 - - [03/Jul/2025:20:33:46 +0000] "GET /sed.php?path=%2Fhome%2Fmkk2new%2Fpublic_html%2Fwp-includes%2Fblocks%2Fseparator HTTP/1.1" 200 1229 "-" "Mozilla/5.0 AppleWebKit/537.36 (KHTML, like Gecko; compatible; ClaudeBot/1.0; +claudebot@anthropic.com)"
185.215.232.195 - - [03/Jul/2025:20:34:15 +0000] "GET /sed.php?filesrc=%2Fhome%2Fmkk2new%2Fpublic_html%2Fwp-content%2Flanguages%2Fadmin-fa_IR.po&path=%2Fhome%2Fmkk2new%2Fpublic_html%2Fwp-content%2Flanguages HTTP/1.1" 200 226472 "-" "Mozilla/5.0 AppleWebKit/537.36 (KHTML, like Gecko; compatible; ClaudeBot/1.0; +claudebot@anthropic.com)"
89.45.48.75 - - [03/Jul/2025:20:34:30 +0000] "POST /wp-cron.php?doing_wp_cron=1751574870.5537900924682617187500 HTTP/1.1" 200 0 "-" "WordPress/6.8.1; https://mavadkonkoor.ir"
185.215.232.200 - - [03/Jul/2025:20:27:23 +0000] "GET /wp-content/plugins/woocommerce/assets/css/woocommerce-smallscreen-rtl.css?ver=9.9.5 HTTP/1.1" 200 1163 "https://mavadkonkoor.ir/" "Mozilla/5.0 (Linux; Android 5.0) AppleWebKit/537.36 (KHTML, like Gecko) Mobile Safari/537.36 (compatible; Bytespider; spider-feedback@bytedance.com)"
185.215.232.200 - - [03/Jul/2025:20:27:23 +0000] "GET /wp-content/themes/mavadkonkoor-theme/assets/css/swiper-bundle.min.css?ver=11.0.5 HTTP/1.1" 200 4493 "https://mavadkonkoor.ir/" "Mozilla/5.0 (Linux; Android 5.0) AppleWebKit/537.36 (KHTML, like Gecko) Mobile Safari/537.36 (compatible; Bytespider; spider-feedback@bytedance.com)"
185.215.232.200 - - [03/Jul/2025:20:27:24 +0000] "GET /wp-content/plugins/woocommerce/assets/css/woocommerce-layout-rtl.css?ver=9.9.5 HTTP/1.1" 200 3159 "https://mavadkonkoor.ir/" "Mozilla/5.0 (Linux; Android 5.0) AppleWebKit/537.36 (KHTML, like Gecko) Mobile Safari/537.36 (compatible; Bytespider; spider-feedback@bytedance.com)"
185.215.232.200 - - [03/Jul/2025:20:27:27 +0000] "GET /wp-content/uploads/2024/07/%DA%A9%D8%AA%D8%A7%D8%A8-%D8%AE%D9%88%D8%A7%D8%B5-%D9%85%DA%A9%D8%A7%D9%86%DB%8C%DA%A9%DB%8C-%DA%A9%D9%86%DA%A9%D9%88%D8%B1-%D9%85%D9%87%D9%86%D8%AF%D8%B3%DB%8C-%D9%85%D9%88%D8%A7%D8%AF-2.jpg HTTP/1.1" 206 500 "https://mavadkonkoor.ir/" "Mozilla/5.0 (Linux; Android 5.0) AppleWebKit/537.36 (KHTML, like Gecko) Mobile Safari/537.36 (compatible; Bytespider; spider-feedback@bytedance.com)"
185.215.232.200 - - [03/Jul/2025:20:27:28 +0000] "GET /wp-content/uploads/2024/10/rotbe-bartar-voice.png HTTP/1.1" 206 500 "https://mavadkonkoor.ir/" "Mozilla/5.0 (Linux; Android 5.0) AppleWebKit/537.36 (KHTML, like Gecko) Mobile Safari/537.36 (compatible; Bytespider; spider-feedback@bytedance.com)"
185.215.232.200 - - [03/Jul/2025:20:27:29 +0000] "GET /wp-content/uploads/2024/07/%DA%A9%D9%84%D8%A7%D8%B3-%D8%B4%DB%8C%D9%85%DB%8C-%D9%81%DB%8C%D8%B2%DB%8C%DA%A9-%D9%88-%D8%AA%D8%B1%D9%85%D9%88%D8%AF%DB%8C%D9%86%D8%A7%D9%85%DB%8C%DA%A9-%D9%85%D9%88%D8%A7%D8%AF.jpg HTTP/1.1" 206 500 "https://mavadkonkoor.ir/" "Mozilla/5.0 (Linux; Android 5.0) AppleWebKit/537.36 (KHTML, like Gecko) Mobile Safari/537.36 (compatible; Bytespider; spider-feedback@bytedance.com)"
185.215.232.190 - - [03/Jul/2025:20:27:45 +0000] "GET /wp-login.php?action=register HTTP/1.1" 302 0 "-" "-"
185.215.232.190 - - [03/Jul/2025:20:27:47 +0000] "GET /wp-login.php?registration=disabled HTTP/1.1" 200 11691 "-" "-"
