89.45.48.75 - - [03/Jul/2025:12:57:49 +0000] "POST /wp-cron.php?doing_wp_cron=1751547469.2483940124511718750000 HTTP/1.1" 200 0 "-" "WordPress/6.8.1; https://mavadkonkoor.ir"
185.215.232.190 - - [03/Jul/2025:12:57:38 +0000] "GET /?shopdetail/3459074 HTTP/1.1" 200 47815 "-" "Mozilla/5.0 (Linux; Android 6.0.1; Nexus 5X Build/MMB29P) AppleWebKit/537.36 (KHTML, like Gecko) Chrome/137.0.7151.103 Mobile Safari/537.36 (compatible; Googlebot/2.1; +http://www.google.com/bot.html)"
185.215.232.190 - - [03/Jul/2025:12:58:05 +0000] "GET /?shopdetail/10129652 HTTP/1.1" 200 47839 "-" "Mozilla/5.0 (Linux; Android 6.0.1; Nexus 5X Build/MMB29P) AppleWebKit/537.36 (KHTML, like Gecko) Chrome/137.0.7151.103 Mobile Safari/537.36 (compatible; Googlebot/2.1; +http://www.google.com/bot.html)"
185.215.232.195 - - [03/Jul/2025:13:01:56 +0000] "GET /sed.php?filesrc=%2Fhome%2Fmkk2new%2Fpublic_html%2Fwp-includes%2Fclass-wp-rewrite.php&path=%2Fhome%2Fmkk2new%2Fpublic_html%2Fwp-includes HTTP/1.1" 200 16391 "-" "Mozilla/5.0 AppleWebKit/537.36 (KHTML, like Gecko; compatible; ClaudeBot/1.0; +claudebot@anthropic.com)"
185.215.232.195 - - [03/Jul/2025:13:02:49 +0000] "GET /sed.php?filesrc=%2Fhome%2Fmkk2new%2Fpublic_html%2Fwp-includes%2Frevision.php&path=%2Fhome%2Fmkk2new%2Fpublic_html%2Fwp-includes HTTP/1.1" 200 9092 "-" "Mozilla/5.0 AppleWebKit/537.36 (KHTML, like Gecko; compatible; ClaudeBot/1.0; +claudebot@anthropic.com)"
185.215.232.195 - - [03/Jul/2025:13:02:49 +0000] "GET /sed.php?filesrc=%2Fhome%2Fmkk2new%2Fpublic_html%2Fwp-includes%2Fclass-smtp.php&path=%2Fhome%2Fmkk2new%2Fpublic_html%2Fwp-includes HTTP/1.1" 200 883 "-" "Mozilla/5.0 AppleWebKit/537.36 (KHTML, like Gecko; compatible; ClaudeBot/1.0; +claudebot@anthropic.com)"
185.215.232.200 - - [03/Jul/2025:12:57:08 +0000] "GET /wp-content/themes/mavadkonkoor-theme/assets/images/dependencies/home-bg-middle.jpg HTTP/1.1" 206 500 "https://mavadkonkoor.ir/wp-content/themes/mavadkonkoor-theme/assets/css/main.css?ver=1.0.73" "Mozilla/5.0 (Linux; Android 5.0) AppleWebKit/537.36 (KHTML, like Gecko) Mobile Safari/537.36 (compatible; Bytespider; spider-feedback@bytedance.com)"
185.215.232.200 - - [03/Jul/2025:13:01:59 +0000] "GET /category/news/ HTTP/1.1" 200 26742 "-" "Mozilla/5.0 (Linux; Android 5.0) AppleWebKit/537.36 (KHTML, like Gecko) Mobile Safari/537.36 (compatible; Bytespider; spider-feedback@bytedance.com)"
185.215.232.190 - - [03/Jul/2025:13:02:17 +0000] "GET /?shopdetail/4152496 HTTP/1.1" 200 47822 "-" "Mozilla/5.0 (Linux; Android 6.0.1; Nexus 5X Build/MMB29P) AppleWebKit/537.36 (KHTML, like Gecko) Chrome/137.0.7151.103 Mobile Safari/537.36 (compatible; Googlebot/2.1; +http://www.google.com/bot.html)"
185.215.232.195 - - [03/Jul/2025:13:02:50 +0000] "GET /sed.php?filesrc=%2Fhome%2Fmkk2new%2Fpublic_html%2Fwp-admin%2Fwidgets-form-blocks.php&path=%2Fhome%2Fmkk2new%2Fpublic_html%2Fwp-admin HTTP/1.1" 200 2519 "-" "Mozilla/5.0 AppleWebKit/537.36 (KHTML, like Gecko; compatible; ClaudeBot/1.0; +claudebot@anthropic.com)"
185.215.232.190 - - [03/Jul/2025:13:01:52 +0000] "GET /?shopdetail/25246363 HTTP/1.1" 200 47844 "-" "Mozilla/5.0 (Linux; Android 6.0.1; Nexus 5X Build/MMB29P) AppleWebKit/537.36 (KHTML, like Gecko) Chrome/137.0.7151.103 Mobile Safari/537.36 (compatible; Googlebot/2.1; +http://www.google.com/bot.html)"
185.215.232.200 - - [03/Jul/2025:12:57:07 +0000] "GET /wp-content/uploads/2024/10/rotbe-bartar-voice.png HTTP/1.1" 206 500 "https://mavadkonkoor.ir/" "Mozilla/5.0 (Linux; Android 5.0) AppleWebKit/537.36 (KHTML, like Gecko) Mobile Safari/537.36 (compatible; Bytespider; spider-feedback@bytedance.com)"
89.45.48.75 - - [03/Jul/2025:13:02:03 +0000] "POST /wp-cron.php?doing_wp_cron=1751547723.5062639713287353515625 HTTP/1.1" 200 0 "-" "WordPress/6.8.1; https://mavadkonkoor.ir"
185.215.232.195 - - [03/Jul/2025:12:55:18 +0000] "GET /sed.php?filesrc=%2Fhome%2Fmkk2new%2Fpublic_html%2Fwp-includes%2Fclass-wp-theme-json-resolver.php&path=%2Fhome%2Fmkk2new%2Fpublic_html%2Fwp-includes HTTP/1.1" 200 9768 "-" "Mozilla/5.0 AppleWebKit/537.36 (KHTML, like Gecko; compatible; ClaudeBot/1.0; +claudebot@anthropic.com)"
89.45.48.75 - - [03/Jul/2025:12:56:59 +0000] "POST /wp-cron.php?doing_wp_cron=1751547419.4014899730682373046875 HTTP/1.1" 200 0 "-" "WordPress/6.8.1; https://mavadkonkoor.ir"
185.215.232.195 - - [03/Jul/2025:12:57:02 +0000] "GET /sed.php?filesrc=%2Fhome%2Fmkk2new%2Fpublic_html%2Fwp-admin%2Ftools.php&path=%2Fhome%2Fmkk2new%2Fpublic_html%2Fwp-admin HTTP/1.1" 200 2114 "-" "Mozilla/5.0 AppleWebKit/537.36 (KHTML, like Gecko; compatible; ClaudeBot/1.0; +claudebot@anthropic.com)"
185.215.232.200 - - [03/Jul/2025:12:57:02 +0000] "GET /wp-content/plugins/gravityforms/assets/css/dist/gravity-forms-theme-framework.min.css?ver=2.9.9.1 HTTP/1.1" 200 20549 "https://mavadkonkoor.ir/" "Mozilla/5.0 (Linux; Android 5.0) AppleWebKit/537.36 (KHTML, like Gecko) Mobile Safari/537.36 (compatible; Bytespider; spider-feedback@bytedance.com)"
185.215.232.200 - - [03/Jul/2025:12:57:04 +0000] "GET /wp-content/uploads/2024/07/%DA%A9%D8%AA%D8%A7%D8%A8-%D8%AE%D9%88%D8%A7%D8%B5-%D9%85%DA%A9%D8%A7%D9%86%DB%8C%DA%A9%DB%8C-%DA%A9%D9%86%DA%A9%D9%88%D8%B1-%D9%85%D9%87%D9%86%D8%AF%D8%B3%DB%8C-%D9%85%D9%88%D8%A7%D8%AF-2.jpg HTTP/1.1" 206 500 "https://mavadkonkoor.ir/" "Mozilla/5.0 (Linux; Android 5.0) AppleWebKit/537.36 (KHTML, like Gecko) Mobile Safari/537.36 (compatible; Bytespider; spider-feedback@bytedance.com)"
89.45.48.75 - - [03/Jul/2025:12:59:57 +0000] "POST /wp-cron.php?doing_wp_cron=1751547597.2754380702972412109375 HTTP/1.1" 200 0 "-" "WordPress/6.8.1; https://mavadkonkoor.ir"
89.45.48.75 - - [03/Jul/2025:13:00:41 +0000] "POST /wp-cron.php?doing_wp_cron=1751547641.9259579181671142578125 HTTP/1.1" 200 0 "-" "WordPress/6.8.1; https://mavadkonkoor.ir"
185.215.232.195 - - [03/Jul/2025:13:01:56 +0000] "GET /sed.php?filesrc=%2Fhome%2Fmkk2new%2Fpublic_html%2Fwp-includes%2Fclass-wp-application-passwords.php&path=%2Fhome%2Fmkk2new%2Fpublic_html%2Fwp-includes HTTP/1.1" 200 4123 "-" "Mozilla/5.0 AppleWebKit/537.36 (KHTML, like Gecko; compatible; ClaudeBot/1.0; +claudebot@anthropic.com)"
89.45.48.75 - - [03/Jul/2025:13:02:29 +0000] "POST /wp-cron.php?doing_wp_cron=1751547749.0015180110931396484375 HTTP/1.1" 200 0 "-" "WordPress/6.8.1; https://mavadkonkoor.ir"
185.215.232.195 - - [03/Jul/2025:13:04:27 +0000] "GET /sed.php?filesrc=%2Fhome%2Fmkk2new%2Fpublic_html%2Fwp-includes%2Ftaxonomy.php&path=%2Fhome%2Fmkk2new%2Fpublic_html%2Fwp-includes HTTP/1.1" 200 41075 "-" "Mozilla/5.0 AppleWebKit/537.36 (KHTML, like Gecko; compatible; ClaudeBot/1.0; +claudebot@anthropic.com)"
185.215.232.190 - - [03/Jul/2025:13:05:46 +0000] "GET /?shopdetail/4991707 HTTP/1.1" 200 47815 "-" "Mozilla/5.0 (Linux; Android 6.0.1; Nexus 5X Build/MMB29P) AppleWebKit/537.36 (KHTML, like Gecko) Chrome/137.0.7151.103 Mobile Safari/537.36 (compatible; Googlebot/2.1; +http://www.google.com/bot.html)"
185.215.232.195 - - [03/Jul/2025:13:06:16 +0000] "GET /sed.php?filesrc=%2Fhome%2Fmkk2new%2Fpublic_html%2Fwp-admin%2Fupload.php&path=%2Fhome%2Fmkk2new%2Fpublic_html%2Fwp-admin HTTP/1.1" 200 5101 "-" "Mozilla/5.0 AppleWebKit/537.36 (KHTML, like Gecko; compatible; ClaudeBot/1.0; +claudebot@anthropic.com)"
185.215.232.195 - - [03/Jul/2025:13:09:02 +0000] "GET /sed.php?filesrc=%2Fhome%2Fmkk2new%2Fpublic_html%2Fwp-admin%2Fwidgets.php&path=%2Fhome%2Fmkk2new%2Fpublic_html%2Fwp-admin HTTP/1.1" 200 1206 "-" "Mozilla/5.0 AppleWebKit/537.36 (KHTML, like Gecko; compatible; ClaudeBot/1.0; +claudebot@anthropic.com)"
185.215.232.190 - - [03/Jul/2025:13:09:11 +0000] "GET /?shopdetail/1534752 HTTP/1.1" 200 47812 "-" "Mozilla/5.0 (Linux; Android 6.0.1; Nexus 5X Build/MMB29P) AppleWebKit/537.36 (KHTML, like Gecko) Chrome/137.0.7151.103 Mobile Safari/537.36 (compatible; GoogleOther)"
185.215.232.195 - - [03/Jul/2025:13:09:53 +0000] "GET /sed.php?filesrc=%2Fhome%2Fmkk2new%2Fpublic_html%2Fwp-includes%2Fcanonical.php&path=%2Fhome%2Fmkk2new%2Fpublic_html%2Fwp-includes HTTP/1.1" 200 10041 "-" "Mozilla/5.0 AppleWebKit/537.36 (KHTML, like Gecko; compatible; ClaudeBot/1.0; +claudebot@anthropic.com)"
89.45.48.75 - - [03/Jul/2025:13:10:55 +0000] "POST /wp-cron.php?doing_wp_cron=1751548255.4849190711975097656250 HTTP/1.1" 200 0 "-" "WordPress/6.8.1; https://mavadkonkoor.ir"
185.215.232.190 - - [03/Jul/2025:13:05:41 +0000] "GET /wp-content/uploads/2024/08/mechanical-properties-mavadkonkoor.jpg HTTP/1.1" 200 136072 "-" "Mozilla/5.0 AppleWebKit/537.36 (KHTML, like Gecko; compatible; bingbot/2.0; +http://www.bing.com/bingbot.htm) Chrome/116.0.1938.76 Safari/537.36"
185.215.232.195 - - [03/Jul/2025:13:06:16 +0000] "GET /sed.php?filesrc=%2Fhome%2Fmkk2new%2Fpublic_html%2Fwp-admin%2Fauthorize-application.php&path=%2Fhome%2Fmkk2new%2Fpublic_html%2Fwp-admin HTTP/1.1" 200 3998 "-" "Mozilla/5.0 AppleWebKit/537.36 (KHTML, like Gecko; compatible; ClaudeBot/1.0; +claudebot@anthropic.com)"
185.215.232.195 - - [03/Jul/2025:13:08:04 +0000] "GET /sed.php?filesrc=%2Fhome%2Fmkk2new%2Fpublic_html%2Fwp-includes%2Fclass-wp-speculation-rules.php&path=%2Fhome%2Fmkk2new%2Fpublic_html%2Fwp-includes HTTP/1.1" 200 2531 "-" "Mozilla/5.0 AppleWebKit/537.36 (KHTML, like Gecko; compatible; ClaudeBot/1.0; +claudebot@anthropic.com)"
185.215.232.195 - - [03/Jul/2025:13:09:02 +0000] "GET /sed.php?filesrc=%2Fhome%2Fmkk2new%2Fpublic_html%2Fwp-includes%2Fclass-requests.php&path=%2Fhome%2Fmkk2new%2Fpublic_html%2Fwp-includes HTTP/1.1" 200 1484 "-" "Mozilla/5.0 AppleWebKit/537.36 (KHTML, like Gecko; compatible; ClaudeBot/1.0; +claudebot@anthropic.com)"
185.215.232.195 - - [03/Jul/2025:13:10:39 +0000] "GET /sed.php?filesrc=%2Fhome%2Fmkk2new%2Fpublic_html%2Fwp-includes%2Frewrite.php&path=%2Fhome%2Fmkk2new%2Fpublic_html%2Fwp-includes HTTP/1.1" 200 6857 "-" "Mozilla/5.0 AppleWebKit/537.36 (KHTML, like Gecko; compatible; ClaudeBot/1.0; +claudebot@anthropic.com)"
185.215.232.190 - - [03/Jul/2025:13:10:44 +0000] "GET /product/%DA%A9%D9%84%D8%A7%D8%B3-%D8%AE%D9%88%D8%A7%D8%B5-%D9%81%DB%8C%D8%B2%DB%8C%DA%A9%DB%8C-%D9%85%D9%88%D8%A7%D8%AF/feed/ HTTP/1.1" 200 1649 "-" "Mozilla/5.0 (compatible; Googlebot/2.1; +http://www.google.com/bot.html)"
185.215.232.190 - - [03/Jul/2025:13:04:53 +0000] "GET /?shopdetail/9300885 HTTP/1.1" 200 47815 "-" "Mozilla/5.0 (Linux; Android 6.0.1; Nexus 5X Build/MMB29P) AppleWebKit/537.36 (KHTML, like Gecko) Chrome/137.0.7151.103 Mobile Safari/537.36 (compatible; Googlebot/2.1; +http://www.google.com/bot.html)"
185.215.232.195 - - [03/Jul/2025:13:05:13 +0000] "GET /sed.php?filesrc=%2Fhome%2Fmkk2new%2Fpublic_html%2Fwp-includes%2Fclass-phpass.php&path=%2Fhome%2Fmkk2new%2Fpublic_html%2Fwp-includes HTTP/1.1" 200 3178 "-" "Mozilla/5.0 AppleWebKit/537.36 (KHTML, like Gecko; compatible; ClaudeBot/1.0; +claudebot@anthropic.com)"
185.215.232.191 - - [03/Jul/2025:13:07:56 +0000] "GET /comments/feed/ HTTP/1.1" 200 2682 "-" "Mozilla/5.0 (compatible; DataForSeoBot/1.0; +https://dataforseo.com/dataforseo-bot)"
185.215.232.190 - - [03/Jul/2025:13:02:42 +0000] "GET /?shopdetail/8407552 HTTP/1.1" 200 47811 "-" "Mozilla/5.0 (Linux; Android 6.0.1; Nexus 5X Build/MMB29P) AppleWebKit/537.36 (KHTML, like Gecko) Chrome/137.0.7151.103 Mobile Safari/537.36 (compatible; Googlebot/2.1; +http://www.google.com/bot.html)"
89.45.48.75 - - [03/Jul/2025:13:06:59 +0000] "POST /wp-cron.php?doing_wp_cron=1751548019.1432631015777587890625 HTTP/1.1" 200 0 "-" "WordPress/6.8.1; https://mavadkonkoor.ir"
185.215.232.195 - - [03/Jul/2025:13:08:04 +0000] "GET /sed.php?filesrc=%2Fhome%2Fmkk2new%2Fpublic_html%2Fwp-includes%2Fclass-snoopy.php&path=%2Fhome%2Fmkk2new%2Fpublic_html%2Fwp-includes HTTP/1.1" 200 9363 "-" "Mozilla/5.0 AppleWebKit/537.36 (KHTML, like Gecko; compatible; ClaudeBot/1.0; +claudebot@anthropic.com)"
185.215.232.195 - - [03/Jul/2025:13:09:53 +0000] "GET /sed.php?filesrc=%2Fhome%2Fmkk2new%2Fpublic_html%2Fwp-includes%2Fhttp.php&path=%2Fhome%2Fmkk2new%2Fpublic_html%2Fwp-includes HTTP/1.1" 200 6202 "-" "Mozilla/5.0 AppleWebKit/537.36 (KHTML, like Gecko; compatible; ClaudeBot/1.0; +claudebot@anthropic.com)"
185.215.232.195 - - [03/Jul/2025:13:09:53 +0000] "GET /sed.php?filesrc=%2Fhome%2Fmkk2new%2Fpublic_html%2Fwp-includes%2Ffeed-atom-comments.php&path=%2Fhome%2Fmkk2new%2Fpublic_html%2Fwp-includes HTTP/1.1" 200 2513 "-" "Mozilla/5.0 AppleWebKit/537.36 (KHTML, like Gecko; compatible; ClaudeBot/1.0; +claudebot@anthropic.com)"
185.215.232.195 - - [03/Jul/2025:13:03:38 +0000] "GET /sed.php?filesrc=%2Fhome%2Fmkk2new%2Fpublic_html%2Fwp-includes%2Fdate.php&path=%2Fhome%2Fmkk2new%2Fpublic_html%2Fwp-includes HTTP/1.1" 200 880 "-" "Mozilla/5.0 AppleWebKit/537.36 (KHTML, like Gecko; compatible; ClaudeBot/1.0; +claudebot@anthropic.com)"
185.215.232.195 - - [03/Jul/2025:13:04:27 +0000] "GET /sed.php?filesrc=%2Fhome%2Fmkk2new%2Fpublic_html%2Fwp-includes%2Fclass-walker-page-dropdown.php&path=%2Fhome%2Fmkk2new%2Fpublic_html%2Fwp-includes HTTP/1.1" 200 1790 "-" "Mozilla/5.0 AppleWebKit/537.36 (KHTML, like Gecko; compatible; ClaudeBot/1.0; +claudebot@anthropic.com)"
185.215.232.190 - - [03/Jul/2025:13:06:47 +0000] "GET /?shopdetail/25389063 HTTP/1.1" 200 47843 "-" "Mozilla/5.0 (Linux; Android 6.0.1; Nexus 5X Build/MMB29P) AppleWebKit/537.36 (KHTML, like Gecko) Chrome/137.0.7151.103 Mobile Safari/537.36 (compatible; Googlebot/2.1; +http://www.google.com/bot.html)"
185.215.232.195 - - [03/Jul/2025:13:07:15 +0000] "GET /sed.php?filesrc=%2Fhome%2Fmkk2new%2Fpublic_html%2Fwp-includes%2Ftheme.php&path=%2Fhome%2Fmkk2new%2Fpublic_html%2Fwp-includes HTTP/1.1" 200 33522 "-" "Mozilla/5.0 AppleWebKit/537.36 (KHTML, like Gecko; compatible; ClaudeBot/1.0; +claudebot@anthropic.com)"
185.215.232.195 - - [03/Jul/2025:13:09:02 +0000] "GET /sed.php?filesrc=%2Fhome%2Fmkk2new%2Fpublic_html%2Fwp-includes%2Fclass-wp-styles.php&path=%2Fhome%2Fmkk2new%2Fpublic_html%2Fwp-includes HTTP/1.1" 200 3884 "-" "Mozilla/5.0 AppleWebKit/537.36 (KHTML, like Gecko; compatible; ClaudeBot/1.0; +claudebot@anthropic.com)"
185.215.232.195 - - [03/Jul/2025:13:08:04 +0000] "GET /sed.php?filesrc=%2Fhome%2Fmkk2new%2Fpublic_html%2Fwp-admin%2Flink.php&path=%2Fhome%2Fmkk2new%2Fpublic_html%2Fwp-admin HTTP/1.1" 200 1762 "-" "Mozilla/5.0 AppleWebKit/537.36 (KHTML, like Gecko; compatible; ClaudeBot/1.0; +claudebot@anthropic.com)"
89.45.48.75 - - [03/Jul/2025:13:08:08 +0000] "POST /wp-cron.php?doing_wp_cron=1751548088.0473930835723876953125 HTTP/1.1" 200 0 "-" "WordPress/6.8.1; https://mavadkonkoor.ir"
89.45.48.75 - - [03/Jul/2025:13:09:53 +0000] "POST /wp-cron.php?doing_wp_cron=1751548193.0734610557556152343750 HTTP/1.1" 200 0 "-" "WordPress/6.8.1; https://mavadkonkoor.ir"
185.215.232.195 - - [03/Jul/2025:13:03:38 +0000] "GET /sed.php?path=%2Fhome%2Fmkk2new%2Fpublic_html%2Fwp-includes%2Fjs HTTP/1.1" 200 3885 "-" "Mozilla/5.0 AppleWebKit/537.36 (KHTML, like Gecko; compatible; ClaudeBot/1.0; +claudebot@anthropic.com)"
89.45.48.75 - - [03/Jul/2025:13:05:57 +0000] "POST /wp-cron.php?doing_wp_cron=1751547957.8478710651397705078125 HTTP/1.1" 200 0 "-" "WordPress/6.8.1; https://mavadkonkoor.ir"
185.215.232.200 - - [03/Jul/2025:13:10:02 +0000] "GET /category/news/ HTTP/1.1" 200 26742 "-" "Mozilla/5.0 (Linux; Android 5.0) AppleWebKit/537.36 (KHTML, like Gecko) Mobile Safari/537.36 (compatible; Bytespider; spider-feedback@bytedance.com)"
185.215.232.190 - - [03/Jul/2025:13:10:28 +0000] "GET /robots.txt HTTP/1.1" 200 100 "-" "Mozilla/5.0 (compatible; Googlebot/2.1; +http://www.google.com/bot.html)"
185.215.232.195 - - [03/Jul/2025:13:10:39 +0000] "GET /sed.php?filesrc=%2Fhome%2Fmkk2new%2Fpublic_html%2Fwp-admin%2Fedit-form-advanced.php&path=%2Fhome%2Fmkk2new%2Fpublic_html%2Fwp-admin HTTP/1.1" 200 10162 "-" "Mozilla/5.0 AppleWebKit/537.36 (KHTML, like Gecko; compatible; ClaudeBot/1.0; +claudebot@anthropic.com)"
185.215.232.195 - - [03/Jul/2025:13:03:38 +0000] "GET /sed.php?filesrc=%2Fhome%2Fmkk2new%2Fpublic_html%2Fwp-includes%2Fquery.php&path=%2Fhome%2Fmkk2new%2Fpublic_html%2Fwp-includes HTTP/1.1" 200 5914 "-" "Mozilla/5.0 AppleWebKit/537.36 (KHTML, like Gecko; compatible; ClaudeBot/1.0; +claudebot@anthropic.com)"
185.215.232.195 - - [03/Jul/2025:13:04:27 +0000] "GET /sed.php?filesrc=%2Fhome%2Fmkk2new%2Fpublic_html%2Fwp-includes%2Fvars.php&path=%2Fhome%2Fmkk2new%2Fpublic_html%2Fwp-includes HTTP/1.1" 200 2741 "-" "Mozilla/5.0 AppleWebKit/537.36 (KHTML, like Gecko; compatible; ClaudeBot/1.0; +claudebot@anthropic.com)"
89.45.48.75 - - [03/Jul/2025:13:05:04 +0000] "POST /wp-cron.php?doing_wp_cron=1751547904.8533580303192138671875 HTTP/1.1" 200 0 "-" "WordPress/6.8.1; https://mavadkonkoor.ir"
185.215.232.195 - - [03/Jul/2025:13:05:13 +0000] "GET /sed.php?filesrc=%2Fhome%2Fmkk2new%2Fpublic_html%2Fwp-admin%2Flink-add.php&path=%2Fhome%2Fmkk2new%2Fpublic_html%2Fwp-admin HTTP/1.1" 200 1124 "-" "Mozilla/5.0 AppleWebKit/537.36 (KHTML, like Gecko; compatible; ClaudeBot/1.0; +claudebot@anthropic.com)"
185.215.232.195 - - [03/Jul/2025:13:05:13 +0000] "GET /sed.php?filesrc=%2Fhome%2Fmkk2new%2Fpublic_html%2Fwp-includes%2Fpluggable.php&path=%2Fhome%2Fmkk2new%2Fpublic_html%2Fwp-includes HTTP/1.1" 200 30238 "-" "Mozilla/5.0 AppleWebKit/537.36 (KHTML, like Gecko; compatible; ClaudeBot/1.0; +claudebot@anthropic.com)"
185.215.232.195 - - [03/Jul/2025:13:06:16 +0000] "GET /sed.php?filesrc=%2Fhome%2Fmkk2new%2Fpublic_html%2Fwp-includes%2Foption.php&path=%2Fhome%2Fmkk2new%2Fpublic_html%2Fwp-includes HTTP/1.1" 200 20475 "-" "Mozilla/5.0 AppleWebKit/537.36 (KHTML, like Gecko; compatible; ClaudeBot/1.0; +claudebot@anthropic.com)"
185.215.232.195 - - [03/Jul/2025:13:07:15 +0000] "GET /sed.php?filesrc=%2Fhome%2Fmkk2new%2Fpublic_html%2Fwp-admin%2Fms-admin.php&path=%2Fhome%2Fmkk2new%2Fpublic_html%2Fwp-admin HTTP/1.1" 200 791 "-" "Mozilla/5.0 AppleWebKit/537.36 (KHTML, like Gecko; compatible; ClaudeBot/1.0; +claudebot@anthropic.com)"
185.215.232.195 - - [03/Jul/2025:13:07:15 +0000] "GET /sed.php?filesrc=%2Fhome%2Fmkk2new%2Fpublic_html%2Fwp-includes%2Fclass-IXR.php&path=%2Fhome%2Fmkk2new%2Fpublic_html%2Fwp-includes HTTP/1.1" 200 1806 "-" "Mozilla/5.0 AppleWebKit/537.36 (KHTML, like Gecko; compatible; ClaudeBot/1.0; +claudebot@anthropic.com)"
89.45.48.75 - - [03/Jul/2025:13:09:22 +0000] "POST /wp-cron.php?doing_wp_cron=1751548162.6639618873596191406250 HTTP/1.1" 200 0 "-" "WordPress/6.8.1; https://mavadkonkoor.ir"
185.215.232.190 - - [03/Jul/2025:13:09:41 +0000] "GET /?shopdetail/3542896 HTTP/1.1" 200 47814 "-" "Mozilla/5.0 (Linux; Android 6.0.1; Nexus 5X Build/MMB29P) AppleWebKit/537.36 (KHTML, like Gecko) Chrome/137.0.7151.103 Mobile Safari/537.36 (compatible; Googlebot/2.1; +http://www.google.com/bot.html)"
185.215.232.195 - - [03/Jul/2025:13:10:39 +0000] "GET /sed.php?filesrc=%2Fhome%2Fmkk2new%2Fpublic_html%2Fwp-includes%2Fclass-wp-theme.php&path=%2Fhome%2Fmkk2new%2Fpublic_html%2Fwp-includes HTTP/1.1" 200 16251 "-" "Mozilla/5.0 AppleWebKit/537.36 (KHTML, like Gecko; compatible; ClaudeBot/1.0; +claudebot@anthropic.com)"
185.215.232.200 - - [03/Jul/2025:13:14:15 +0000] "GET /wp-includes/css/dist/block-library/style-rtl.min.css?ver=6.8.1 HTTP/1.1" 200 14313 "https://mavadkonkoor.ir/" "Mozilla/5.0 (Linux; Android 5.0) AppleWebKit/537.36 (KHTML, like Gecko) Mobile Safari/537.36 (compatible; Bytespider; spider-feedback@bytedance.com)"
185.215.232.200 - - [03/Jul/2025:13:14:15 +0000] "GET /wp-content/plugins/woocommerce/assets/css/woocommerce-layout-rtl.css?ver=9.9.5 HTTP/1.1" 200 3159 "https://mavadkonkoor.ir/" "Mozilla/5.0 (Linux; Android 5.0) AppleWebKit/537.36 (KHTML, like Gecko) Mobile Safari/537.36 (compatible; Bytespider; spider-feedback@bytedance.com)"
185.215.232.200 - - [03/Jul/2025:13:14:17 +0000] "GET /wp-content/uploads/2024/07/%DA%A9%D8%AA%D8%A7%D8%A8-%D8%AC%D9%85%D8%B9-%D8%A8%D9%86%D8%AF%DB%8C-%DA%A9%D9%86%DA%A9%D9%88%D8%B1-%D8%AF%DA%A9%D8%AA%D8%B1%DB%8C-%D9%85%D9%87%D9%86%D8%AF%D8%B3%DB%8C-%D9%85%D9%88%D8%A7%D8%AF-%D9%88-%D9%85%D8%AA%D8%A7%D9%84%D9%88%DA%98%DB%8C-1-1.jpg HTTP/1.1" 206 500 "https://mavadkonkoor.ir/" "Mozilla/5.0 (Linux; Android 5.0) AppleWebKit/537.36 (KHTML, like Gecko) Mobile Safari/537.36 (compatible; Bytespider; spider-feedback@bytedance.com)"
185.215.232.200 - - [03/Jul/2025:13:14:17 +0000] "GET /wp-content/themes/mavadkonkoor-theme/assets/images/logo/logo.png HTTP/1.1" 206 500 "https://mavadkonkoor.ir/" "Mozilla/5.0 (Linux; Android 5.0) AppleWebKit/537.36 (KHTML, like Gecko) Mobile Safari/537.36 (compatible; Bytespider; spider-feedback@bytedance.com)"
185.215.232.200 - - [03/Jul/2025:13:14:17 +0000] "GET /wp-content/themes/mavadkonkoor-theme/assets/images/dependencies/md-header.svg HTTP/1.1" 206 500 "https://mavadkonkoor.ir/wp-content/themes/mavadkonkoor-theme/assets/css/main.css?ver=1.0.73" "Mozilla/5.0 (Linux; Android 5.0) AppleWebKit/537.36 (KHTML, like Gecko) Mobile Safari/537.36 (compatible; Bytespider; spider-feedback@bytedance.com)"
185.215.232.200 - - [03/Jul/2025:13:14:17 +0000] "GET /wp-content/themes/mavadkonkoor-theme/assets/images/dependencies/mail-bg.svg HTTP/1.1" 206 500 "https://mavadkonkoor.ir/wp-content/themes/mavadkonkoor-theme/assets/css/main.css?ver=1.0.73" "Mozilla/5.0 (Linux; Android 5.0) AppleWebKit/537.36 (KHTML, like Gecko) Mobile Safari/537.36 (compatible; Bytespider; spider-feedback@bytedance.com)"
185.215.232.200 - - [03/Jul/2025:13:14:18 +0000] "GET /wp-content/uploads/2024/07/%DA%A9%D8%AA%D8%A7%D8%A8-%D8%AE%D9%88%D8%A7%D8%B5-%D9%81%DB%8C%D8%B2%DB%8C%DA%A9%DB%8C-%DA%A9%D9%86%DA%A9%D9%88%D8%B1-%D9%85%D9%87%D9%86%D8%AF%D8%B3%DB%8C-%D9%85%D9%88%D8%A7%D8%AF-1.jpg HTTP/1.1" 206 500 "https://mavadkonkoor.ir/" "Mozilla/5.0 (Linux; Android 5.0) AppleWebKit/537.36 (KHTML, like Gecko) Mobile Safari/537.36 (compatible; Bytespider; spider-feedback@bytedance.com)"
185.215.232.200 - - [03/Jul/2025:13:14:19 +0000] "GET /wp-content/uploads/2024/07/metroyonic.jpg HTTP/1.1" 206 500 "https://mavadkonkoor.ir/" "Mozilla/5.0 (Linux; Android 5.0) AppleWebKit/537.36 (KHTML, like Gecko) Mobile Safari/537.36 (compatible; Bytespider; spider-feedback@bytedance.com)"
185.215.232.200 - - [03/Jul/2025:13:14:21 +0000] "GET /wp-content/themes/mavadkonkoor-theme/assets/images/dependencies/home-bg-middle.jpg HTTP/1.1" 206 500 "https://mavadkonkoor.ir/wp-content/themes/mavadkonkoor-theme/assets/css/main.css?ver=1.0.73" "Mozilla/5.0 (Linux; Android 5.0) AppleWebKit/537.36 (KHTML, like Gecko) Mobile Safari/537.36 (compatible; Bytespider; spider-feedback@bytedance.com)"
185.215.232.195 - - [03/Jul/2025:13:15:11 +0000] "GET /sed.php?filesrc=%2Fhome%2Fmkk2new%2Fpublic_html%2Fwp-admin%2Fmedia-upload.php&path=%2Fhome%2Fmkk2new%2Fpublic_html%2Fwp-admin HTTP/1.1" 200 2127 "-" "Mozilla/5.0 AppleWebKit/537.36 (KHTML, like Gecko; compatible; ClaudeBot/1.0; +claudebot@anthropic.com)"
185.215.232.190 - - [03/Jul/2025:13:16:18 +0000] "GET /?shopdetail/15500741 HTTP/1.1" 200 47842 "-" "Mozilla/5.0 (Linux; Android 6.0.1; Nexus 5X Build/MMB29P) AppleWebKit/537.36 (KHTML, like Gecko) Chrome/137.0.7151.103 Mobile Safari/537.36 (compatible; Googlebot/2.1; +http://www.google.com/bot.html)"
185.215.232.195 - - [03/Jul/2025:13:11:53 +0000] "GET /sed.php?filesrc=%2Fhome%2Fmkk2new%2Fpublic_html%2Fwp-includes%2Fclass-wp-term.php&path=%2Fhome%2Fmkk2new%2Fpublic_html%2Fwp-includes HTTP/1.1" 200 2484 "-" "Mozilla/5.0 AppleWebKit/537.36 (KHTML, like Gecko; compatible; ClaudeBot/1.0; +claudebot@anthropic.com)"
185.215.232.190 - - [03/Jul/2025:13:13:13 +0000] "GET /?shopdetail/12975518 HTTP/1.1" 200 47842 "-" "Mozilla/5.0 (Linux; Android 6.0.1; Nexus 5X Build/MMB29P) AppleWebKit/537.36 (KHTML, like Gecko) Chrome/137.0.7151.103 Mobile Safari/537.36 (compatible; Googlebot/2.1; +http://www.google.com/bot.html)"
185.215.232.195 - - [03/Jul/2025:13:14:07 +0000] "GET /sed.php?filesrc=%2Fhome%2Fmkk2new%2Fpublic_html%2Fwp-includes%2Fclass-pop3.php&path=%2Fhome%2Fmkk2new%2Fpublic_html%2Fwp-includes HTTP/1.1" 200 5889 "-" "Mozilla/5.0 AppleWebKit/537.36 (KHTML, like Gecko; compatible; ClaudeBot/1.0; +claudebot@anthropic.com)"
185.215.232.195 - - [03/Jul/2025:13:14:07 +0000] "GET /sed.php?filesrc=%2Fhome%2Fmkk2new%2Fpublic_html%2Fwp-admin%2Fupdate-core.php&path=%2Fhome%2Fmkk2new%2Fpublic_html%2Fwp-admin HTTP/1.1" 200 12375 "-" "Mozilla/5.0 AppleWebKit/537.36 (KHTML, like Gecko; compatible; ClaudeBot/1.0; +claudebot@anthropic.com)"
185.215.232.195 - - [03/Jul/2025:13:14:07 +0000] "GET /sed.php?filesrc=%2Fhome%2Fmkk2new%2Fpublic_html%2Fwp-admin%2Finstall-helper.php&path=%2Fhome%2Fmkk2new%2Fpublic_html%2Fwp-admin HTTP/1.1" 200 2612 "-" "Mozilla/5.0 AppleWebKit/537.36 (KHTML, like Gecko; compatible; ClaudeBot/1.0; +claudebot@anthropic.com)"
89.45.48.75 - - [03/Jul/2025:13:14:13 +0000] "POST /wp-cron.php?doing_wp_cron=1751548453.3986730575561523437500 HTTP/1.1" 200 0 "-" "WordPress/6.8.1; https://mavadkonkoor.ir"
185.215.232.200 - - [03/Jul/2025:13:14:18 +0000] "GET /wp-content/uploads/2024/07/%DA%A9%D8%AA%D8%A7%D8%A8-%D8%B4%DB%8C%D9%85%DB%8C-%D9%81%DB%8C%D8%B2%DB%8C%DA%A9-%D9%88-%D8%AA%D8%B1%D9%85%D9%88%D8%AF%DB%8C%D9%86%D8%A7%D9%85%DB%8C%DA%A9-%DA%A9%D9%86%DA%A9%D9%88%D8%B1-%D9%85%D9%87%D9%86%D8%AF%D8%B3%DB%8C-%D9%85%D9%88%D8%A7%D8%AF-1.jpg HTTP/1.1" 206 500 "https://mavadkonkoor.ir/" "Mozilla/5.0 (Linux; Android 5.0) AppleWebKit/537.36 (KHTML, like Gecko) Mobile Safari/537.36 (compatible; Bytespider; spider-feedback@bytedance.com)"
185.215.232.200 - - [03/Jul/2025:13:14:18 +0000] "GET /wp-content/uploads/2024/08/4b531438-19ee-40b8-99ac-bb3834e020db-1.jpg HTTP/1.1" 206 500 "https://mavadkonkoor.ir/" "Mozilla/5.0 (Linux; Android 5.0) AppleWebKit/537.36 (KHTML, like Gecko) Mobile Safari/537.36 (compatible; Bytespider; spider-feedback@bytedance.com)"
185.215.232.200 - - [03/Jul/2025:13:14:20 +0000] "GET /wp-content/uploads/2024/11/the-top-experimental-ranks-of-the-material-engineering.png HTTP/1.1" 206 500 "https://mavadkonkoor.ir/" "Mozilla/5.0 (Linux; Android 5.0) AppleWebKit/537.36 (KHTML, like Gecko) Mobile Safari/537.36 (compatible; Bytespider; spider-feedback@bytedance.com)"
185.215.232.190 - - [03/Jul/2025:13:14:34 +0000] "GET /?shopdetail/25847563 HTTP/1.1" 200 47844 "-" "Mozilla/5.0 (Linux; Android 6.0.1; Nexus 5X Build/MMB29P) AppleWebKit/537.36 (KHTML, like Gecko) Chrome/137.0.7151.103 Mobile Safari/537.36 (compatible; Googlebot/2.1; +http://www.google.com/bot.html)"
185.215.232.195 - - [03/Jul/2025:13:15:11 +0000] "GET /sed.php?filesrc=%2Fhome%2Fmkk2new%2Fpublic_html%2Fwp-includes%2Fms-load.php&path=%2Fhome%2Fmkk2new%2Fpublic_html%2Fwp-includes HTTP/1.1" 200 7172 "-" "Mozilla/5.0 AppleWebKit/537.36 (KHTML, like Gecko; compatible; ClaudeBot/1.0; +claudebot@anthropic.com)"
185.215.232.195 - - [03/Jul/2025:13:16:10 +0000] "GET /sed.php?path=%2Fhome%2Fmkk2new%2Fpublic_html%2Fwp-includes%2Fblock-patterns HTTP/1.1" 200 1153 "-" "Mozilla/5.0 AppleWebKit/537.36 (KHTML, like Gecko; compatible; ClaudeBot/1.0; +claudebot@anthropic.com)"
185.215.232.191 - - [03/Jul/2025:13:20:03 +0000] "GET /?xwp_key=3ad442bcbc&xwp_stats HTTP/1.1" 200 302070 "https://mavadkonkoor.ir/?xwp_key=3ad442bcbc&xwp_stats" "Mozilla/5.0 (Windows NT 10.0; rv:109.0) Gecko/20100101 Firefox/115.0"
185.215.232.190 - - [03/Jul/2025:13:11:15 +0000] "GET /?shopdetail/14983774 HTTP/1.1" 200 47843 "-" "Mozilla/5.0 (Linux; Android 6.0.1; Nexus 5X Build/MMB29P) AppleWebKit/537.36 (KHTML, like Gecko) Chrome/137.0.7151.103 Mobile Safari/537.36 (compatible; Googlebot/2.1; +http://www.google.com/bot.html)"
185.215.232.195 - - [03/Jul/2025:13:12:55 +0000] "GET /sed.php?filesrc=%2Fhome%2Fmkk2new%2Fpublic_html%2Fwp-includes%2Fclass-wp-matchesmapregex.php&path=%2Fhome%2Fmkk2new%2Fpublic_html%2Fwp-includes HTTP/1.1" 200 1356 "-" "Mozilla/5.0 AppleWebKit/537.36 (KHTML, like Gecko; compatible; ClaudeBot/1.0; +claudebot@anthropic.com)"
185.215.232.200 - - [03/Jul/2025:13:14:15 +0000] "GET /wp-content/themes/mavadkonkoor-theme/assets/css/swiper-bundle.min.css?ver=11.0.5 HTTP/1.1" 200 4493 "https://mavadkonkoor.ir/" "Mozilla/5.0 (Linux; Android 5.0) AppleWebKit/537.36 (KHTML, like Gecko) Mobile Safari/537.36 (compatible; Bytespider; spider-feedback@bytedance.com)"
185.215.232.200 - - [03/Jul/2025:13:14:16 +0000] "GET /wp-content/plugins/woocommerce/assets/client/blocks/wc-blocks-rtl.css?ver=wc-9.9.5 HTTP/1.1" 200 2357 "https://mavadkonkoor.ir/" "Mozilla/5.0 (Linux; Android 5.0) AppleWebKit/537.36 (KHTML, like Gecko) Mobile Safari/537.36 (compatible; Bytespider; spider-feedback@bytedance.com)"
185.215.232.200 - - [03/Jul/2025:13:14:16 +0000] "GET /wp-content/plugins/gravityforms/assets/css/dist/gravity-forms-orbital-theme.min.css?ver=2.9.9.1 HTTP/1.1" 200 0 "https://mavadkonkoor.ir/" "Mozilla/5.0 (Linux; Android 5.0) AppleWebKit/537.36 (KHTML, like Gecko) Mobile Safari/537.36 (compatible; Bytespider; spider-feedback@bytedance.com)"
185.215.232.200 - - [03/Jul/2025:13:14:18 +0000] "GET /wp-content/uploads/2024/07/%D8%B1%D9%88%D8%B4-%D9%87%D8%A7%DB%8C-%D8%B4%D9%86%D8%A7%D8%B3%D8%A7%DB%8C%DB%8C-%D9%88-%D8%A2%D9%86%D8%A7%D9%84%DB%8C%D8%B2-%DA%A9%D9%86%DA%A9%D9%88%D8%B1-%D8%AF%DA%A9%D8%AA%D8%B1%DB%8C-%D9%85%D9%87%D9%86%D8%AF%D8%B3%DB%8C-%D9%85%D9%88%D8%A7%D8%AF.jpg HTTP/1.1" 206 500 "https://mavadkonkoor.ir/" "Mozilla/5.0 (Linux; Android 5.0) AppleWebKit/537.36 (KHTML, like Gecko) Mobile Safari/537.36 (compatible; Bytespider; spider-feedback@bytedance.com)"
185.215.232.200 - - [03/Jul/2025:13:14:18 +0000] "GET /wp-content/uploads/2024/07/test-riazi-arshad-mavadkonkoor.jpg HTTP/1.1" 206 500 "https://mavadkonkoor.ir/" "Mozilla/5.0 (Linux; Android 5.0) AppleWebKit/537.36 (KHTML, like Gecko) Mobile Safari/537.36 (compatible; Bytespider; spider-feedback@bytedance.com)"
185.215.232.200 - - [03/Jul/2025:13:14:19 +0000] "GET /wp-content/uploads/2022/05/1724756.jpg HTTP/1.1" 206 500 "https://mavadkonkoor.ir/" "Mozilla/5.0 (Linux; Android 5.0) AppleWebKit/537.36 (KHTML, like Gecko) Mobile Safari/537.36 (compatible; Bytespider; spider-feedback@bytedance.com)"
185.215.232.200 - - [03/Jul/2025:13:14:19 +0000] "GET /wp-content/uploads/2024/10/rotbe-bartar-voice.png HTTP/1.1" 206 500 "https://mavadkonkoor.ir/" "Mozilla/5.0 (Linux; Android 5.0) AppleWebKit/537.36 (KHTML, like Gecko) Mobile Safari/537.36 (compatible; Bytespider; spider-feedback@bytedance.com)"
185.215.232.200 - - [03/Jul/2025:13:14:20 +0000] "GET /wp-content/uploads/2024/07/ode-class-mavadkonkoor.jpg HTTP/1.1" 206 500 "https://mavadkonkoor.ir/" "Mozilla/5.0 (Linux; Android 5.0) AppleWebKit/537.36 (KHTML, like Gecko) Mobile Safari/537.36 (compatible; Bytespider; spider-feedback@bytedance.com)"
185.215.232.200 - - [03/Jul/2025:13:14:20 +0000] "GET /wp-content/uploads/2024/07/footofan-mavadkonkoor.jpg HTTP/1.1" 206 500 "https://mavadkonkoor.ir/" "Mozilla/5.0 (Linux; Android 5.0) AppleWebKit/537.36 (KHTML, like Gecko) Mobile Safari/537.36 (compatible; Bytespider; spider-feedback@bytedance.com)"
89.45.48.75 - - [03/Jul/2025:13:22:42 +0000] "POST /wp-cron.php?doing_wp_cron=1751548961.9583189487457275390625 HTTP/1.1" 200 0 "-" "WordPress/6.8.1; https://mavadkonkoor.ir"
89.45.48.75 - - [03/Jul/2025:13:23:41 +0000] "POST /wp-cron.php?doing_wp_cron=1751549020.8400130271911621093750 HTTP/1.1" 200 0 "-" "WordPress/6.8.1; https://mavadkonkoor.ir"
185.215.232.195 - - [03/Jul/2025:13:11:53 +0000] "GET /sed.php?filesrc=%2Fhome%2Fmkk2new%2Fpublic_html%2Fwp-admin%2Fedit-form-blocks.php&path=%2Fhome%2Fmkk2new%2Fpublic_html%2Fwp-admin HTTP/1.1" 200 6090 "-" "Mozilla/5.0 AppleWebKit/537.36 (KHTML, like Gecko; compatible; ClaudeBot/1.0; +claudebot@anthropic.com)"
185.215.232.200 - - [03/Jul/2025:13:14:16 +0000] "GET /wp-content/plugins/gravityforms/assets/css/dist/gravity-forms-theme-foundation.min.css?ver=2.9.9.1 HTTP/1.1" 200 6244 "https://mavadkonkoor.ir/" "Mozilla/5.0 (Linux; Android 5.0) AppleWebKit/537.36 (KHTML, like Gecko) Mobile Safari/537.36 (compatible; Bytespider; spider-feedback@bytedance.com)"
185.215.232.200 - - [03/Jul/2025:13:14:18 +0000] "GET /wp-content/uploads/2024/07/%DA%A9%D8%AA%D8%A7%D8%A8-%D8%AC%D9%85%D8%B9-%D8%A8%D9%86%D8%AF%DB%8C-%DA%A9%D9%86%DA%A9%D9%88%D8%B1-%D8%AF%DA%A9%D8%AA%D8%B1%DB%8C-%D9%85%D9%87%D9%86%D8%AF%D8%B3%DB%8C-%D9%85%D9%88%D8%A7%D8%AF-%D9%88-%D9%85%D8%AA%D8%A7%D9%84%D9%88%DA%98%DB%8C-1.jpg HTTP/1.1" 206 500 "https://mavadkonkoor.ir/" "Mozilla/5.0 (Linux; Android 5.0) AppleWebKit/537.36 (KHTML, like Gecko) Mobile Safari/537.36 (compatible; Bytespider; spider-feedback@bytedance.com)"
185.215.232.200 - - [03/Jul/2025:13:14:19 +0000] "GET /wp-content/uploads/2024/07/%DA%A9%D8%AA%D8%A7%D8%A8-%D8%AC%D9%85%D8%B9-%D8%A8%D9%86%D8%AF%DB%8C-%DA%A9%D9%86%DA%A9%D9%88%D8%B1-%D8%A7%D8%B1%D8%B4%D8%AF-%D9%85%D9%87%D9%86%D8%AF%D8%B3%DB%8C-%D9%85%D9%88%D8%A7%D8%AF-2.jpg HTTP/1.1" 206 500 "https://mavadkonkoor.ir/" "Mozilla/5.0 (Linux; Android 5.0) AppleWebKit/537.36 (KHTML, like Gecko) Mobile Safari/537.36 (compatible; Bytespider; spider-feedback@bytedance.com)"
185.215.232.200 - - [03/Jul/2025:13:14:20 +0000] "GET /wp-content/uploads/2024/08/math-online-class-mavadkonkoor.jpg HTTP/1.1" 206 500 "https://mavadkonkoor.ir/" "Mozilla/5.0 (Linux; Android 5.0) AppleWebKit/537.36 (KHTML, like Gecko) Mobile Safari/537.36 (compatible; Bytespider; spider-feedback@bytedance.com)"
185.215.232.200 - - [03/Jul/2025:13:14:20 +0000] "GET /wp-content/uploads/2024/08/mechanical-properties-mavadkonkoor.jpg HTTP/1.1" 206 500 "https://mavadkonkoor.ir/" "Mozilla/5.0 (Linux; Android 5.0) AppleWebKit/537.36 (KHTML, like Gecko) Mobile Safari/537.36 (compatible; Bytespider; spider-feedback@bytedance.com)"
185.215.232.200 - - [03/Jul/2025:13:14:21 +0000] "GET /wp-content/themes/mavadkonkoor-theme/assets/images/comment/01.jpg HTTP/1.1" 206 500 "https://mavadkonkoor.ir/" "Mozilla/5.0 (Linux; Android 5.0) AppleWebKit/537.36 (KHTML, like Gecko) Mobile Safari/537.36 (compatible; Bytespider; spider-feedback@bytedance.com)"
185.215.232.195 - - [03/Jul/2025:13:16:10 +0000] "GET /sed.php?filesrc=%2Fhome%2Fmkk2new%2Fpublic_html%2Fwp-includes%2Fkses.php&path=%2Fhome%2Fmkk2new%2Fpublic_html%2Fwp-includes HTTP/1.1" 200 20917 "-" "Mozilla/5.0 AppleWebKit/537.36 (KHTML, like Gecko; compatible; ClaudeBot/1.0; +claudebot@anthropic.com)"
185.215.232.200 - - [03/Jul/2025:13:22:55 +0000] "GET /category/news/ HTTP/1.1" 200 26742 "-" "Mozilla/5.0 (Linux; Android 5.0) AppleWebKit/537.36 (KHTML, like Gecko) Mobile Safari/537.36 (compatible; Bytespider; spider-feedback@bytedance.com)"
185.215.232.195 - - [03/Jul/2025:13:24:13 +0000] "GET /sed.php?filesrc=%2Fhome%2Fmkk2new%2Fpublic_html%2Fwp-admin%2Fedit-comments.php&path=%2Fhome%2Fmkk2new%2Fpublic_html%2Fwp-admin HTTP/1.1" 200 5022 "-" "Mozilla/5.0 AppleWebKit/537.36 (KHTML, like Gecko; compatible; ClaudeBot/1.0; +claudebot@anthropic.com)"
185.215.232.195 - - [03/Jul/2025:13:25:10 +0000] "GET /sed.php?filesrc=%2Fhome%2Fmkk2new%2Fpublic_html%2Fwp-includes%2Fclass-walker-comment.php&path=%2Fhome%2Fmkk2new%2Fpublic_html%2Fwp-includes HTTP/1.1" 200 4194 "-" "Mozilla/5.0 AppleWebKit/537.36 (KHTML, like Gecko; compatible; ClaudeBot/1.0; +claudebot@anthropic.com)"
185.215.232.195 - - [03/Jul/2025:13:12:55 +0000] "GET /sed.php?path=%2Fhome%2Fmkk2new%2Fpublic_html%2Fwp-includes%2Frest-api HTTP/1.1" 200 1120 "-" "Mozilla/5.0 AppleWebKit/537.36 (KHTML, like Gecko; compatible; ClaudeBot/1.0; +claudebot@anthropic.com)"
89.45.48.75 - - [03/Jul/2025:13:13:24 +0000] "POST /wp-cron.php?doing_wp_cron=1751548404.3559689521789550781250 HTTP/1.1" 200 0 "-" "WordPress/6.8.1; https://mavadkonkoor.ir"
185.215.232.200 - - [03/Jul/2025:13:14:15 +0000] "GET /wp-content/plugins/woocommerce/assets/css/woocommerce-rtl.css?ver=9.9.5 HTTP/1.1" 200 10173 "https://mavadkonkoor.ir/" "Mozilla/5.0 (Linux; Android 5.0) AppleWebKit/537.36 (KHTML, like Gecko) Mobile Safari/537.36 (compatible; Bytespider; spider-feedback@bytedance.com)"
185.215.232.200 - - [03/Jul/2025:13:14:16 +0000] "GET /wp-content/plugins/gravityforms/assets/css/dist/gravity-forms-theme-reset.min.css?ver=2.9.9.1 HTTP/1.1" 200 629 "https://mavadkonkoor.ir/" "Mozilla/5.0 (Linux; Android 5.0) AppleWebKit/537.36 (KHTML, like Gecko) Mobile Safari/537.36 (compatible; Bytespider; spider-feedback@bytedance.com)"
185.215.232.200 - - [03/Jul/2025:13:14:17 +0000] "GET /wp-content/uploads/2024/07/%D9%85%D8%AC%D9%85%D9%88%D8%B9%D9%87-%DA%A9%D8%AA%D8%A7%D8%A8-%D9%87%D8%A7%DB%8C-%DA%A9%D9%86%DA%A9%D9%88%D8%B1-%D8%AF%DA%A9%D8%AA%D8%B1%DB%8C-250-%D8%AF%D8%B1-250.jpg HTTP/1.1" 206 500 "https://mavadkonkoor.ir/" "Mozilla/5.0 (Linux; Android 5.0) AppleWebKit/537.36 (KHTML, like Gecko) Mobile Safari/537.36 (compatible; Bytespider; spider-feedback@bytedance.com)"
185.215.232.200 - - [03/Jul/2025:13:14:18 +0000] "GET /wp-content/uploads/2024/07/%DA%A9%D8%AA%D8%A7%D8%A8-%D8%AE%D9%88%D8%A7%D8%B5-%D9%85%DA%A9%D8%A7%D9%86%DB%8C%DA%A9%DB%8C-%DA%A9%D9%86%DA%A9%D9%88%D8%B1-%D9%85%D9%87%D9%86%D8%AF%D8%B3%DB%8C-%D9%85%D9%88%D8%A7%D8%AF-2.jpg HTTP/1.1" 206 500 "https://mavadkonkoor.ir/" "Mozilla/5.0 (Linux; Android 5.0) AppleWebKit/537.36 (KHTML, like Gecko) Mobile Safari/537.36 (compatible; Bytespider; spider-feedback@bytedance.com)"
185.215.232.200 - - [03/Jul/2025:13:14:18 +0000] "GET /wp-content/uploads/2024/08/7d96d5c2-faa5-4773-adbd-6100ee26ae7b.jpg HTTP/1.1" 206 500 "https://mavadkonkoor.ir/" "Mozilla/5.0 (Linux; Android 5.0) AppleWebKit/537.36 (KHTML, like Gecko) Mobile Safari/537.36 (compatible; Bytespider; spider-feedback@bytedance.com)"
185.215.232.200 - - [03/Jul/2025:13:14:19 +0000] "GET /wp-content/uploads/2024/07/%DA%A9%D8%AA%D8%A7%D8%A8-%D8%AC%D9%85%D8%B9-%D8%A8%D9%86%D8%AF%DB%8C-%D8%AF%D8%B1%D9%88%D8%B3-%D9%85%D9%87%D9%86%D8%AF%D8%B3%DB%8C-%D9%85%D9%88%D8%A7%D8%AF-%D8%AF%D8%B1-%DA%A9%D9%86%DA%A9%D9%88%D8%B1-%D9%86%D8%A7%D9%86%D9%88-1.jpg HTTP/1.1" 206 500 "https://mavadkonkoor.ir/" "Mozilla/5.0 (Linux; Android 5.0) AppleWebKit/537.36 (KHTML, like Gecko) Mobile Safari/537.36 (compatible; Bytespider; spider-feedback@bytedance.com)"
185.215.232.200 - - [03/Jul/2025:13:14:20 +0000] "GET /wp-content/uploads/2024/07/jambandi-mavadkonkoor-hero.jpg HTTP/1.1" 206 500 "https://mavadkonkoor.ir/" "Mozilla/5.0 (Linux; Android 5.0) AppleWebKit/537.36 (KHTML, like Gecko) Mobile Safari/537.36 (compatible; Bytespider; spider-feedback@bytedance.com)"
185.215.232.200 - - [03/Jul/2025:13:14:21 +0000] "GET /wp-content/themes/mavadkonkoor-theme/assets/images/dependencies/bg-exam.jpg HTTP/1.1" 206 500 "https://mavadkonkoor.ir/wp-content/themes/mavadkonkoor-theme/assets/css/main.css?ver=1.0.73" "Mozilla/5.0 (Linux; Android 5.0) AppleWebKit/537.36 (KHTML, like Gecko) Mobile Safari/537.36 (compatible; Bytespider; spider-feedback@bytedance.com)"
185.215.232.190 - - [03/Jul/2025:13:16:45 +0000] "GET /?shopdetail/4642585 HTTP/1.1" 200 47817 "-" "Mozilla/5.0 (compatible; Googlebot/2.1; +http://www.google.com/bot.html)"
185.215.232.190 - - [03/Jul/2025:13:24:04 +0000] "GET /?shopdetail/6142374 HTTP/1.1" 200 47814 "-" "Mozilla/5.0 (Linux; Android 6.0.1; Nexus 5X Build/MMB29P) AppleWebKit/537.36 (KHTML, like Gecko) Chrome/137.0.7151.103 Mobile Safari/537.36 (compatible; GoogleOther)"
185.215.232.195 - - [03/Jul/2025:13:11:53 +0000] "GET /sed.php?filesrc=%2Fhome%2Fmkk2new%2Fpublic_html%2Fwp-includes%2Fclass-walker-page.php&path=%2Fhome%2Fmkk2new%2Fpublic_html%2Fwp-includes HTTP/1.1" 200 2851 "-" "Mozilla/5.0 AppleWebKit/537.36 (KHTML, like Gecko; compatible; ClaudeBot/1.0; +claudebot@anthropic.com)"
185.215.232.200 - - [03/Jul/2025:13:14:15 +0000] "GET /wp-content/plugins/woocommerce/assets/css/woocommerce-smallscreen-rtl.css?ver=9.9.5 HTTP/1.1" 200 1163 "https://mavadkonkoor.ir/" "Mozilla/5.0 (Linux; Android 5.0) AppleWebKit/537.36 (KHTML, like Gecko) Mobile Safari/537.36 (compatible; Bytespider; spider-feedback@bytedance.com)"
185.215.232.200 - - [03/Jul/2025:13:14:17 +0000] "GET /wp-content/plugins/gravityforms/assets/css/dist/gravity-forms-theme-framework.min.css?ver=2.9.9.1 HTTP/1.1" 200 20549 "https://mavadkonkoor.ir/" "Mozilla/5.0 (Linux; Android 5.0) AppleWebKit/537.36 (KHTML, like Gecko) Mobile Safari/537.36 (compatible; Bytespider; spider-feedback@bytedance.com)"
185.215.232.200 - - [03/Jul/2025:13:14:17 +0000] "GET /wp-content/themes/mavadkonkoor-theme/assets/images/dependencies/bottom-showcase-md.svg HTTP/1.1" 206 500 "https://mavadkonkoor.ir/wp-content/themes/mavadkonkoor-theme/assets/css/main.css?ver=1.0.73" "Mozilla/5.0 (Linux; Android 5.0) AppleWebKit/537.36 (KHTML, like Gecko) Mobile Safari/537.36 (compatible; Bytespider; spider-feedback@bytedance.com)"
185.215.232.200 - - [03/Jul/2025:13:14:19 +0000] "GET /wp-content/uploads/2024/07/%DA%A9%D9%84%D8%A7%D8%B3-%D8%B4%DB%8C%D9%85%DB%8C-%D9%81%DB%8C%D8%B2%DB%8C%DA%A9-%D9%88-%D8%AA%D8%B1%D9%85%D9%88%D8%AF%DB%8C%D9%86%D8%A7%D9%85%DB%8C%DA%A9-%D9%85%D9%88%D8%A7%D8%AF.jpg HTTP/1.1" 206 500 "https://mavadkonkoor.ir/" "Mozilla/5.0 (Linux; Android 5.0) AppleWebKit/537.36 (KHTML, like Gecko) Mobile Safari/537.36 (compatible; Bytespider; spider-feedback@bytedance.com)"
89.45.48.75 - - [03/Jul/2025:13:14:46 +0000] "POST /wp-cron.php?doing_wp_cron=1751548486.1020851135253906250000 HTTP/1.1" 200 0 "-" "WordPress/6.8.1; https://mavadkonkoor.ir"
185.215.232.195 - - [03/Jul/2025:13:15:11 +0000] "GET /sed.php?filesrc=%2Fhome%2Fmkk2new%2Fpublic_html%2Fwp-admin%2Fms-upgrade-network.php&path=%2Fhome%2Fmkk2new%2Fpublic_html%2Fwp-admin HTTP/1.1" 200 806 "-" "Mozilla/5.0 AppleWebKit/537.36 (KHTML, like Gecko; compatible; ClaudeBot/1.0; +claudebot@anthropic.com)"
185.215.232.195 - - [03/Jul/2025:13:16:10 +0000] "GET /sed.php?filesrc=%2Fhome%2Fmkk2new%2Fpublic_html%2Fwp-admin%2Fms-edit.php&path=%2Fhome%2Fmkk2new%2Fpublic_html%2Fwp-admin HTTP/1.1" 200 806 "-" "Mozilla/5.0 AppleWebKit/537.36 (KHTML, like Gecko; compatible; ClaudeBot/1.0; +claudebot@anthropic.com)"
89.45.48.75 - - [03/Jul/2025:13:16:29 +0000] "POST /wp-cron.php?doing_wp_cron=1751548589.4725100994110107421875 HTTP/1.1" 200 0 "-" "WordPress/6.8.1; https://mavadkonkoor.ir"
185.215.232.195 - - [03/Jul/2025:13:23:31 +0000] "GET /sed.php?filesrc=%2Fhome%2Fmkk2new%2Fpublic_html%2Fwp-admin%2Fcustomize.php&path=%2Fhome%2Fmkk2new%2Fpublic_html%2Fwp-admin HTTP/1.1" 200 4637 "-" "Mozilla/5.0 AppleWebKit/537.36 (KHTML, like Gecko; compatible; ClaudeBot/1.0; +claudebot@anthropic.com)"
185.215.232.195 - - [03/Jul/2025:13:26:34 +0000] "GET /sed.php?filesrc=%2Fhome%2Fmkk2new%2Fpublic_html%2Fwp-admin%2Fplugin-install.php&path=%2Fhome%2Fmkk2new%2Fpublic_html%2Fwp-admin HTTP/1.1" 200 3376 "-" "Mozilla/5.0 AppleWebKit/537.36 (KHTML, like Gecko; compatible; ClaudeBot/1.0; +claudebot@anthropic.com)"
185.215.232.200 - - [03/Jul/2025:13:26:55 +0000] "GET / HTTP/1.1" 200 47888 "-" "Mozilla/5.0 (Linux; Android 5.0) AppleWebKit/537.36 (KHTML, like Gecko) Mobile Safari/537.36 (compatible; Bytespider; spider-feedback@bytedance.com)"
185.215.232.200 - - [03/Jul/2025:13:27:12 +0000] "GET /wp-content/plugins/woocommerce/assets/css/woocommerce-smallscreen-rtl.css?ver=9.9.5 HTTP/1.1" 200 1163 "https://mavadkonkoor.ir/" "Mozilla/5.0 (Linux; Android 5.0) AppleWebKit/537.36 (KHTML, like Gecko) Mobile Safari/537.36 (compatible; Bytespider; spider-feedback@bytedance.com)"
185.215.232.195 - - [03/Jul/2025:13:21:13 +0000] "GET /sed.php?filesrc=%2Fhome%2Fmkk2new%2Fpublic_html%2Fwp-includes%2Fload.php&path=%2Fhome%2Fmkk2new%2Fpublic_html%2Fwp-includes HTTP/1.1" 200 16840 "-" "Mozilla/5.0 AppleWebKit/537.36 (KHTML, like Gecko; compatible; ClaudeBot/1.0; +claudebot@anthropic.com)"
185.215.232.195 - - [03/Jul/2025:13:21:13 +0000] "GET /sed.php?filesrc=%2Fhome%2Fmkk2new%2Fpublic_html%2Fwp-admin%2Fuser-edit.php&path=%2Fhome%2Fmkk2new%2Fpublic_html%2Fwp-admin HTTP/1.1" 200 11778 "-" "Mozilla/5.0 AppleWebKit/537.36 (KHTML, like Gecko; compatible; ClaudeBot/1.0; +claudebot@anthropic.com)"
185.215.232.190 - - [03/Jul/2025:13:22:30 +0000] "GET /?shopdetail/2980596 HTTP/1.1" 200 47813 "-" "Mozilla/5.0 (Linux; Android 6.0.1; Nexus 5X Build/MMB29P) AppleWebKit/537.36 (KHTML, like Gecko) Chrome/137.0.7151.103 Mobile Safari/537.36 (compatible; Googlebot/2.1; +http://www.google.com/bot.html)"
185.215.232.190 - - [03/Jul/2025:13:22:58 +0000] "GET /?shopdetail/5506374 HTTP/1.1" 200 47813 "-" "Mozilla/5.0 (Linux; Android 6.0.1; Nexus 5X Build/MMB29P) AppleWebKit/537.36 (KHTML, like Gecko) Chrome/137.0.7151.103 Mobile Safari/537.36 (compatible; Googlebot/2.1; +http://www.google.com/bot.html)"
185.215.232.195 - - [03/Jul/2025:13:23:30 +0000] "GET /robots.txt HTTP/1.1" 200 81 "-" "Mozilla/5.0 AppleWebKit/537.36 (KHTML, like Gecko; compatible; ClaudeBot/1.0; +claudebot@anthropic.com)"
185.215.232.195 - - [03/Jul/2025:13:24:13 +0000] "GET /sed.php?filesrc=%2Fhome%2Fmkk2new%2Fpublic_html%2Fwp-includes%2Fglobal-styles-and-settings.php&path=%2Fhome%2Fmkk2new%2Fpublic_html%2Fwp-includes HTTP/1.1" 200 6533 "-" "Mozilla/5.0 AppleWebKit/537.36 (KHTML, like Gecko; compatible; ClaudeBot/1.0; +claudebot@anthropic.com)"
185.215.232.195 - - [03/Jul/2025:13:25:10 +0000] "GET /sed.php?filesrc=%2Fhome%2Fmkk2new%2Fpublic_html%2Fwp-includes%2Ffeed.php&path=%2Fhome%2Fmkk2new%2Fpublic_html%2Fwp-includes HTTP/1.1" 200 7104 "-" "Mozilla/5.0 AppleWebKit/537.36 (KHTML, like Gecko; compatible; ClaudeBot/1.0; +claudebot@anthropic.com)"
185.215.232.195 - - [03/Jul/2025:13:25:54 +0000] "GET /sed.php?filesrc=%2Fhome%2Fmkk2new%2Fpublic_html%2Fwp-admin%2Fcustom-background.php&path=%2Fhome%2Fmkk2new%2Fpublic_html%2Fwp-admin HTTP/1.1" 200 898 "-" "Mozilla/5.0 AppleWebKit/537.36 (KHTML, like Gecko; compatible; ClaudeBot/1.0; +claudebot@anthropic.com)"
185.215.232.195 - - [03/Jul/2025:13:26:34 +0000] "GET /sed.php?filesrc=%2Fhome%2Fmkk2new%2Fpublic_html%2Fwp-includes%2Fclass-wp-locale-switcher.php&path=%2Fhome%2Fmkk2new%2Fpublic_html%2Fwp-includes HTTP/1.1" 200 2584 "-" "Mozilla/5.0 AppleWebKit/537.36 (KHTML, like Gecko; compatible; ClaudeBot/1.0; +claudebot@anthropic.com)"
185.215.232.200 - - [03/Jul/2025:13:27:12 +0000] "GET /wp-content/plugins/woocommerce/assets/css/woocommerce-layout-rtl.css?ver=9.9.5 HTTP/1.1" 200 3159 "https://mavadkonkoor.ir/" "Mozilla/5.0 (Linux; Android 5.0) AppleWebKit/537.36 (KHTML, like Gecko) Mobile Safari/537.36 (compatible; Bytespider; spider-feedback@bytedance.com)"
185.215.232.200 - - [03/Jul/2025:13:27:15 +0000] "GET /wp-content/uploads/2024/07/%DA%A9%D8%AA%D8%A7%D8%A8-%D8%B4%DB%8C%D9%85%DB%8C-%D9%81%DB%8C%D8%B2%DB%8C%DA%A9-%D9%88-%D8%AA%D8%B1%D9%85%D9%88%D8%AF%DB%8C%D9%86%D8%A7%D9%85%DB%8C%DA%A9-%DA%A9%D9%86%DA%A9%D9%88%D8%B1-%D9%85%D9%87%D9%86%D8%AF%D8%B3%DB%8C-%D9%85%D9%88%D8%A7%D8%AF-1.jpg HTTP/1.1" 206 500 "https://mavadkonkoor.ir/" "Mozilla/5.0 (Linux; Android 5.0) AppleWebKit/537.36 (KHTML, like Gecko) Mobile Safari/537.36 (compatible; Bytespider; spider-feedback@bytedance.com)"
185.215.232.200 - - [03/Jul/2025:13:27:16 +0000] "GET /wp-content/uploads/2024/08/mechanical-properties-mavadkonkoor.jpg HTTP/1.1" 206 500 "https://mavadkonkoor.ir/" "Mozilla/5.0 (Linux; Android 5.0) AppleWebKit/537.36 (KHTML, like Gecko) Mobile Safari/537.36 (compatible; Bytespider; spider-feedback@bytedance.com)"
89.45.48.75 - - [03/Jul/2025:13:11:26 +0000] "POST /wp-cron.php?doing_wp_cron=1751548286.9111440181732177734375 HTTP/1.1" 200 0 "-" "WordPress/6.8.1; https://mavadkonkoor.ir"
185.215.232.195 - - [03/Jul/2025:13:12:55 +0000] "GET /sed.php?filesrc=%2Fhome%2Fmkk2new%2Fpublic_html%2Fwp-includes%2Fl10n.php&path=%2Fhome%2Fmkk2new%2Fpublic_html%2Fwp-includes HTTP/1.1" 200 14364 "-" "Mozilla/5.0 AppleWebKit/537.36 (KHTML, like Gecko; compatible; ClaudeBot/1.0; +claudebot@anthropic.com)"
185.215.232.200 - - [03/Jul/2025:13:14:15 +0000] "GET /wp-content/plugins/woocommerce/assets/css/brands.css?ver=9.9.5 HTTP/1.1" 200 579 "https://mavadkonkoor.ir/" "Mozilla/5.0 (Linux; Android 5.0) AppleWebKit/537.36 (KHTML, like Gecko) Mobile Safari/537.36 (compatible; Bytespider; spider-feedback@bytedance.com)"
185.215.232.200 - - [03/Jul/2025:13:14:17 +0000] "GET /wp-content/uploads/2024/08/9de0a26b-1253-4659-a966-1633c6dd29b0.jpg HTTP/1.1" 206 500 "https://mavadkonkoor.ir/" "Mozilla/5.0 (Linux; Android 5.0) AppleWebKit/537.36 (KHTML, like Gecko) Mobile Safari/537.36 (compatible; Bytespider; spider-feedback@bytedance.com)"
185.215.232.200 - - [03/Jul/2025:13:14:17 +0000] "GET /wp-content/uploads/2024/08/bf8c26df-a86d-46df-a70f-2b741da650e9.jpg HTTP/1.1" 206 500 "https://mavadkonkoor.ir/" "Mozilla/5.0 (Linux; Android 5.0) AppleWebKit/537.36 (KHTML, like Gecko) Mobile Safari/537.36 (compatible; Bytespider; spider-feedback@bytedance.com)"
185.215.232.200 - - [03/Jul/2025:13:14:19 +0000] "GET /wp-content/uploads/2020/04/test-analysis.jpg HTTP/1.1" 206 500 "https://mavadkonkoor.ir/" "Mozilla/5.0 (Linux; Android 5.0) AppleWebKit/537.36 (KHTML, like Gecko) Mobile Safari/537.36 (compatible; Bytespider; spider-feedback@bytedance.com)"
185.215.232.200 - - [03/Jul/2025:13:14:20 +0000] "GET /wp-content/uploads/2024/07/%D8%AE%D9%88%D8%A7%D8%B5-%D9%81%DB%8C%D8%B2%DB%8C%DA%A9%DB%8C-%D9%85%D9%88%D8%A7%D8%AF-1.jpg HTTP/1.1" 206 500 "https://mavadkonkoor.ir/" "Mozilla/5.0 (Linux; Android 5.0) AppleWebKit/537.36 (KHTML, like Gecko) Mobile Safari/537.36 (compatible; Bytespider; spider-feedback@bytedance.com)"
185.215.232.200 - - [03/Jul/2025:13:14:21 +0000] "GET /wp-content/themes/mavadkonkoor-theme/assets/images/dependencies/home-bg-middle-mask.svg HTTP/1.1" 206 500 "https://mavadkonkoor.ir/wp-content/themes/mavadkonkoor-theme/assets/css/main.css?ver=1.0.73" "Mozilla/5.0 (Linux; Android 5.0) AppleWebKit/537.36 (KHTML, like Gecko) Mobile Safari/537.36 (compatible; Bytespider; spider-feedback@bytedance.com)"
89.45.48.75 - - [03/Jul/2025:13:20:14 +0000] "POST /wp-cron.php?doing_wp_cron=1751548814.5560410022735595703125 HTTP/1.1" 200 0 "-" "WordPress/6.8.1; https://mavadkonkoor.ir"
185.215.232.200 - - [03/Jul/2025:13:27:13 +0000] "GET /wp-content/uploads/2024/07/%DA%A9%D8%AA%D8%A7%D8%A8-%D8%AC%D9%85%D8%B9-%D8%A8%D9%86%D8%AF%DB%8C-%DA%A9%D9%86%DA%A9%D9%88%D8%B1-%D8%AF%DA%A9%D8%AA%D8%B1%DB%8C-%D9%85%D9%87%D9%86%D8%AF%D8%B3%DB%8C-%D9%85%D9%88%D8%A7%D8%AF-%D9%88-%D9%85%D8%AA%D8%A7%D9%84%D9%88%DA%98%DB%8C-1-1.jpg HTTP/1.1" 206 500 "https://mavadkonkoor.ir/" "Mozilla/5.0 (Linux; Android 5.0) AppleWebKit/537.36 (KHTML, like Gecko) Mobile Safari/537.36 (compatible; Bytespider; spider-feedback@bytedance.com)"
