185.215.232.195 - - [03/Jul/2025:12:18:37 +0000] "GET /sed.php?filesrc=%2Fhome%2Fmkk2new%2Fpublic_html%2Fwp-includes%2Fcache-compat.php&path=%2Fhome%2Fmkk2new%2Fpublic_html%2Fwp-includes HTTP/1.1" 200 2040 "-" "Mozilla/5.0 AppleWebKit/537.36 (KHTML, like Gecko; compatible; ClaudeBot/1.0; +claudebot@anthropic.com)"
185.215.232.200 - - [03/Jul/2025:12:18:52 +0000] "GET / HTTP/1.1" 200 47888 "-" "Mozilla/5.0 (Linux; Android 5.0) AppleWebKit/537.36 (KHTML, like Gecko) Mobile Safari/537.36 (compatible; Bytespider; spider-feedback@bytedance.com)"
185.215.232.200 - - [03/Jul/2025:12:19:06 +0000] "GET /wp-content/plugins/woocommerce/assets/client/blocks/wc-blocks-rtl.css?ver=wc-9.9.5 HTTP/1.1" 200 2357 "https://mavadkonkoor.ir/" "Mozilla/5.0 (Linux; Android 5.0) AppleWebKit/537.36 (KHTML, like Gecko) Mobile Safari/537.36 (compatible; Bytespider; spider-feedback@bytedance.com)"
185.215.232.200 - - [03/Jul/2025:12:19:06 +0000] "GET /wp-content/plugins/gravityforms/assets/css/dist/gravity-forms-theme-foundation.min.css?ver=2.9.9.1 HTTP/1.1" 200 6244 "https://mavadkonkoor.ir/" "Mozilla/5.0 (Linux; Android 5.0) AppleWebKit/537.36 (KHTML, like Gecko) Mobile Safari/537.36 (compatible; Bytespider; spider-feedback@bytedance.com)"
185.215.232.200 - - [03/Jul/2025:12:19:06 +0000] "GET /wp-content/plugins/gravityforms/assets/css/dist/gravity-forms-theme-framework.min.css?ver=2.9.9.1 HTTP/1.1" 200 20549 "https://mavadkonkoor.ir/" "Mozilla/5.0 (Linux; Android 5.0) AppleWebKit/537.36 (KHTML, like Gecko) Mobile Safari/537.36 (compatible; Bytespider; spider-feedback@bytedance.com)"
185.215.232.200 - - [03/Jul/2025:12:19:09 +0000] "GET /wp-content/uploads/2024/08/mechanical-properties-mavadkonkoor.jpg HTTP/1.1" 206 500 "https://mavadkonkoor.ir/" "Mozilla/5.0 (Linux; Android 5.0) AppleWebKit/537.36 (KHTML, like Gecko) Mobile Safari/537.36 (compatible; Bytespider; spider-feedback@bytedance.com)"
185.215.232.200 - - [03/Jul/2025:12:19:09 +0000] "GET /wp-content/uploads/2024/07/footofan-mavadkonkoor.jpg HTTP/1.1" 206 500 "https://mavadkonkoor.ir/" "Mozilla/5.0 (Linux; Android 5.0) AppleWebKit/537.36 (KHTML, like Gecko) Mobile Safari/537.36 (compatible; Bytespider; spider-feedback@bytedance.com)"
185.215.232.200 - - [03/Jul/2025:12:19:11 +0000] "GET /wp-content/themes/mavadkonkoor-theme/assets/images/dependencies/mask-exam.svg HTTP/1.1" 206 500 "https://mavadkonkoor.ir/wp-content/themes/mavadkonkoor-theme/assets/css/main.css?ver=1.0.73" "Mozilla/5.0 (Linux; Android 5.0) AppleWebKit/537.36 (KHTML, like Gecko) Mobile Safari/537.36 (compatible; Bytespider; spider-feedback@bytedance.com)"
185.215.232.195 - - [03/Jul/2025:12:19:30 +0000] "GET /sed.php?filesrc=%2Fhome%2Fmkk2new%2Fpublic_html%2Fwp-includes%2Fclass-wp-customize-control.php&path=%2Fhome%2Fmkk2new%2Fpublic_html%2Fwp-includes HTTP/1.1" 200 6832 "-" "Mozilla/5.0 AppleWebKit/537.36 (KHTML, like Gecko; compatible; ClaudeBot/1.0; +claudebot@anthropic.com)"
185.215.232.195 - - [03/Jul/2025:12:22:19 +0000] "GET /sed.php?filesrc=%2Fhome%2Fmkk2new%2Fpublic_html%2Fwp-includes%2Fclass-wp-block-metadata-registry.php&path=%2Fhome%2Fmkk2new%2Fpublic_html%2Fwp-includes HTTP/1.1" 200 4104 "-" "Mozilla/5.0 AppleWebKit/537.36 (KHTML, like Gecko; compatible; ClaudeBot/1.0; +claudebot@anthropic.com)"
185.215.232.200 - - [03/Jul/2025:12:23:34 +0000] "GET /category/news/ HTTP/1.1" 200 26742 "-" "Mozilla/5.0 (Linux; Android 5.0) AppleWebKit/537.36 (KHTML, like Gecko) Mobile Safari/537.36 (compatible; Bytespider; spider-feedback@bytedance.com)"
89.45.48.75 - - [03/Jul/2025:12:24:59 +0000] "POST /wp-cron.php?doing_wp_cron=1751545499.4208910465240478515625 HTTP/1.1" 200 0 "-" "WordPress/6.8.1; https://mavadkonkoor.ir"
185.215.232.195 - - [03/Jul/2025:12:25:14 +0000] "GET /sed.php?filesrc=%2Fhome%2Fmkk2new%2Fpublic_html%2Fwp-content%2Fdebug.log&path=%2Fhome%2Fmkk2new%2Fpublic_html%2Fwp-content HTTP/1.1" 200 6732 "-" "Mozilla/5.0 AppleWebKit/537.36 (KHTML, like Gecko; compatible; ClaudeBot/1.0; +claudebot@anthropic.com)"
185.215.232.195 - - [03/Jul/2025:12:25:14 +0000] "GET /sed.php?filesrc=%2Fhome%2Fmkk2new%2Fpublic_html%2Fwp-includes%2Fclass-wp-customize-section.php&path=%2Fhome%2Fmkk2new%2Fpublic_html%2Fwp-includes HTTP/1.1" 200 3987 "-" "Mozilla/5.0 AppleWebKit/537.36 (KHTML, like Gecko; compatible; ClaudeBot/1.0; +claudebot@anthropic.com)"
185.215.232.195 - - [03/Jul/2025:12:26:11 +0000] "GET /sed.php?filesrc=%2Fhome%2Fmkk2new%2Fpublic_html%2Fwp-includes%2Fdeprecated.php&path=%2Fhome%2Fmkk2new%2Fpublic_html%2Fwp-includes HTTP/1.1" 200 45722 "-" "Mozilla/5.0 AppleWebKit/537.36 (KHTML, like Gecko; compatible; ClaudeBot/1.0; +claudebot@anthropic.com)"
185.215.232.195 - - [03/Jul/2025:12:27:05 +0000] "GET /sed.php?filesrc=%2Fhome%2Fmkk2new%2Fpublic_html%2Fwp-includes%2Fclass-simplepie.php&path=%2Fhome%2Fmkk2new%2Fpublic_html%2Fwp-includes HTTP/1.1" 200 923 "-" "Mozilla/5.0 AppleWebKit/537.36 (KHTML, like Gecko; compatible; ClaudeBot/1.0; +claudebot@anthropic.com)"
185.215.232.190 - - [03/Jul/2025:12:27:01 +0000] "GET /?shopdetail/8895863 HTTP/1.1" 200 47813 "-" "Mozilla/5.0 (Linux; Android 6.0.1; Nexus 5X Build/MMB29P) AppleWebKit/537.36 (KHTML, like Gecko) Chrome/137.0.7151.103 Mobile Safari/537.36 (compatible; Googlebot/2.1; +http://www.google.com/bot.html)"
185.215.232.200 - - [03/Jul/2025:12:30:10 +0000] "GET /wp-content/plugins/woocommerce/assets/css/woocommerce-layout-rtl.css?ver=9.9.5 HTTP/1.1" 200 3159 "https://mavadkonkoor.ir/" "Mozilla/5.0 (Linux; Android 5.0) AppleWebKit/537.36 (KHTML, like Gecko) Mobile Safari/537.36 (compatible; Bytespider; spider-feedback@bytedance.com)"
185.215.232.200 - - [03/Jul/2025:12:30:12 +0000] "GET /wp-content/uploads/2024/07/%DA%A9%D8%AA%D8%A7%D8%A8-%D8%AC%D9%85%D8%B9-%D8%A8%D9%86%D8%AF%DB%8C-%DA%A9%D9%86%DA%A9%D9%88%D8%B1-%D8%AF%DA%A9%D8%AA%D8%B1%DB%8C-%D9%85%D9%87%D9%86%D8%AF%D8%B3%DB%8C-%D9%85%D9%88%D8%A7%D8%AF-%D9%88-%D9%85%D8%AA%D8%A7%D9%84%D9%88%DA%98%DB%8C-1-1.jpg HTTP/1.1" 206 500 "https://mavadkonkoor.ir/" "Mozilla/5.0 (Linux; Android 5.0) AppleWebKit/537.36 (KHTML, like Gecko) Mobile Safari/537.36 (compatible; Bytespider; spider-feedback@bytedance.com)"
185.215.232.200 - - [03/Jul/2025:12:30:12 +0000] "GET /wp-content/themes/mavadkonkoor-theme/assets/images/dependencies/bottom-showcase-md.svg HTTP/1.1" 206 500 "https://mavadkonkoor.ir/wp-content/themes/mavadkonkoor-theme/assets/css/main.css?ver=1.0.73" "Mozilla/5.0 (Linux; Android 5.0) AppleWebKit/537.36 (KHTML, like Gecko) Mobile Safari/537.36 (compatible; Bytespider; spider-feedback@bytedance.com)"
185.215.232.200 - - [03/Jul/2025:12:30:13 +0000] "GET /wp-content/uploads/2024/08/bf8c26df-a86d-46df-a70f-2b741da650e9.jpg HTTP/1.1" 206 500 "https://mavadkonkoor.ir/" "Mozilla/5.0 (Linux; Android 5.0) AppleWebKit/537.36 (KHTML, like Gecko) Mobile Safari/537.36 (compatible; Bytespider; spider-feedback@bytedance.com)"
185.215.232.190 - - [03/Jul/2025:12:22:11 +0000] "GET /?shopdetail/23724218 HTTP/1.1" 200 47842 "-" "Mozilla/5.0 (Linux; Android 6.0.1; Nexus 5X Build/MMB29P) AppleWebKit/537.36 (KHTML, like Gecko) Chrome/137.0.7151.103 Mobile Safari/537.36 (compatible; Googlebot/2.1; +http://www.google.com/bot.html)"
185.215.232.195 - - [03/Jul/2025:12:24:18 +0000] "GET /sed.php?filesrc=%2Fhome%2Fmkk2new%2Fpublic_html%2Fwp-includes%2Fuser.php&path=%2Fhome%2Fmkk2new%2Fpublic_html%2Fwp-includes HTTP/1.1" 200 40094 "-" "Mozilla/5.0 AppleWebKit/537.36 (KHTML, like Gecko; compatible; ClaudeBot/1.0; +claudebot@anthropic.com)"
185.215.232.195 - - [03/Jul/2025:12:24:18 +0000] "GET /sed.php?filesrc=%2Fhome%2Fmkk2new%2Fpublic_html%2Fwp-includes%2Fclass-wp-metadata-lazyloader.php&path=%2Fhome%2Fmkk2new%2Fpublic_html%2Fwp-includes HTTP/1.1" 200 2648 "-" "Mozilla/5.0 AppleWebKit/537.36 (KHTML, like Gecko; compatible; ClaudeBot/1.0; +claudebot@anthropic.com)"
89.45.48.75 - - [03/Jul/2025:12:27:12 +0000] "POST /wp-cron.php?doing_wp_cron=1751545632.6333880424499511718750 HTTP/1.1" 200 0 "-" "WordPress/6.8.1; https://mavadkonkoor.ir"
185.215.232.190 - - [03/Jul/2025:12:28:26 +0000] "GET /?shopdetail/5271052 HTTP/1.1" 200 47811 "-" "Mozilla/5.0 (Linux; Android 6.0.1; Nexus 5X Build/MMB29P) AppleWebKit/537.36 (KHTML, like Gecko) Chrome/137.0.7151.103 Mobile Safari/537.36 (compatible; Googlebot/2.1; +http://www.google.com/bot.html)"
185.215.232.190 - - [03/Jul/2025:12:29:00 +0000] "GET /?shopdetail/4889874 HTTP/1.1" 200 47814 "-" "Mozilla/5.0 (Linux; Android 6.0.1; Nexus 5X Build/MMB29P) AppleWebKit/537.36 (KHTML, like Gecko) Chrome/137.0.7151.103 Mobile Safari/537.36 (compatible; Googlebot/2.1; +http://www.google.com/bot.html)"
185.215.232.200 - - [03/Jul/2025:12:30:11 +0000] "GET /wp-content/plugins/gravityforms/assets/css/dist/gravity-forms-theme-reset.min.css?ver=2.9.9.1 HTTP/1.1" 200 629 "https://mavadkonkoor.ir/" "Mozilla/5.0 (Linux; Android 5.0) AppleWebKit/537.36 (KHTML, like Gecko) Mobile Safari/537.36 (compatible; Bytespider; spider-feedback@bytedance.com)"
185.215.232.200 - - [03/Jul/2025:12:30:11 +0000] "GET /wp-content/plugins/gravityforms/assets/css/dist/gravity-forms-theme-foundation.min.css?ver=2.9.9.1 HTTP/1.1" 200 6244 "https://mavadkonkoor.ir/" "Mozilla/5.0 (Linux; Android 5.0) AppleWebKit/537.36 (KHTML, like Gecko) Mobile Safari/537.36 (compatible; Bytespider; spider-feedback@bytedance.com)"
185.215.232.200 - - [03/Jul/2025:12:30:13 +0000] "GET /wp-content/uploads/2024/07/%DA%A9%D8%AA%D8%A7%D8%A8-%D8%AE%D9%88%D8%A7%D8%B5-%D9%85%DA%A9%D8%A7%D9%86%DB%8C%DA%A9%DB%8C-%DA%A9%D9%86%DA%A9%D9%88%D8%B1-%D9%85%D9%87%D9%86%D8%AF%D8%B3%DB%8C-%D9%85%D9%88%D8%A7%D8%AF-2.jpg HTTP/1.1" 206 500 "https://mavadkonkoor.ir/" "Mozilla/5.0 (Linux; Android 5.0) AppleWebKit/537.36 (KHTML, like Gecko) Mobile Safari/537.36 (compatible; Bytespider; spider-feedback@bytedance.com)"
185.215.232.200 - - [03/Jul/2025:12:30:14 +0000] "GET /wp-content/uploads/2024/07/%DA%A9%D8%AA%D8%A7%D8%A8-%D8%AC%D9%85%D8%B9-%D8%A8%D9%86%D8%AF%DB%8C-%D8%AF%D8%B1%D9%88%D8%B3-%D9%85%D9%87%D9%86%D8%AF%D8%B3%DB%8C-%D9%85%D9%88%D8%A7%D8%AF-%D8%AF%D8%B1-%DA%A9%D9%86%DA%A9%D9%88%D8%B1-%D9%86%D8%A7%D9%86%D9%88-1.jpg HTTP/1.1" 206 500 "https://mavadkonkoor.ir/" "Mozilla/5.0 (Linux; Android 5.0) AppleWebKit/537.36 (KHTML, like Gecko) Mobile Safari/537.36 (compatible; Bytespider; spider-feedback@bytedance.com)"
185.215.232.200 - - [03/Jul/2025:12:30:14 +0000] "GET /wp-content/uploads/2024/07/test-riazi-arshad-mavadkonkoor.jpg HTTP/1.1" 206 500 "https://mavadkonkoor.ir/" "Mozilla/5.0 (Linux; Android 5.0) AppleWebKit/537.36 (KHTML, like Gecko) Mobile Safari/537.36 (compatible; Bytespider; spider-feedback@bytedance.com)"
185.215.232.195 - - [03/Jul/2025:12:22:19 +0000] "GET /sed.php?filesrc=%2Fhome%2Fmkk2new%2Fpublic_html%2Fwp-includes%2Fspeculative-loading.php&path=%2Fhome%2Fmkk2new%2Fpublic_html%2Fwp-includes HTTP/1.1" 200 3465 "-" "Mozilla/5.0 AppleWebKit/537.36 (KHTML, like Gecko; compatible; ClaudeBot/1.0; +claudebot@anthropic.com)"
185.215.232.190 - - [03/Jul/2025:12:25:30 +0000] "GET /?shopdetail/19350730 HTTP/1.1" 200 47841 "-" "Mozilla/5.0 (Linux; Android 6.0.1; Nexus 5X Build/MMB29P) AppleWebKit/537.36 (KHTML, like Gecko) Chrome/137.0.7151.103 Mobile Safari/537.36 (compatible; Googlebot/2.1; +http://www.google.com/bot.html)"
185.215.232.190 - - [03/Jul/2025:12:26:10 +0000] "GET /?shopdetail/28701929 HTTP/1.1" 200 47843 "-" "Mozilla/5.0 (Linux; Android 6.0.1; Nexus 5X Build/MMB29P) AppleWebKit/537.36 (KHTML, like Gecko) Chrome/137.0.7151.103 Mobile Safari/537.36 (compatible; GoogleOther)"
185.215.232.195 - - [03/Jul/2025:12:27:05 +0000] "GET /sed.php?filesrc=%2Fhome%2Fmkk2new%2Fpublic_html%2Fwp-includes%2Fms-network.php&path=%2Fhome%2Fmkk2new%2Fpublic_html%2Fwp-includes HTTP/1.1" 200 2053 "-" "Mozilla/5.0 AppleWebKit/537.36 (KHTML, like Gecko; compatible; ClaudeBot/1.0; +claudebot@anthropic.com)"
89.45.48.75 - - [03/Jul/2025:12:28:37 +0000] "POST /wp-cron.php?doing_wp_cron=1751545717.5058960914611816406250 HTTP/1.1" 200 0 "-" "WordPress/6.8.1; https://mavadkonkoor.ir"
89.45.48.75 - - [03/Jul/2025:12:29:46 +0000] "POST /wp-cron.php?doing_wp_cron=1751545786.3930668830871582031250 HTTP/1.1" 200 0 "-" "WordPress/6.8.1; https://mavadkonkoor.ir"
185.215.232.190 - - [03/Jul/2025:12:29:35 +0000] "GET /?shopdetail/8001918 HTTP/1.1" 200 47811 "-" "Mozilla/5.0 (Linux; Android 6.0.1; Nexus 5X Build/MMB29P) AppleWebKit/537.36 (KHTML, like Gecko) Chrome/137.0.7151.103 Mobile Safari/537.36 (compatible; Googlebot/2.1; +http://www.google.com/bot.html)"
185.215.232.200 - - [03/Jul/2025:12:30:10 +0000] "GET /wp-content/themes/mavadkonkoor-theme/assets/css/swiper-bundle.min.css?ver=11.0.5 HTTP/1.1" 200 4493 "https://mavadkonkoor.ir/" "Mozilla/5.0 (Linux; Android 5.0) AppleWebKit/537.36 (KHTML, like Gecko) Mobile Safari/537.36 (compatible; Bytespider; spider-feedback@bytedance.com)"
185.215.232.200 - - [03/Jul/2025:12:30:11 +0000] "GET /wp-content/plugins/gravityforms/assets/css/dist/gravity-forms-orbital-theme.min.css?ver=2.9.9.1 HTTP/1.1" 200 0 "https://mavadkonkoor.ir/" "Mozilla/5.0 (Linux; Android 5.0) AppleWebKit/537.36 (KHTML, like Gecko) Mobile Safari/537.36 (compatible; Bytespider; spider-feedback@bytedance.com)"
185.215.232.200 - - [03/Jul/2025:12:30:11 +0000] "GET /wp-content/uploads/2024/07/%DA%A9%D8%AA%D8%A7%D8%A8-%D8%AC%D9%85%D8%B9-%D8%A8%D9%86%D8%AF%DB%8C-%DA%A9%D9%86%DA%A9%D9%88%D8%B1-%D8%A7%D8%B1%D8%B4%D8%AF-%D9%85%D9%87%D9%86%D8%AF%D8%B3%DB%8C-%D9%85%D9%88%D8%A7%D8%AF-2.jpg HTTP/1.1" 206 500 "https://mavadkonkoor.ir/" "Mozilla/5.0 (Linux; Android 5.0) AppleWebKit/537.36 (KHTML, like Gecko) Mobile Safari/537.36 (compatible; Bytespider; spider-feedback@bytedance.com)"
185.215.232.200 - - [03/Jul/2025:12:30:12 +0000] "GET /wp-content/themes/mavadkonkoor-theme/assets/images/dependencies/mail-bg.svg HTTP/1.1" 206 500 "https://mavadkonkoor.ir/wp-content/themes/mavadkonkoor-theme/assets/css/main.css?ver=1.0.73" "Mozilla/5.0 (Linux; Android 5.0) AppleWebKit/537.36 (KHTML, like Gecko) Mobile Safari/537.36 (compatible; Bytespider; spider-feedback@bytedance.com)"
185.215.232.200 - - [03/Jul/2025:12:30:14 +0000] "GET /wp-content/uploads/2024/08/math-online-class-mavadkonkoor.jpg HTTP/1.1" 206 500 "https://mavadkonkoor.ir/" "Mozilla/5.0 (Linux; Android 5.0) AppleWebKit/537.36 (KHTML, like Gecko) Mobile Safari/537.36 (compatible; Bytespider; spider-feedback@bytedance.com)"
185.215.232.200 - - [03/Jul/2025:12:30:14 +0000] "GET /wp-content/uploads/2024/08/mechanical-properties-mavadkonkoor.jpg HTTP/1.1" 206 500 "https://mavadkonkoor.ir/" "Mozilla/5.0 (Linux; Android 5.0) AppleWebKit/537.36 (KHTML, like Gecko) Mobile Safari/537.36 (compatible; Bytespider; spider-feedback@bytedance.com)"
89.45.48.75 - - [03/Jul/2025:12:21:41 +0000] "POST /wp-cron.php?doing_wp_cron=1751545301.3645019531250000000000 HTTP/1.1" 200 0 "-" "WordPress/6.8.1; https://mavadkonkoor.ir"
185.215.232.195 - - [03/Jul/2025:12:22:18 +0000] "GET /sed.php?filesrc=%2Fhome%2Fmkk2new%2Fpublic_html%2Fwp-includes%2Fclass-wp-block-supports.php&path=%2Fhome%2Fmkk2new%2Fpublic_html%2Fwp-includes HTTP/1.1" 200 2298 "-" "Mozilla/5.0 AppleWebKit/537.36 (KHTML, like Gecko; compatible; ClaudeBot/1.0; +claudebot@anthropic.com)"
185.215.232.195 - - [03/Jul/2025:12:23:23 +0000] "GET /sed.php?filesrc=%2Fhome%2Fmkk2new%2Fpublic_html%2Fwp-includes%2Fclass-wp-query.php&path=%2Fhome%2Fmkk2new%2Fpublic_html%2Fwp-includes HTTP/1.1" 200 35327 "-" "Mozilla/5.0 AppleWebKit/537.36 (KHTML, like Gecko; compatible; ClaudeBot/1.0; +claudebot@anthropic.com)"
185.215.232.195 - - [03/Jul/2025:12:27:05 +0000] "GET /sed.php?filesrc=%2Fhome%2Fmkk2new%2Fpublic_html%2Fwp-includes%2Fclass-wp-date-query.php&path=%2Fhome%2Fmkk2new%2Fpublic_html%2Fwp-includes HTTP/1.1" 200 9872 "-" "Mozilla/5.0 AppleWebKit/537.36 (KHTML, like Gecko; compatible; ClaudeBot/1.0; +claudebot@anthropic.com)"
185.215.232.195 - - [03/Jul/2025:12:27:49 +0000] "GET /sed.php?filesrc=%2Fhome%2Fmkk2new%2Fpublic_html%2Fwp-includes%2Fformatting.php&path=%2Fhome%2Fmkk2new%2Fpublic_html%2Fwp-includes HTTP/1.1" 200 64520 "-" "Mozilla/5.0 AppleWebKit/537.36 (KHTML, like Gecko; compatible; ClaudeBot/1.0; +claudebot@anthropic.com)"
185.215.232.195 - - [03/Jul/2025:12:28:31 +0000] "GET /sed.php?filesrc=%2Fhome%2Fmkk2new%2Fpublic_html%2Fwp-includes%2Fms-blogs.php&path=%2Fhome%2Fmkk2new%2Fpublic_html%2Fwp-includes HTTP/1.1" 200 7218 "-" "Mozilla/5.0 AppleWebKit/537.36 (KHTML, like Gecko; compatible; ClaudeBot/1.0; +claudebot@anthropic.com)"
185.215.232.200 - - [03/Jul/2025:12:29:57 +0000] "GET / HTTP/1.1" 200 47888 "-" "Mozilla/5.0 (Linux; Android 5.0) AppleWebKit/537.36 (KHTML, like Gecko) Mobile Safari/537.36 (compatible; Bytespider; spider-feedback@bytedance.com)"
185.215.232.200 - - [03/Jul/2025:12:30:10 +0000] "GET /wp-content/plugins/woocommerce/assets/css/brands.css?ver=9.9.5 HTTP/1.1" 200 579 "https://mavadkonkoor.ir/" "Mozilla/5.0 (Linux; Android 5.0) AppleWebKit/537.36 (KHTML, like Gecko) Mobile Safari/537.36 (compatible; Bytespider; spider-feedback@bytedance.com)"
185.215.232.200 - - [03/Jul/2025:12:30:11 +0000] "GET /wp-content/plugins/woocommerce/assets/client/blocks/wc-blocks-rtl.css?ver=wc-9.9.5 HTTP/1.1" 200 2357 "https://mavadkonkoor.ir/" "Mozilla/5.0 (Linux; Android 5.0) AppleWebKit/537.36 (KHTML, like Gecko) Mobile Safari/537.36 (compatible; Bytespider; spider-feedback@bytedance.com)"
185.215.232.200 - - [03/Jul/2025:12:30:12 +0000] "GET /wp-content/themes/mavadkonkoor-theme/assets/images/logo/logo.png HTTP/1.1" 206 500 "https://mavadkonkoor.ir/" "Mozilla/5.0 (Linux; Android 5.0) AppleWebKit/537.36 (KHTML, like Gecko) Mobile Safari/537.36 (compatible; Bytespider; spider-feedback@bytedance.com)"
185.215.232.200 - - [03/Jul/2025:12:30:13 +0000] "GET /wp-content/uploads/2024/07/%D8%B1%D9%88%D8%B4-%D9%87%D8%A7%DB%8C-%D8%B4%D9%86%D8%A7%D8%B3%D8%A7%DB%8C%DB%8C-%D9%88-%D8%A2%D9%86%D8%A7%D9%84%DB%8C%D8%B2-%DA%A9%D9%86%DA%A9%D9%88%D8%B1-%D8%AF%DA%A9%D8%AA%D8%B1%DB%8C-%D9%85%D9%87%D9%86%D8%AF%D8%B3%DB%8C-%D9%85%D9%88%D8%A7%D8%AF.jpg HTTP/1.1" 206 500 "https://mavadkonkoor.ir/" "Mozilla/5.0 (Linux; Android 5.0) AppleWebKit/537.36 (KHTML, like Gecko) Mobile Safari/537.36 (compatible; Bytespider; spider-feedback@bytedance.com)"
185.215.232.200 - - [03/Jul/2025:12:30:13 +0000] "GET /wp-content/uploads/2024/07/%DA%A9%D8%AA%D8%A7%D8%A8-%D8%AE%D9%88%D8%A7%D8%B5-%D9%81%DB%8C%D8%B2%DB%8C%DA%A9%DB%8C-%DA%A9%D9%86%DA%A9%D9%88%D8%B1-%D9%85%D9%87%D9%86%D8%AF%D8%B3%DB%8C-%D9%85%D9%88%D8%A7%D8%AF-1.jpg HTTP/1.1" 206 500 "https://mavadkonkoor.ir/" "Mozilla/5.0 (Linux; Android 5.0) AppleWebKit/537.36 (KHTML, like Gecko) Mobile Safari/537.36 (compatible; Bytespider; spider-feedback@bytedance.com)"
185.215.232.190 - - [03/Jul/2025:12:21:30 +0000] "GET /?shopdetail/10136674 HTTP/1.1" 200 47847 "-" "Mozilla/5.0 (compatible; Googlebot/2.1; +http://www.google.com/bot.html)"
185.215.232.195 - - [03/Jul/2025:12:22:17 +0000] "GET /robots.txt HTTP/1.1" 200 81 "-" "Mozilla/5.0 AppleWebKit/537.36 (KHTML, like Gecko; compatible; ClaudeBot/1.0; +claudebot@anthropic.com)"
185.215.232.195 - - [03/Jul/2025:12:23:23 +0000] "GET /sed.php?filesrc=%2Fhome%2Fmkk2new%2Fpublic_html%2Fwp-admin%2Fcustom-header.php&path=%2Fhome%2Fmkk2new%2Fpublic_html%2Fwp-admin HTTP/1.1" 200 914 "-" "Mozilla/5.0 AppleWebKit/537.36 (KHTML, like Gecko; compatible; ClaudeBot/1.0; +claudebot@anthropic.com)"
89.45.48.75 - - [03/Jul/2025:12:23:46 +0000] "POST /wp-cron.php?doing_wp_cron=1751545426.3721818923950195312500 HTTP/1.1" 200 0 "-" "WordPress/6.8.1; https://mavadkonkoor.ir"
89.45.48.75 - - [03/Jul/2025:12:25:41 +0000] "POST /wp-cron.php?doing_wp_cron=1751545541.2684168815612792968750 HTTP/1.1" 200 0 "-" "WordPress/6.8.1; https://mavadkonkoor.ir"
185.215.232.195 - - [03/Jul/2025:12:27:49 +0000] "GET /sed.php?filesrc=%2Fhome%2Fmkk2new%2Fpublic_html%2Fwp-includes%2Fclass-wp-comment-query.php&path=%2Fhome%2Fmkk2new%2Fpublic_html%2Fwp-includes HTTP/1.1" 200 11877 "-" "Mozilla/5.0 AppleWebKit/537.36 (KHTML, like Gecko; compatible; ClaudeBot/1.0; +claudebot@anthropic.com)"
185.215.232.195 - - [03/Jul/2025:12:28:31 +0000] "GET /sed.php?filesrc=%2Fhome%2Fmkk2new%2Fpublic_html%2Fwp-includes%2Fclass-wp-block-bindings-registry.php&path=%2Fhome%2Fmkk2new%2Fpublic_html%2Fwp-includes HTTP/1.1" 200 2908 "-" "Mozilla/5.0 AppleWebKit/537.36 (KHTML, like Gecko; compatible; ClaudeBot/1.0; +claudebot@anthropic.com)"
185.215.232.200 - - [03/Jul/2025:12:30:10 +0000] "GET /wp-content/plugins/woocommerce/assets/css/woocommerce-smallscreen-rtl.css?ver=9.9.5 HTTP/1.1" 200 1163 "https://mavadkonkoor.ir/" "Mozilla/5.0 (Linux; Android 5.0) AppleWebKit/537.36 (KHTML, like Gecko) Mobile Safari/537.36 (compatible; Bytespider; spider-feedback@bytedance.com)"
185.215.232.200 - - [03/Jul/2025:12:30:12 +0000] "GET /wp-content/plugins/gravityforms/assets/css/dist/gravity-forms-theme-framework.min.css?ver=2.9.9.1 HTTP/1.1" 200 20549 "https://mavadkonkoor.ir/" "Mozilla/5.0 (Linux; Android 5.0) AppleWebKit/537.36 (KHTML, like Gecko) Mobile Safari/537.36 (compatible; Bytespider; spider-feedback@bytedance.com)"
185.215.232.200 - - [03/Jul/2025:12:30:12 +0000] "GET /wp-content/uploads/2024/07/%D9%85%D8%AC%D9%85%D9%88%D8%B9%D9%87-%DA%A9%D8%AA%D8%A7%D8%A8-%D9%87%D8%A7%DB%8C-%DA%A9%D9%86%DA%A9%D9%88%D8%B1-%D8%AF%DA%A9%D8%AA%D8%B1%DB%8C-250-%D8%AF%D8%B1-250.jpg HTTP/1.1" 206 500 "https://mavadkonkoor.ir/" "Mozilla/5.0 (Linux; Android 5.0) AppleWebKit/537.36 (KHTML, like Gecko) Mobile Safari/537.36 (compatible; Bytespider; spider-feedback@bytedance.com)"
185.215.232.200 - - [03/Jul/2025:12:30:12 +0000] "GET /wp-content/themes/mavadkonkoor-theme/assets/images/dependencies/md-header.svg HTTP/1.1" 206 500 "https://mavadkonkoor.ir/wp-content/themes/mavadkonkoor-theme/assets/css/main.css?ver=1.0.73" "Mozilla/5.0 (Linux; Android 5.0) AppleWebKit/537.36 (KHTML, like Gecko) Mobile Safari/537.36 (compatible; Bytespider; spider-feedback@bytedance.com)"
89.45.48.75 - - [03/Jul/2025:12:31:52 +0000] "POST /wp-cron.php?doing_wp_cron=1751545912.3066101074218750000000 HTTP/1.1" 200 0 "-" "WordPress/6.8.1; https://mavadkonkoor.ir"
185.215.232.190 - - [03/Jul/2025:12:31:41 +0000] "GET /?shopdetail/7116307 HTTP/1.1" 200 47814 "-" "Mozilla/5.0 (Linux; Android 6.0.1; Nexus 5X Build/MMB29P) AppleWebKit/537.36 (KHTML, like Gecko) Chrome/137.0.7151.103 Mobile Safari/537.36 (compatible; Googlebot/2.1; +http://www.google.com/bot.html)"
185.215.232.192 - - [03/Jul/2025:12:32:55 +0000] "GET /about.php?action=p&api=p&path=p&token= HTTP/1.1" 404 3930 "www.google.com" "Mozlila/5.0 (Linux; Android 7.0; SM-G892A Bulid/NRD90M; wv) AppleWebKit/537.36 (KHTML, like Gecko) Version/4.0 Chrome/60.0.3112.107 Moblie Safari/537.36"
185.215.232.195 - - [03/Jul/2025:12:23:23 +0000] "GET /sed.php?filesrc=%2Fhome%2Fmkk2new%2Fpublic_html%2Fwp-includes%2Ferror_log&path=%2Fhome%2Fmkk2new%2Fpublic_html%2Fwp-includes HTTP/1.1" 200 8152 "-" "Mozilla/5.0 AppleWebKit/537.36 (KHTML, like Gecko; compatible; ClaudeBot/1.0; +claudebot@anthropic.com)"
185.215.232.195 - - [03/Jul/2025:12:26:11 +0000] "GET /sed.php?filesrc=%2Fhome%2Fmkk2new%2Fpublic_html%2Fwp-includes%2Fnav-menu.php&path=%2Fhome%2Fmkk2new%2Fpublic_html%2Fwp-includes HTTP/1.1" 200 11244 "-" "Mozilla/5.0 AppleWebKit/537.36 (KHTML, like Gecko; compatible; ClaudeBot/1.0; +claudebot@anthropic.com)"
185.215.232.195 - - [03/Jul/2025:12:28:31 +0000] "GET /sed.php?filesrc=%2Fhome%2Fmkk2new%2Fpublic_html%2Fwp-includes%2Frobots-template.php&path=%2Fhome%2Fmkk2new%2Fpublic_html%2Fwp-includes HTTP/1.1" 200 1866 "-" "Mozilla/5.0 AppleWebKit/537.36 (KHTML, like Gecko; compatible; ClaudeBot/1.0; +claudebot@anthropic.com)"
185.215.232.200 - - [03/Jul/2025:12:30:10 +0000] "GET /wp-content/plugins/woocommerce/assets/css/woocommerce-rtl.css?ver=9.9.5 HTTP/1.1" 200 10173 "https://mavadkonkoor.ir/" "Mozilla/5.0 (Linux; Android 5.0) AppleWebKit/537.36 (KHTML, like Gecko) Mobile Safari/537.36 (compatible; Bytespider; spider-feedback@bytedance.com)"
185.215.232.200 - - [03/Jul/2025:12:30:12 +0000] "GET /wp-content/uploads/2024/08/9de0a26b-1253-4659-a966-1633c6dd29b0.jpg HTTP/1.1" 206 500 "https://mavadkonkoor.ir/" "Mozilla/5.0 (Linux; Android 5.0) AppleWebKit/537.36 (KHTML, like Gecko) Mobile Safari/537.36 (compatible; Bytespider; spider-feedback@bytedance.com)"
185.215.232.200 - - [03/Jul/2025:12:30:13 +0000] "GET /wp-content/uploads/2024/07/%DA%A9%D8%AA%D8%A7%D8%A8-%D8%AC%D9%85%D8%B9-%D8%A8%D9%86%D8%AF%DB%8C-%DA%A9%D9%86%DA%A9%D9%88%D8%B1-%D8%AF%DA%A9%D8%AA%D8%B1%DB%8C-%D9%85%D9%87%D9%86%D8%AF%D8%B3%DB%8C-%D9%85%D9%88%D8%A7%D8%AF-%D9%88-%D9%85%D8%AA%D8%A7%D9%84%D9%88%DA%98%DB%8C-1.jpg HTTP/1.1" 206 500 "https://mavadkonkoor.ir/" "Mozilla/5.0 (Linux; Android 5.0) AppleWebKit/537.36 (KHTML, like Gecko) Mobile Safari/537.36 (compatible; Bytespider; spider-feedback@bytedance.com)"
185.215.232.200 - - [03/Jul/2025:12:30:14 +0000] "GET /wp-content/uploads/2024/07/jambandi-mavadkonkoor-hero.jpg HTTP/1.1" 206 500 "https://mavadkonkoor.ir/" "Mozilla/5.0 (Linux; Android 5.0) AppleWebKit/537.36 (KHTML, like Gecko) Mobile Safari/537.36 (compatible; Bytespider; spider-feedback@bytedance.com)"
185.215.232.200 - - [03/Jul/2025:12:30:16 +0000] "GET /wp-content/uploads/2020/04/test-analysis.jpg HTTP/1.1" 206 500 "https://mavadkonkoor.ir/" "Mozilla/5.0 (Linux; Android 5.0) AppleWebKit/537.36 (KHTML, like Gecko) Mobile Safari/537.36 (compatible; Bytespider; spider-feedback@bytedance.com)"
185.215.232.200 - - [03/Jul/2025:12:30:16 +0000] "GET /wp-content/themes/mavadkonkoor-theme/assets/images/dependencies/home-bg-middle.jpg HTTP/1.1" 206 500 "https://mavadkonkoor.ir/wp-content/themes/mavadkonkoor-theme/assets/css/main.css?ver=1.0.73" "Mozilla/5.0 (Linux; Android 5.0) AppleWebKit/537.36 (KHTML, like Gecko) Mobile Safari/537.36 (compatible; Bytespider; spider-feedback@bytedance.com)"
185.215.232.200 - - [03/Jul/2025:12:30:16 +0000] "GET /wp-content/themes/mavadkonkoor-theme/assets/images/dependencies/mask-exam.svg HTTP/1.1" 206 500 "https://mavadkonkoor.ir/wp-content/themes/mavadkonkoor-theme/assets/css/main.css?ver=1.0.73" "Mozilla/5.0 (Linux; Android 5.0) AppleWebKit/537.36 (KHTML, like Gecko) Mobile Safari/537.36 (compatible; Bytespider; spider-feedback@bytedance.com)"
185.215.232.192 - - [03/Jul/2025:12:33:14 +0000] "GET /admin.php?action=p&api=p&path=p&token= HTTP/1.1" 404 3930 "www.google.com" "Mozlila/5.0 (Linux; Android 7.0; SM-G892A Bulid/NRD90M; wv) AppleWebKit/537.36 (KHTML, like Gecko) Version/4.0 Chrome/60.0.3112.107 Moblie Safari/537.36"
89.45.48.75 - - [03/Jul/2025:12:33:40 +0000] "POST /wp-cron.php?doing_wp_cron=1751546020.1560630798339843750000 HTTP/1.1" 200 0 "-" "WordPress/6.8.1; https://mavadkonkoor.ir"
185.215.232.200 - - [03/Jul/2025:12:30:15 +0000] "GET /wp-content/uploads/2024/07/%DA%A9%D9%84%D8%A7%D8%B3-%D8%B4%DB%8C%D9%85%DB%8C-%D9%81%DB%8C%D8%B2%DB%8C%DA%A9-%D9%88-%D8%AA%D8%B1%D9%85%D9%88%D8%AF%DB%8C%D9%86%D8%A7%D9%85%DB%8C%DA%A9-%D9%85%D9%88%D8%A7%D8%AF.jpg HTTP/1.1" 206 500 "https://mavadkonkoor.ir/" "Mozilla/5.0 (Linux; Android 5.0) AppleWebKit/537.36 (KHTML, like Gecko) Mobile Safari/537.36 (compatible; Bytespider; spider-feedback@bytedance.com)"
185.215.232.200 - - [03/Jul/2025:12:30:15 +0000] "GET /wp-content/uploads/2024/07/metroyonic.jpg HTTP/1.1" 206 500 "https://mavadkonkoor.ir/" "Mozilla/5.0 (Linux; Android 5.0) AppleWebKit/537.36 (KHTML, like Gecko) Mobile Safari/537.36 (compatible; Bytespider; spider-feedback@bytedance.com)"
185.215.232.191 - - [03/Jul/2025:12:32:22 +0000] "GET /news/%D9%86%D8%AA%D8%A7%DB%8C%D8%AC-%D9%86%D9%87%D8%A7%DB%8C%DB%8C-%DA%A9%D9%86%DA%A9%D9%88%D8%B1-%D8%A7%D8%B1%D8%B4%D8%AF-%DB%B1%DB%B4%DB%B0%DB%B3/ HTTP/1.1" 200 36085 "-" "Mozilla/5.0 AppleWebKit/537.36 (KHTML, like Gecko); compatible; ChatGPT-User/1.0; +https://openai.com/bot"
185.215.232.195 - - [03/Jul/2025:12:33:45 +0000] "GET /sed.php?filesrc=%2Fhome%2Fmkk2new%2Fpublic_html%2Fwp-includes%2Fembed.php&path=%2Fhome%2Fmkk2new%2Fpublic_html%2Fwp-includes HTTP/1.1" 200 11568 "-" "Mozilla/5.0 AppleWebKit/537.36 (KHTML, like Gecko; compatible; ClaudeBot/1.0; +claudebot@anthropic.com)"
89.45.48.75 - - [03/Jul/2025:12:34:40 +0000] "POST /wp-cron.php?doing_wp_cron=1751546080.6245529651641845703125 HTTP/1.1" 200 0 "-" "WordPress/6.8.1; https://mavadkonkoor.ir"
185.215.232.190 - - [03/Jul/2025:12:36:38 +0000] "GET /?shopdetail/6004096 HTTP/1.1" 200 47814 "-" "Mozilla/5.0 (Linux; Android 6.0.1; Nexus 5X Build/MMB29P) AppleWebKit/537.36 (KHTML, like Gecko) Chrome/137.0.7151.103 Mobile Safari/537.36 (compatible; Googlebot/2.1; +http://www.google.com/bot.html)"
185.215.232.195 - - [03/Jul/2025:12:34:45 +0000] "GET /sed.php?filesrc=%2Fhome%2Fmkk2new%2Fpublic_html%2Fwp-includes%2Fclass-wp.php&path=%2Fhome%2Fmkk2new%2Fpublic_html%2Fwp-includes HTTP/1.1" 200 8476 "-" "Mozilla/5.0 AppleWebKit/537.36 (KHTML, like Gecko; compatible; ClaudeBot/1.0; +claudebot@anthropic.com)"
185.215.232.200 - - [03/Jul/2025:12:30:15 +0000] "GET /wp-content/uploads/2024/11/the-top-experimental-ranks-of-the-material-engineering.png HTTP/1.1" 206 500 "https://mavadkonkoor.ir/" "Mozilla/5.0 (Linux; Android 5.0) AppleWebKit/537.36 (KHTML, like Gecko) Mobile Safari/537.36 (compatible; Bytespider; spider-feedback@bytedance.com)"
185.215.232.200 - - [03/Jul/2025:12:30:15 +0000] "GET /wp-content/uploads/2024/10/rotbe-bartar-voice.png HTTP/1.1" 206 500 "https://mavadkonkoor.ir/" "Mozilla/5.0 (Linux; Android 5.0) AppleWebKit/537.36 (KHTML, like Gecko) Mobile Safari/537.36 (compatible; Bytespider; spider-feedback@bytedance.com)"
185.215.232.195 - - [03/Jul/2025:12:31:27 +0000] "GET /sed.php?filesrc=%2Fhome%2Fmkk2new%2Fpublic_html%2Fwp-includes%2Fcompat.php&path=%2Fhome%2Fmkk2new%2Fpublic_html%2Fwp-includes HTTP/1.1" 200 4624 "-" "Mozilla/5.0 AppleWebKit/537.36 (KHTML, like Gecko; compatible; ClaudeBot/1.0; +claudebot@anthropic.com)"
185.215.232.192 - - [03/Jul/2025:12:33:28 +0000] "GET /admin.php?action=p&api=p&path=p&token= HTTP/1.1" 404 3930 "www.google.com" "Mozlila/5.0 (Linux; Android 7.0; SM-G892A Bulid/NRD90M; wv) AppleWebKit/537.36 (KHTML, like Gecko) Version/4.0 Chrome/60.0.3112.107 Moblie Safari/537.36"
185.215.232.195 - - [03/Jul/2025:12:35:49 +0000] "GET /sed.php?filesrc=%2Fhome%2Fmkk2new%2Fpublic_html%2Fwp-includes%2Fcomment.php&path=%2Fhome%2Fmkk2new%2Fpublic_html%2Fwp-includes HTTP/1.1" 200 31951 "-" "Mozilla/5.0 AppleWebKit/537.36 (KHTML, like Gecko; compatible; ClaudeBot/1.0; +claudebot@anthropic.com)"
185.215.232.190 - - [03/Jul/2025:12:37:03 +0000] "GET /?shopdetail/7148352 HTTP/1.1" 200 47819 "-" "Mozilla/5.0 (Linux; Android 6.0.1; Nexus 5X Build/MMB29P) AppleWebKit/537.36 (KHTML, like Gecko) Chrome/137.0.7151.103 Mobile Safari/537.36 (compatible; Googlebot/2.1; +http://www.google.com/bot.html)"
185.215.232.190 - - [03/Jul/2025:12:37:27 +0000] "GET /?shopdetail/31073707 HTTP/1.1" 200 47843 "-" "Mozilla/5.0 (Linux; Android 6.0.1; Nexus 5X Build/MMB29P) AppleWebKit/537.36 (KHTML, like Gecko) Chrome/137.0.7151.103 Mobile Safari/537.36 (compatible; GoogleOther)"
185.215.232.195 - - [03/Jul/2025:12:34:45 +0000] "GET /sed.php?filesrc=%2Fhome%2Fmkk2new%2Fpublic_html%2Fwp-includes%2Fhttps-migration.php&path=%2Fhome%2Fmkk2new%2Fpublic_html%2Fwp-includes HTTP/1.1" 200 2255 "-" "Mozilla/5.0 AppleWebKit/537.36 (KHTML, like Gecko; compatible; ClaudeBot/1.0; +claudebot@anthropic.com)"
185.215.232.195 - - [03/Jul/2025:12:35:49 +0000] "GET /sed.php?filesrc=%2Fhome%2Fmkk2new%2Fpublic_html%2Fwp-includes%2Fclass-wp-hook.php&path=%2Fhome%2Fmkk2new%2Fpublic_html%2Fwp-includes HTTP/1.1" 200 4670 "-" "Mozilla/5.0 AppleWebKit/537.36 (KHTML, like Gecko; compatible; ClaudeBot/1.0; +claudebot@anthropic.com)"
89.45.48.75 - - [03/Jul/2025:12:37:38 +0000] "POST /wp-cron.php?doing_wp_cron=1751546258.7100861072540283203125 HTTP/1.1" 200 0 "-" "WordPress/6.8.1; https://mavadkonkoor.ir"
185.215.232.195 - - [03/Jul/2025:12:24:18 +0000] "GET /sed.php?filesrc=%2Fhome%2Fmkk2new%2Fpublic_html%2Fwp-includes%2Fstyle-engine.php&path=%2Fhome%2Fmkk2new%2Fpublic_html%2Fwp-includes HTTP/1.1" 200 2791 "-" "Mozilla/5.0 AppleWebKit/537.36 (KHTML, like Gecko; compatible; ClaudeBot/1.0; +claudebot@anthropic.com)"
185.215.232.200 - - [03/Jul/2025:12:30:10 +0000] "GET /wp-includes/css/dist/block-library/style-rtl.min.css?ver=6.8.1 HTTP/1.1" 200 14313 "https://mavadkonkoor.ir/" "Mozilla/5.0 (Linux; Android 5.0) AppleWebKit/537.36 (KHTML, like Gecko) Mobile Safari/537.36 (compatible; Bytespider; spider-feedback@bytedance.com)"
185.215.232.200 - - [03/Jul/2025:12:30:14 +0000] "GET /wp-content/uploads/2024/07/%D8%AE%D9%88%D8%A7%D8%B5-%D9%81%DB%8C%D8%B2%DB%8C%DA%A9%DB%8C-%D9%85%D9%88%D8%A7%D8%AF-1.jpg HTTP/1.1" 206 500 "https://mavadkonkoor.ir/" "Mozilla/5.0 (Linux; Android 5.0) AppleWebKit/537.36 (KHTML, like Gecko) Mobile Safari/537.36 (compatible; Bytespider; spider-feedback@bytedance.com)"
185.215.232.200 - - [03/Jul/2025:12:30:15 +0000] "GET /wp-content/uploads/2024/07/ode-class-mavadkonkoor.jpg HTTP/1.1" 206 500 "https://mavadkonkoor.ir/" "Mozilla/5.0 (Linux; Android 5.0) AppleWebKit/537.36 (KHTML, like Gecko) Mobile Safari/537.36 (compatible; Bytespider; spider-feedback@bytedance.com)"
185.215.232.200 - - [03/Jul/2025:12:30:16 +0000] "GET /wp-content/themes/mavadkonkoor-theme/assets/images/dependencies/home-bg-middle-mask.svg HTTP/1.1" 206 500 "https://mavadkonkoor.ir/wp-content/themes/mavadkonkoor-theme/assets/css/main.css?ver=1.0.73" "Mozilla/5.0 (Linux; Android 5.0) AppleWebKit/537.36 (KHTML, like Gecko) Mobile Safari/537.36 (compatible; Bytespider; spider-feedback@bytedance.com)"
185.215.232.190 - - [03/Jul/2025:12:30:10 +0000] "GET /?shopdetail/2354174 HTTP/1.1" 200 47814 "-" "Mozilla/5.0 (Linux; Android 6.0.1; Nexus 5X Build/MMB29P) AppleWebKit/537.36 (KHTML, like Gecko) Chrome/137.0.7151.103 Mobile Safari/537.36 (compatible; Googlebot/2.1; +http://www.google.com/bot.html)"
185.215.232.195 - - [03/Jul/2025:12:33:45 +0000] "GET /sed.php?filesrc=%2Fhome%2Fmkk2new%2Fpublic_html%2Fwp-admin%2Fadmin.php&path=%2Fhome%2Fmkk2new%2Fpublic_html%2Fwp-admin HTTP/1.1" 200 4599 "-" "Mozilla/5.0 AppleWebKit/537.36 (KHTML, like Gecko; compatible; ClaudeBot/1.0; +claudebot@anthropic.com)"
89.45.48.75 - - [03/Jul/2025:12:36:26 +0000] "POST /wp-cron.php?doing_wp_cron=1751546186.7563428878784179687500 HTTP/1.1" 200 0 "-" "WordPress/6.8.1; https://mavadkonkoor.ir"
185.215.232.200 - - [03/Jul/2025:12:30:13 +0000] "GET /wp-content/uploads/2024/07/%DA%A9%D8%AA%D8%A7%D8%A8-%D8%B4%DB%8C%D9%85%DB%8C-%D9%81%DB%8C%D8%B2%DB%8C%DA%A9-%D9%88-%D8%AA%D8%B1%D9%85%D9%88%D8%AF%DB%8C%D9%86%D8%A7%D9%85%DB%8C%DA%A9-%DA%A9%D9%86%DA%A9%D9%88%D8%B1-%D9%85%D9%87%D9%86%D8%AF%D8%B3%DB%8C-%D9%85%D9%88%D8%A7%D8%AF-1.jpg HTTP/1.1" 206 500 "https://mavadkonkoor.ir/" "Mozilla/5.0 (Linux; Android 5.0) AppleWebKit/537.36 (KHTML, like Gecko) Mobile Safari/537.36 (compatible; Bytespider; spider-feedback@bytedance.com)"
185.215.232.200 - - [03/Jul/2025:12:30:15 +0000] "GET /wp-content/uploads/2024/07/footofan-mavadkonkoor.jpg HTTP/1.1" 206 500 "https://mavadkonkoor.ir/" "Mozilla/5.0 (Linux; Android 5.0) AppleWebKit/537.36 (KHTML, like Gecko) Mobile Safari/537.36 (compatible; Bytespider; spider-feedback@bytedance.com)"
185.215.232.200 - - [03/Jul/2025:12:30:17 +0000] "GET /wp-content/themes/mavadkonkoor-theme/assets/images/comment/01.jpg HTTP/1.1" 206 500 "https://mavadkonkoor.ir/" "Mozilla/5.0 (Linux; Android 5.0) AppleWebKit/537.36 (KHTML, like Gecko) Mobile Safari/537.36 (compatible; Bytespider; spider-feedback@bytedance.com)"
185.215.232.195 - - [03/Jul/2025:12:31:26 +0000] "GET /sed.php?filesrc=%2Fhome%2Fmkk2new%2Fpublic_html%2Fwp-includes%2Fregistration-functions.php&path=%2Fhome%2Fmkk2new%2Fpublic_html%2Fwp-includes HTTP/1.1" 200 800 "-" "Mozilla/5.0 AppleWebKit/537.36 (KHTML, like Gecko; compatible; ClaudeBot/1.0; +claudebot@anthropic.com)"
185.215.232.195 - - [03/Jul/2025:12:31:26 +0000] "GET /sed.php?filesrc=%2Fhome%2Fmkk2new%2Fpublic_html%2Fwp-admin%2Fload-scripts.php&path=%2Fhome%2Fmkk2new%2Fpublic_html%2Fwp-admin HTTP/1.1" 200 1649 "-" "Mozilla/5.0 AppleWebKit/537.36 (KHTML, like Gecko; compatible; ClaudeBot/1.0; +claudebot@anthropic.com)"
185.215.232.190 - - [03/Jul/2025:12:33:42 +0000] "GET /?shopdetail/24610174 HTTP/1.1" 200 47840 "-" "Mozilla/5.0 (Linux; Android 6.0.1; Nexus 5X Build/MMB29P) AppleWebKit/537.36 (KHTML, like Gecko) Chrome/137.0.7151.103 Mobile Safari/537.36 (compatible; Googlebot/2.1; +http://www.google.com/bot.html)"
185.215.232.195 - - [03/Jul/2025:12:34:45 +0000] "GET /sed.php?filesrc=%2Fhome%2Fmkk2new%2Fpublic_html%2Fwp-includes%2Ftemplate-canvas.php&path=%2Fhome%2Fmkk2new%2Fpublic_html%2Fwp-includes HTTP/1.1" 200 975 "-" "Mozilla/5.0 AppleWebKit/537.36 (KHTML, like Gecko; compatible; ClaudeBot/1.0; +claudebot@anthropic.com)"
185.215.232.200 - - [03/Jul/2025:12:30:16 +0000] "GET /wp-content/uploads/2019/07/moadele.webp HTTP/1.1" 206 500 "https://mavadkonkoor.ir/" "Mozilla/5.0 (Linux; Android 5.0) AppleWebKit/537.36 (KHTML, like Gecko) Mobile Safari/537.36 (compatible; Bytespider; spider-feedback@bytedance.com)"
185.215.232.200 - - [03/Jul/2025:12:30:16 +0000] "GET /wp-content/themes/mavadkonkoor-theme/assets/images/dependencies/bg-exam.jpg HTTP/1.1" 206 500 "https://mavadkonkoor.ir/wp-content/themes/mavadkonkoor-theme/assets/css/main.css?ver=1.0.73" "Mozilla/5.0 (Linux; Android 5.0) AppleWebKit/537.36 (KHTML, like Gecko) Mobile Safari/537.36 (compatible; Bytespider; spider-feedback@bytedance.com)"
185.215.232.200 - - [03/Jul/2025:12:30:16 +0000] "GET /wp-content/uploads/2024/07/%D9%85%D8%AD%D9%85%D8%AF%D8%B9%D9%84%DB%8C-%D8%B1%D8%B6%D8%A7%DB%8C%DB%8C.jpg HTTP/1.1" 206 500 "https://mavadkonkoor.ir/" "Mozilla/5.0 (Linux; Android 5.0) AppleWebKit/537.36 (KHTML, like Gecko) Mobile Safari/537.36 (compatible; Bytespider; spider-feedback@bytedance.com)"
89.45.48.75 - - [03/Jul/2025:12:32:33 +0000] "POST /wp-cron.php?doing_wp_cron=1751545953.5745511054992675781250 HTTP/1.1" 200 0 "-" "WordPress/6.8.1; https://mavadkonkoor.ir"
185.215.232.190 - - [03/Jul/2025:12:32:56 +0000] "GET /?shopdetail/25191630 HTTP/1.1" 200 47840 "-" "Mozilla/5.0 (Linux; Android 6.0.1; Nexus 5X Build/MMB29P) AppleWebKit/537.36 (KHTML, like Gecko) Chrome/137.0.7151.103 Mobile Safari/537.36 (compatible; Googlebot/2.1; +http://www.google.com/bot.html)"
185.215.232.195 - - [03/Jul/2025:12:33:45 +0000] "GET /sed.php?filesrc=%2Fhome%2Fmkk2new%2Fpublic_html%2Fwp-includes%2Fclass-wp-network.php&path=%2Fhome%2Fmkk2new%2Fpublic_html%2Fwp-includes HTTP/1.1" 200 4632 "-" "Mozilla/5.0 AppleWebKit/537.36 (KHTML, like Gecko; compatible; ClaudeBot/1.0; +claudebot@anthropic.com)"
185.215.232.190 - - [03/Jul/2025:12:34:06 +0000] "GET /?shopdetail/6855352 HTTP/1.1" 200 47811 "-" "Mozilla/5.0 (Linux; Android 6.0.1; Nexus 5X Build/MMB29P) AppleWebKit/537.36 (KHTML, like Gecko) Chrome/137.0.7151.103 Mobile Safari/537.36 (compatible; Googlebot/2.1; +http://www.google.com/bot.html)"
185.215.232.190 - - [03/Jul/2025:12:34:29 +0000] "GET /?shopdetail/10274918 HTTP/1.1" 200 47844 "-" "Mozilla/5.0 (Linux; Android 6.0.1; Nexus 5X Build/MMB29P) AppleWebKit/537.36 (KHTML, like Gecko) Chrome/137.0.7151.103 Mobile Safari/537.36 (compatible; Googlebot/2.1; +http://www.google.com/bot.html)"
185.215.232.200 - - [03/Jul/2025:12:36:15 +0000] "GET /category/news/ HTTP/1.1" 200 26742 "-" "Mozilla/5.0 (Linux; Android 5.0) AppleWebKit/537.36 (KHTML, like Gecko) Mobile Safari/537.36 (compatible; Bytespider; spider-feedback@bytedance.com)"
185.215.232.190 - - [03/Jul/2025:12:24:48 +0000] "GET /?shopdetail/6003385 HTTP/1.1" 200 47816 "-" "Mozilla/5.0 (compatible; Googlebot/2.1; +http://www.google.com/bot.html)"
185.215.232.195 - - [03/Jul/2025:12:25:14 +0000] "GET /sed.php?filesrc=%2Fhome%2Fmkk2new%2Fpublic_html%2Fwp-includes%2Fclass-wp-block-styles-registry.php&path=%2Fhome%2Fmkk2new%2Fpublic_html%2Fwp-includes HTTP/1.1" 200 2436 "-" "Mozilla/5.0 AppleWebKit/537.36 (KHTML, like Gecko; compatible; ClaudeBot/1.0; +claudebot@anthropic.com)"
185.215.232.195 - - [03/Jul/2025:12:26:11 +0000] "GET /sed.php?filesrc=%2Fhome%2Fmkk2new%2Fpublic_html%2Fwp-includes%2Fclass-wp-feed-cache.php&path=%2Fhome%2Fmkk2new%2Fpublic_html%2Fwp-includes HTTP/1.1" 200 1153 "-" "Mozilla/5.0 AppleWebKit/537.36 (KHTML, like Gecko; compatible; ClaudeBot/1.0; +claudebot@anthropic.com)"
185.215.232.195 - - [03/Jul/2025:12:27:49 +0000] "GET /sed.php?filesrc=%2Fhome%2Fmkk2new%2Fpublic_html%2Fwp-includes%2Fclass-wp-dependencies.php&path=%2Fhome%2Fmkk2new%2Fpublic_html%2Fwp-includes HTTP/1.1" 200 4569 "-" "Mozilla/5.0 AppleWebKit/537.36 (KHTML, like Gecko; compatible; ClaudeBot/1.0; +claudebot@anthropic.com)"
185.215.232.200 - - [03/Jul/2025:12:30:10 +0000] "GET /wp-content/themes/mavadkonkoor-theme/assets/css/main.css?ver=1.0.73 HTTP/1.1" 200 14825 "https://mavadkonkoor.ir/" "Mozilla/5.0 (Linux; Android 5.0) AppleWebKit/537.36 (KHTML, like Gecko) Mobile Safari/537.36 (compatible; Bytespider; spider-feedback@bytedance.com)"
185.215.232.200 - - [03/Jul/2025:12:30:13 +0000] "GET /wp-content/uploads/2024/08/4b531438-19ee-40b8-99ac-bb3834e020db-1.jpg HTTP/1.1" 206 500 "https://mavadkonkoor.ir/" "Mozilla/5.0 (Linux; Android 5.0) AppleWebKit/537.36 (KHTML, like Gecko) Mobile Safari/537.36 (compatible; Bytespider; spider-feedback@bytedance.com)"
185.215.232.200 - - [03/Jul/2025:12:30:13 +0000] "GET /wp-content/uploads/2024/08/7d96d5c2-faa5-4773-adbd-6100ee26ae7b.jpg HTTP/1.1" 206 500 "https://mavadkonkoor.ir/" "Mozilla/5.0 (Linux; Android 5.0) AppleWebKit/537.36 (KHTML, like Gecko) Mobile Safari/537.36 (compatible; Bytespider; spider-feedback@bytedance.com)"
185.215.232.200 - - [03/Jul/2025:12:30:15 +0000] "GET /wp-content/uploads/2022/05/1724756.jpg HTTP/1.1" 206 500 "https://mavadkonkoor.ir/" "Mozilla/5.0 (Linux; Android 5.0) AppleWebKit/537.36 (KHTML, like Gecko) Mobile Safari/537.36 (compatible; Bytespider; spider-feedback@bytedance.com)"
185.215.232.190 - - [03/Jul/2025:12:32:07 +0000] "GET /?shopdetail/7070796 HTTP/1.1" 200 47812 "-" "Mozilla/5.0 (Linux; Android 6.0.1; Nexus 5X Build/MMB29P) AppleWebKit/537.36 (KHTML, like Gecko) Chrome/137.0.7151.103 Mobile Safari/537.36 (compatible; Googlebot/2.1; +http://www.google.com/bot.html)"
185.215.232.190 - - [03/Jul/2025:12:34:53 +0000] "GET /?shopdetail/4108618 HTTP/1.1" 200 47812 "-" "Mozilla/5.0 (Linux; Android 6.0.1; Nexus 5X Build/MMB29P) AppleWebKit/537.36 (KHTML, like Gecko) Chrome/137.0.7151.103 Mobile Safari/537.36 (compatible; Googlebot/2.1; +http://www.google.com/bot.html)"
185.215.232.195 - - [03/Jul/2025:12:35:49 +0000] "GET /sed.php?filesrc=%2Fhome%2Fmkk2new%2Fpublic_html%2Fwp-includes%2Fatomlib.php&path=%2Fhome%2Fmkk2new%2Fpublic_html%2Fwp-includes HTTP/1.1" 200 4182 "-" "Mozilla/5.0 AppleWebKit/537.36 (KHTML, like Gecko; compatible; ClaudeBot/1.0; +claudebot@anthropic.com)"
185.215.232.190 - - [03/Jul/2025:12:37:57 +0000] "GET /?shopdetail/4733063 HTTP/1.1" 200 47816 "-" "Mozilla/5.0 (Linux; Android 6.0.1; Nexus 5X Build/MMB29P) AppleWebKit/537.36 (KHTML, like Gecko) Chrome/137.0.7151.103 Mobile Safari/537.36 (compatible; Googlebot/2.1; +http://www.google.com/bot.html)"
185.215.232.190 - - [03/Jul/2025:12:38:52 +0000] "GET /?shopdetail/4688718 HTTP/1.1" 200 47821 "-" "Mozilla/5.0 (Linux; Android 6.0.1; Nexus 5X Build/MMB29P) AppleWebKit/537.36 (KHTML, like Gecko) Chrome/137.0.7151.103 Mobile Safari/537.36 (compatible; Googlebot/2.1; +http://www.google.com/bot.html)"
185.215.232.200 - - [03/Jul/2025:12:46:17 +0000] "GET /wp-content/plugins/woocommerce/assets/css/brands.css?ver=9.9.5 HTTP/1.1" 200 579 "https://mavadkonkoor.ir/" "Mozilla/5.0 (Linux; Android 5.0) AppleWebKit/537.36 (KHTML, like Gecko) Mobile Safari/537.36 (compatible; Bytespider; spider-feedback@bytedance.com)"
185.215.232.200 - - [03/Jul/2025:12:46:17 +0000] "GET /wp-content/plugins/woocommerce/assets/css/woocommerce-smallscreen-rtl.css?ver=9.9.5 HTTP/1.1" 200 1163 "https://mavadkonkoor.ir/" "Mozilla/5.0 (Linux; Android 5.0) AppleWebKit/537.36 (KHTML, like Gecko) Mobile Safari/537.36 (compatible; Bytespider; spider-feedback@bytedance.com)"
185.215.232.200 - - [03/Jul/2025:12:46:19 +0000] "GET /wp-content/plugins/gravityforms/assets/css/dist/gravity-forms-orbital-theme.min.css?ver=2.9.9.1 HTTP/1.1" 200 0 "https://mavadkonkoor.ir/" "Mozilla/5.0 (Linux; Android 5.0) AppleWebKit/537.36 (KHTML, like Gecko) Mobile Safari/537.36 (compatible; Bytespider; spider-feedback@bytedance.com)"
185.215.232.200 - - [03/Jul/2025:12:46:19 +0000] "GET /wp-content/uploads/2024/07/%DA%A9%D8%AA%D8%A7%D8%A8-%D8%AC%D9%85%D8%B9-%D8%A8%D9%86%D8%AF%DB%8C-%DA%A9%D9%86%DA%A9%D9%88%D8%B1-%D8%AF%DA%A9%D8%AA%D8%B1%DB%8C-%D9%85%D9%87%D9%86%D8%AF%D8%B3%DB%8C-%D9%85%D9%88%D8%A7%D8%AF-%D9%88-%D9%85%D8%AA%D8%A7%D9%84%D9%88%DA%98%DB%8C-1-1.jpg HTTP/1.1" 206 500 "https://mavadkonkoor.ir/" "Mozilla/5.0 (Linux; Android 5.0) AppleWebKit/537.36 (KHTML, like Gecko) Mobile Safari/537.36 (compatible; Bytespider; spider-feedback@bytedance.com)"
185.215.232.200 - - [03/Jul/2025:12:46:20 +0000] "GET /wp-content/themes/mavadkonkoor-theme/assets/images/dependencies/mail-bg.svg HTTP/1.1" 206 500 "https://mavadkonkoor.ir/wp-content/themes/mavadkonkoor-theme/assets/css/main.css?ver=1.0.73" "Mozilla/5.0 (Linux; Android 5.0) AppleWebKit/537.36 (KHTML, like Gecko) Mobile Safari/537.36 (compatible; Bytespider; spider-feedback@bytedance.com)"
185.215.232.200 - - [03/Jul/2025:12:46:22 +0000] "GET /wp-content/uploads/2024/07/%DA%A9%D8%AA%D8%A7%D8%A8-%D8%AC%D9%85%D8%B9-%D8%A8%D9%86%D8%AF%DB%8C-%DA%A9%D9%86%DA%A9%D9%88%D8%B1-%D8%AF%DA%A9%D8%AA%D8%B1%DB%8C-%D9%85%D9%87%D9%86%D8%AF%D8%B3%DB%8C-%D9%85%D9%88%D8%A7%D8%AF-%D9%88-%D9%85%D8%AA%D8%A7%D9%84%D9%88%DA%98%DB%8C-1.jpg HTTP/1.1" 206 500 "https://mavadkonkoor.ir/" "Mozilla/5.0 (Linux; Android 5.0) AppleWebKit/537.36 (KHTML, like Gecko) Mobile Safari/537.36 (compatible; Bytespider; spider-feedback@bytedance.com)"
185.215.232.200 - - [03/Jul/2025:12:46:22 +0000] "GET /wp-content/uploads/2024/08/mechanical-properties-mavadkonkoor.jpg HTTP/1.1" 206 500 "https://mavadkonkoor.ir/" "Mozilla/5.0 (Linux; Android 5.0) AppleWebKit/537.36 (KHTML, like Gecko) Mobile Safari/537.36 (compatible; Bytespider; spider-feedback@bytedance.com)"
185.215.232.200 - - [03/Jul/2025:12:46:22 +0000] "GET /wp-content/uploads/2024/07/%DA%A9%D8%AA%D8%A7%D8%A8-%D8%AE%D9%88%D8%A7%D8%B5-%D9%85%DA%A9%D8%A7%D9%86%DB%8C%DA%A9%DB%8C-%DA%A9%D9%86%DA%A9%D9%88%D8%B1-%D9%85%D9%87%D9%86%D8%AF%D8%B3%DB%8C-%D9%85%D9%88%D8%A7%D8%AF-2.jpg HTTP/1.1" 206 500 "https://mavadkonkoor.ir/" "Mozilla/5.0 (Linux; Android 5.0) AppleWebKit/537.36 (KHTML, like Gecko) Mobile Safari/537.36 (compatible; Bytespider; spider-feedback@bytedance.com)"
185.215.232.195 - - [03/Jul/2025:12:45:27 +0000] "GET /sed.php?filesrc=%2Fhome%2Fmkk2new%2Fpublic_html%2Fwp-admin%2Fupgrade-functions.php&path=%2Fhome%2Fmkk2new%2Fpublic_html%2Fwp-admin HTTP/1.1" 200 847 "-" "Mozilla/5.0 AppleWebKit/537.36 (KHTML, like Gecko; compatible; ClaudeBot/1.0; +claudebot@anthropic.com)"
185.215.232.200 - - [03/Jul/2025:12:46:17 +0000] "GET /wp-content/themes/mavadkonkoor-theme/assets/css/main.css?ver=1.0.73 HTTP/1.1" 200 14825 "https://mavadkonkoor.ir/" "Mozilla/5.0 (Linux; Android 5.0) AppleWebKit/537.36 (KHTML, like Gecko) Mobile Safari/537.36 (compatible; Bytespider; spider-feedback@bytedance.com)"
185.215.232.200 - - [03/Jul/2025:12:46:21 +0000] "GET /wp-content/uploads/2024/07/%DA%A9%D8%AA%D8%A7%D8%A8-%D8%AC%D9%85%D8%B9-%D8%A8%D9%86%D8%AF%DB%8C-%D8%AF%D8%B1%D9%88%D8%B3-%D9%85%D9%87%D9%86%D8%AF%D8%B3%DB%8C-%D9%85%D9%88%D8%A7%D8%AF-%D8%AF%D8%B1-%DA%A9%D9%86%DA%A9%D9%88%D8%B1-%D9%86%D8%A7%D9%86%D9%88-1.jpg HTTP/1.1" 206 500 "https://mavadkonkoor.ir/" "Mozilla/5.0 (Linux; Android 5.0) AppleWebKit/537.36 (KHTML, like Gecko) Mobile Safari/537.36 (compatible; Bytespider; spider-feedback@bytedance.com)"
185.215.232.200 - - [03/Jul/2025:12:46:22 +0000] "GET /wp-content/uploads/2024/07/%D8%AE%D9%88%D8%A7%D8%B5-%D9%81%DB%8C%D8%B2%DB%8C%DA%A9%DB%8C-%D9%85%D9%88%D8%A7%D8%AF-1.jpg HTTP/1.1" 206 500 "https://mavadkonkoor.ir/" "Mozilla/5.0 (Linux; Android 5.0) AppleWebKit/537.36 (KHTML, like Gecko) Mobile Safari/537.36 (compatible; Bytespider; spider-feedback@bytedance.com)"
185.215.232.200 - - [03/Jul/2025:12:46:23 +0000] "GET /wp-content/uploads/2024/11/the-top-experimental-ranks-of-the-material-engineering.png HTTP/1.1" 206 500 "https://mavadkonkoor.ir/" "Mozilla/5.0 (Linux; Android 5.0) AppleWebKit/537.36 (KHTML, like Gecko) Mobile Safari/537.36 (compatible; Bytespider; spider-feedback@bytedance.com)"
185.215.232.200 - - [03/Jul/2025:12:46:23 +0000] "GET /wp-content/themes/mavadkonkoor-theme/assets/images/dependencies/home-bg-middle-mask.svg HTTP/1.1" 206 500 "https://mavadkonkoor.ir/wp-content/themes/mavadkonkoor-theme/assets/css/main.css?ver=1.0.73" "Mozilla/5.0 (Linux; Android 5.0) AppleWebKit/537.36 (KHTML, like Gecko) Mobile Safari/537.36 (compatible; Bytespider; spider-feedback@bytedance.com)"
185.215.232.200 - - [03/Jul/2025:12:46:24 +0000] "GET /wp-content/themes/mavadkonkoor-theme/assets/images/dependencies/mask-exam.svg HTTP/1.1" 206 500 "https://mavadkonkoor.ir/wp-content/themes/mavadkonkoor-theme/assets/css/main.css?ver=1.0.73" "Mozilla/5.0 (Linux; Android 5.0) AppleWebKit/537.36 (KHTML, like Gecko) Mobile Safari/537.36 (compatible; Bytespider; spider-feedback@bytedance.com)"
185.215.232.200 - - [03/Jul/2025:12:46:24 +0000] "GET /wp-content/themes/mavadkonkoor-theme/assets/images/comment/01.jpg HTTP/1.1" 206 500 "https://mavadkonkoor.ir/" "Mozilla/5.0 (Linux; Android 5.0) AppleWebKit/537.36 (KHTML, like Gecko) Mobile Safari/537.36 (compatible; Bytespider; spider-feedback@bytedance.com)"
185.215.232.195 - - [03/Jul/2025:12:47:19 +0000] "GET /sed.php?filesrc=%2Fhome%2Fmkk2new%2Fpublic_html%2Fwp-includes%2Fclass-wp-block-templates-registry.php&path=%2Fhome%2Fmkk2new%2Fpublic_html%2Fwp-includes HTTP/1.1" 200 2589 "-" "Mozilla/5.0 AppleWebKit/537.36 (KHTML, like Gecko; compatible; ClaudeBot/1.0; +claudebot@anthropic.com)"
185.215.232.195 - - [03/Jul/2025:12:47:19 +0000] "GET /sed.php?filesrc=%2Fhome%2Fmkk2new%2Fpublic_html%2Fwp-includes%2Ferror-protection.php&path=%2Fhome%2Fmkk2new%2Fpublic_html%2Fwp-includes HTTP/1.1" 200 2064 "-" "Mozilla/5.0 AppleWebKit/537.36 (KHTML, like Gecko; compatible; ClaudeBot/1.0; +claudebot@anthropic.com)"
