185.215.232.194 - - [03/Jul/2025:13:46:35 +0000] "POST //xmlrpc.php HTTP/1.1" 200 424 "-" "Mozilla/5.0 (Windows NT 10.0; Win64; x64) AppleWebKit/537.36 (KHTML, like Gecko) Chrome/95.0.4638.69 Safari/537.36"
185.215.232.194 - - [03/Jul/2025:13:47:04 +0000] "POST //xmlrpc.php HTTP/1.1" 200 424 "-" "Mozilla/5.0 (Windows NT 10.0; Win64; x64) AppleWebKit/537.36 (KHTML, like Gecko) Chrome/95.0.4638.69 Safari/537.36"
185.215.232.194 - - [03/Jul/2025:13:47:51 +0000] "POST //xmlrpc.php HTTP/1.1" 200 424 "-" "Mozilla/5.0 (Windows NT 10.0; Win64; x64) AppleWebKit/537.36 (KHTML, like Gecko) Chrome/95.0.4638.69 Safari/537.36"
185.215.232.190 - - [03/Jul/2025:13:48:03 +0000] "GET /?shopdetail/4322252 HTTP/1.1" 200 47811 "-" "Mozilla/5.0 (Linux; Android 6.0.1; Nexus 5X Build/MMB29P) AppleWebKit/537.36 (KHTML, like Gecko) Chrome/137.0.7151.103 Mobile Safari/537.36 (compatible; Googlebot/2.1; +http://www.google.com/bot.html)"
185.215.232.194 - - [03/Jul/2025:13:48:13 +0000] "POST //xmlrpc.php HTTP/1.1" 200 424 "-" "Mozilla/5.0 (Windows NT 10.0; Win64; x64) AppleWebKit/537.36 (KHTML, like Gecko) Chrome/95.0.4638.69 Safari/537.36"
89.45.48.75 - - [03/Jul/2025:13:48:18 +0000] "GET /.well-known/acme-challenge/AQ_CS-BSGCNDBFH4RPBZ84ZOTMNUC4DF HTTP/1.1" 200 64 "-" "Cpanel-HTTP-Client/1.0"
89.45.48.75 - - [03/Jul/2025:13:48:18 +0000] "GET /.well-known/acme-challenge/0N-3REE-FVIZK-CN037S2FZ239SWZOEN HTTP/1.1" 200 64 "-" "Cpanel-HTTP-Client/1.0"
185.215.232.200 - - [03/Jul/2025:13:46:16 +0000] "GET /wp-content/uploads/2024/07/%D8%AE%D9%88%D8%A7%D8%B5-%D9%81%DB%8C%D8%B2%DB%8C%DA%A9%DB%8C-%D9%85%D9%88%D8%A7%D8%AF-1.jpg HTTP/1.1" 206 500 "https://mavadkonkoor.ir/" "Mozilla/5.0 (Linux; Android 5.0) AppleWebKit/537.36 (KHTML, like Gecko) Mobile Safari/537.36 (compatible; Bytespider; spider-feedback@bytedance.com)"
185.215.232.200 - - [03/Jul/2025:13:46:16 +0000] "GET /wp-content/uploads/2024/10/rotbe-bartar-voice.png HTTP/1.1" 206 500 "https://mavadkonkoor.ir/" "Mozilla/5.0 (Linux; Android 5.0) AppleWebKit/537.36 (KHTML, like Gecko) Mobile Safari/537.36 (compatible; Bytespider; spider-feedback@bytedance.com)"
185.215.232.200 - - [03/Jul/2025:13:46:17 +0000] "GET /wp-content/themes/mavadkonkoor-theme/assets/images/dependencies/bg-exam.jpg HTTP/1.1" 206 500 "https://mavadkonkoor.ir/wp-content/themes/mavadkonkoor-theme/assets/css/main.css?ver=1.0.73" "Mozilla/5.0 (Linux; Android 5.0) AppleWebKit/537.36 (KHTML, like Gecko) Mobile Safari/537.36 (compatible; Bytespider; spider-feedback@bytedance.com)"
185.215.232.200 - - [03/Jul/2025:13:46:17 +0000] "GET /wp-content/themes/mavadkonkoor-theme/assets/images/dependencies/home-bg-middle.jpg HTTP/1.1" 206 500 "https://mavadkonkoor.ir/wp-content/themes/mavadkonkoor-theme/assets/css/main.css?ver=1.0.73" "Mozilla/5.0 (Linux; Android 5.0) AppleWebKit/537.36 (KHTML, like Gecko) Mobile Safari/537.36 (compatible; Bytespider; spider-feedback@bytedance.com)"
185.215.232.194 - - [03/Jul/2025:13:46:36 +0000] "POST //xmlrpc.php HTTP/1.1" 200 424 "-" "Mozilla/5.0 (Windows NT 10.0; Win64; x64) AppleWebKit/537.36 (KHTML, like Gecko) Chrome/95.0.4638.69 Safari/537.36"
185.215.232.194 - - [03/Jul/2025:13:47:22 +0000] "POST //xmlrpc.php HTTP/1.1" 200 424 "-" "Mozilla/5.0 (Windows NT 10.0; Win64; x64) AppleWebKit/537.36 (KHTML, like Gecko) Chrome/95.0.4638.69 Safari/537.36"
89.45.48.75 - - [03/Jul/2025:13:47:28 +0000] "POST /wp-cron.php?doing_wp_cron=1751550448.2745110988616943359375 HTTP/1.1" 200 0 "-" "WordPress/6.8.1; https://mavadkonkoor.ir"
185.215.232.194 - - [03/Jul/2025:13:47:25 +0000] "POST //xmlrpc.php HTTP/1.1" 200 424 "-" "Mozilla/5.0 (Windows NT 10.0; Win64; x64) AppleWebKit/537.36 (KHTML, like Gecko) Chrome/95.0.4638.69 Safari/537.36"
185.215.232.194 - - [03/Jul/2025:13:48:01 +0000] "POST //xmlrpc.php HTTP/1.1" 200 424 "-" "Mozilla/5.0 (Windows NT 10.0; Win64; x64) AppleWebKit/537.36 (KHTML, like Gecko) Chrome/95.0.4638.69 Safari/537.36"
185.215.232.194 - - [03/Jul/2025:13:48:26 +0000] "POST //xmlrpc.php HTTP/1.1" 200 424 "-" "Mozilla/5.0 (Windows NT 10.0; Win64; x64) AppleWebKit/537.36 (KHTML, like Gecko) Chrome/95.0.4638.69 Safari/537.36"
185.215.232.194 - - [03/Jul/2025:13:48:33 +0000] "POST //xmlrpc.php HTTP/1.1" 200 424 "-" "Mozilla/5.0 (Windows NT 10.0; Win64; x64) AppleWebKit/537.36 (KHTML, like Gecko) Chrome/95.0.4638.69 Safari/537.36"
185.215.232.194 - - [03/Jul/2025:13:48:35 +0000] "POST //xmlrpc.php HTTP/1.1" 200 424 "-" "Mozilla/5.0 (Windows NT 10.0; Win64; x64) AppleWebKit/537.36 (KHTML, like Gecko) Chrome/95.0.4638.69 Safari/537.36"
185.215.232.194 - - [03/Jul/2025:13:48:47 +0000] "POST //xmlrpc.php HTTP/1.1" 200 424 "-" "Mozilla/5.0 (Windows NT 10.0; Win64; x64) AppleWebKit/537.36 (KHTML, like Gecko) Chrome/95.0.4638.69 Safari/537.36"
185.215.232.195 - - [03/Jul/2025:13:48:50 +0000] "GET /sed.php?filesrc=%2Fhome%2Fmkk2new%2Fpublic_html%2Fwp-admin%2Fthemes.php&path=%2Fhome%2Fmkk2new%2Fpublic_html%2Fwp-admin HTTP/1.1" 200 10451 "-" "Mozilla/5.0 AppleWebKit/537.36 (KHTML, like Gecko; compatible; ClaudeBot/1.0; +claudebot@anthropic.com)"
185.215.232.195 - - [03/Jul/2025:13:48:50 +0000] "GET /sed.php?filesrc=%2Fhome%2Fmkk2new%2Fpublic_html%2Fwp-includes%2Fpost-thumbnail-template.php&path=%2Fhome%2Fmkk2new%2Fpublic_html%2Fwp-includes HTTP/1.1" 200 3087 "-" "Mozilla/5.0 AppleWebKit/537.36 (KHTML, like Gecko; compatible; ClaudeBot/1.0; +claudebot@anthropic.com)"
185.215.232.200 - - [03/Jul/2025:13:46:16 +0000] "GET /wp-content/uploads/2024/11/the-top-experimental-ranks-of-the-material-engineering.png HTTP/1.1" 206 500 "https://mavadkonkoor.ir/" "Mozilla/5.0 (Linux; Android 5.0) AppleWebKit/537.36 (KHTML, like Gecko) Mobile Safari/537.36 (compatible; Bytespider; spider-feedback@bytedance.com)"
185.215.232.194 - - [03/Jul/2025:13:46:19 +0000] "POST //xmlrpc.php HTTP/1.1" 200 424 "-" "Mozilla/5.0 (Windows NT 10.0; Win64; x64) AppleWebKit/537.36 (KHTML, like Gecko) Chrome/95.0.4638.69 Safari/537.36"
185.215.232.194 - - [03/Jul/2025:13:46:23 +0000] "POST //xmlrpc.php HTTP/1.1" 200 424 "-" "Mozilla/5.0 (Windows NT 10.0; Win64; x64) AppleWebKit/537.36 (KHTML, like Gecko) Chrome/95.0.4638.69 Safari/537.36"
185.215.232.194 - - [03/Jul/2025:13:46:31 +0000] "POST //xmlrpc.php HTTP/1.1" 200 424 "-" "Mozilla/5.0 (Windows NT 10.0; Win64; x64) AppleWebKit/537.36 (KHTML, like Gecko) Chrome/95.0.4638.69 Safari/537.36"
185.215.232.194 - - [03/Jul/2025:13:46:32 +0000] "POST //xmlrpc.php HTTP/1.1" 200 424 "-" "Mozilla/5.0 (Windows NT 10.0; Win64; x64) AppleWebKit/537.36 (KHTML, like Gecko) Chrome/95.0.4638.69 Safari/537.36"
185.215.232.195 - - [03/Jul/2025:13:46:39 +0000] "GET /sed.php?filesrc=%2Fhome%2Fmkk2new%2Fpublic_html%2Fwp-includes%2Fbookmark.php&path=%2Fhome%2Fmkk2new%2Fpublic_html%2Fwp-includes HTTP/1.1" 200 5239 "-" "Mozilla/5.0 AppleWebKit/537.36 (KHTML, like Gecko; compatible; ClaudeBot/1.0; +claudebot@anthropic.com)"
185.215.232.194 - - [03/Jul/2025:13:46:45 +0000] "POST //xmlrpc.php HTTP/1.1" 200 424 "-" "Mozilla/5.0 (Windows NT 10.0; Win64; x64) AppleWebKit/537.36 (KHTML, like Gecko) Chrome/95.0.4638.69 Safari/537.36"
185.215.232.195 - - [03/Jul/2025:13:47:20 +0000] "GET /sed.php?filesrc=%2Fhome%2Fmkk2new%2Fpublic_html%2Fwp-admin%2Fterm.php&path=%2Fhome%2Fmkk2new%2Fpublic_html%2Fwp-admin HTTP/1.1" 200 1639 "-" "Mozilla/5.0 AppleWebKit/537.36 (KHTML, like Gecko; compatible; ClaudeBot/1.0; +claudebot@anthropic.com)"
185.215.232.194 - - [03/Jul/2025:13:47:23 +0000] "POST //xmlrpc.php HTTP/1.1" 200 424 "-" "Mozilla/5.0 (Windows NT 10.0; Win64; x64) AppleWebKit/537.36 (KHTML, like Gecko) Chrome/95.0.4638.69 Safari/537.36"
185.215.232.194 - - [03/Jul/2025:13:47:34 +0000] "POST //xmlrpc.php HTTP/1.1" 200 424 "-" "Mozilla/5.0 (Windows NT 10.0; Win64; x64) AppleWebKit/537.36 (KHTML, like Gecko) Chrome/95.0.4638.69 Safari/537.36"
185.215.232.194 - - [03/Jul/2025:13:47:48 +0000] "POST //xmlrpc.php HTTP/1.1" 200 424 "-" "Mozilla/5.0 (Windows NT 10.0; Win64; x64) AppleWebKit/537.36 (KHTML, like Gecko) Chrome/95.0.4638.69 Safari/537.36"
185.215.232.194 - - [03/Jul/2025:13:47:56 +0000] "POST //xmlrpc.php HTTP/1.1" 200 424 "-" "Mozilla/5.0 (Windows NT 10.0; Win64; x64) AppleWebKit/537.36 (KHTML, like Gecko) Chrome/95.0.4638.69 Safari/537.36"
185.215.232.195 - - [03/Jul/2025:13:48:04 +0000] "GET /sed.php?filesrc=%2Fhome%2Fmkk2new%2Fpublic_html%2Fwp-admin%2Fprivacy.php&path=%2Fhome%2Fmkk2new%2Fpublic_html%2Fwp-admin HTTP/1.1" 200 1708 "-" "Mozilla/5.0 AppleWebKit/537.36 (KHTML, like Gecko; compatible; ClaudeBot/1.0; +claudebot@anthropic.com)"
185.215.232.194 - - [03/Jul/2025:13:48:20 +0000] "POST //xmlrpc.php HTTP/1.1" 200 424 "-" "Mozilla/5.0 (Windows NT 10.0; Win64; x64) AppleWebKit/537.36 (KHTML, like Gecko) Chrome/95.0.4638.69 Safari/537.36"
185.215.232.194 - - [03/Jul/2025:13:48:36 +0000] "POST //xmlrpc.php HTTP/1.1" 200 424 "-" "Mozilla/5.0 (Windows NT 10.0; Win64; x64) AppleWebKit/537.36 (KHTML, like Gecko) Chrome/95.0.4638.69 Safari/537.36"
185.215.232.194 - - [03/Jul/2025:13:49:01 +0000] "POST //xmlrpc.php HTTP/1.1" 200 424 "-" "Mozilla/5.0 (Windows NT 10.0; Win64; x64) AppleWebKit/537.36 (KHTML, like Gecko) Chrome/95.0.4638.69 Safari/537.36"
185.215.232.194 - - [03/Jul/2025:13:49:03 +0000] "POST //xmlrpc.php HTTP/1.1" 200 424 "-" "Mozilla/5.0 (Windows NT 10.0; Win64; x64) AppleWebKit/537.36 (KHTML, like Gecko) Chrome/95.0.4638.69 Safari/537.36"
185.215.232.194 - - [03/Jul/2025:13:46:54 +0000] "POST //xmlrpc.php HTTP/1.1" 200 424 "-" "Mozilla/5.0 (Windows NT 10.0; Win64; x64) AppleWebKit/537.36 (KHTML, like Gecko) Chrome/95.0.4638.69 Safari/537.36"
185.215.232.194 - - [03/Jul/2025:13:47:02 +0000] "POST //xmlrpc.php HTTP/1.1" 200 424 "-" "Mozilla/5.0 (Windows NT 10.0; Win64; x64) AppleWebKit/537.36 (KHTML, like Gecko) Chrome/95.0.4638.69 Safari/537.36"
185.215.232.194 - - [03/Jul/2025:13:47:03 +0000] "POST //xmlrpc.php HTTP/1.1" 200 424 "-" "Mozilla/5.0 (Windows NT 10.0; Win64; x64) AppleWebKit/537.36 (KHTML, like Gecko) Chrome/95.0.4638.69 Safari/537.36"
185.215.232.194 - - [03/Jul/2025:13:47:08 +0000] "POST //xmlrpc.php HTTP/1.1" 200 424 "-" "Mozilla/5.0 (Windows NT 10.0; Win64; x64) AppleWebKit/537.36 (KHTML, like Gecko) Chrome/95.0.4638.69 Safari/537.36"
185.215.232.194 - - [03/Jul/2025:13:47:18 +0000] "POST //xmlrpc.php HTTP/1.1" 200 424 "-" "Mozilla/5.0 (Windows NT 10.0; Win64; x64) AppleWebKit/537.36 (KHTML, like Gecko) Chrome/95.0.4638.69 Safari/537.36"
185.215.232.194 - - [03/Jul/2025:13:47:33 +0000] "POST //xmlrpc.php HTTP/1.1" 200 424 "-" "Mozilla/5.0 (Windows NT 10.0; Win64; x64) AppleWebKit/537.36 (KHTML, like Gecko) Chrome/95.0.4638.69 Safari/537.36"
185.215.232.194 - - [03/Jul/2025:13:47:53 +0000] "POST //xmlrpc.php HTTP/1.1" 200 424 "-" "Mozilla/5.0 (Windows NT 10.0; Win64; x64) AppleWebKit/537.36 (KHTML, like Gecko) Chrome/95.0.4638.69 Safari/537.36"
185.215.232.194 - - [03/Jul/2025:13:48:02 +0000] "POST //xmlrpc.php HTTP/1.1" 200 424 "-" "Mozilla/5.0 (Windows NT 10.0; Win64; x64) AppleWebKit/537.36 (KHTML, like Gecko) Chrome/95.0.4638.69 Safari/537.36"
185.215.232.195 - - [03/Jul/2025:13:48:04 +0000] "GET /sed.php?filesrc=%2Fhome%2Fmkk2new%2Fpublic_html%2Fwp-includes%2Fclass-wp-recovery-mode-email-service.php&path=%2Fhome%2Fmkk2new%2Fpublic_html%2Fwp-includes HTTP/1.1" 200 4327 "-" "Mozilla/5.0 AppleWebKit/537.36 (KHTML, like Gecko; compatible; ClaudeBot/1.0; +claudebot@anthropic.com)"
185.215.232.194 - - [03/Jul/2025:13:48:04 +0000] "POST //xmlrpc.php HTTP/1.1" 200 424 "-" "Mozilla/5.0 (Windows NT 10.0; Win64; x64) AppleWebKit/537.36 (KHTML, like Gecko) Chrome/95.0.4638.69 Safari/537.36"
185.215.232.194 - - [03/Jul/2025:13:48:17 +0000] "POST //xmlrpc.php HTTP/1.1" 200 424 "-" "Mozilla/5.0 (Windows NT 10.0; Win64; x64) AppleWebKit/537.36 (KHTML, like Gecko) Chrome/95.0.4638.69 Safari/537.36"
185.215.232.194 - - [03/Jul/2025:13:48:58 +0000] "POST //xmlrpc.php HTTP/1.1" 200 424 "-" "Mozilla/5.0 (Windows NT 10.0; Win64; x64) AppleWebKit/537.36 (KHTML, like Gecko) Chrome/95.0.4638.69 Safari/537.36"
185.215.232.194 - - [03/Jul/2025:13:49:10 +0000] "POST //xmlrpc.php HTTP/1.1" 200 424 "-" "Mozilla/5.0 (Windows NT 10.0; Win64; x64) AppleWebKit/537.36 (KHTML, like Gecko) Chrome/95.0.4638.69 Safari/537.36"
185.215.232.194 - - [03/Jul/2025:13:49:28 +0000] "POST //xmlrpc.php HTTP/1.1" 200 424 "-" "Mozilla/5.0 (Windows NT 10.0; Win64; x64) AppleWebKit/537.36 (KHTML, like Gecko) Chrome/95.0.4638.69 Safari/537.36"
185.215.232.194 - - [03/Jul/2025:13:49:43 +0000] "POST //xmlrpc.php HTTP/1.1" 200 424 "-" "Mozilla/5.0 (Windows NT 10.0; Win64; x64) AppleWebKit/537.36 (KHTML, like Gecko) Chrome/95.0.4638.69 Safari/537.36"
185.215.232.194 - - [03/Jul/2025:13:49:46 +0000] "POST //xmlrpc.php HTTP/1.1" 200 424 "-" "Mozilla/5.0 (Windows NT 10.0; Win64; x64) AppleWebKit/537.36 (KHTML, like Gecko) Chrome/95.0.4638.69 Safari/537.36"
185.215.232.194 - - [03/Jul/2025:13:49:48 +0000] "POST //xmlrpc.php HTTP/1.1" 200 424 "-" "Mozilla/5.0 (Windows NT 10.0; Win64; x64) AppleWebKit/537.36 (KHTML, like Gecko) Chrome/95.0.4638.69 Safari/537.36"
185.215.232.194 - - [03/Jul/2025:13:49:52 +0000] "POST //xmlrpc.php HTTP/1.1" 200 424 "-" "Mozilla/5.0 (Windows NT 10.0; Win64; x64) AppleWebKit/537.36 (KHTML, like Gecko) Chrome/95.0.4638.69 Safari/537.36"
185.215.232.194 - - [03/Jul/2025:13:50:01 +0000] "POST //xmlrpc.php HTTP/1.1" 200 424 "-" "Mozilla/5.0 (Windows NT 10.0; Win64; x64) AppleWebKit/537.36 (KHTML, like Gecko) Chrome/95.0.4638.69 Safari/537.36"
185.215.232.195 - - [03/Jul/2025:13:47:20 +0000] "GET /sed.php?filesrc=%2Fhome%2Fmkk2new%2Fpublic_html%2Fwp-includes%2Ffonts.php&path=%2Fhome%2Fmkk2new%2Fpublic_html%2Fwp-includes HTTP/1.1" 200 3435 "-" "Mozilla/5.0 AppleWebKit/537.36 (KHTML, like Gecko; compatible; ClaudeBot/1.0; +claudebot@anthropic.com)"
185.215.232.194 - - [03/Jul/2025:13:47:19 +0000] "POST //xmlrpc.php HTTP/1.1" 200 424 "-" "Mozilla/5.0 (Windows NT 10.0; Win64; x64) AppleWebKit/537.36 (KHTML, like Gecko) Chrome/95.0.4638.69 Safari/537.36"
185.215.232.194 - - [03/Jul/2025:13:47:38 +0000] "POST //xmlrpc.php HTTP/1.1" 200 424 "-" "Mozilla/5.0 (Windows NT 10.0; Win64; x64) AppleWebKit/537.36 (KHTML, like Gecko) Chrome/95.0.4638.69 Safari/537.36"
185.215.232.194 - - [03/Jul/2025:13:47:46 +0000] "POST //xmlrpc.php HTTP/1.1" 200 424 "-" "Mozilla/5.0 (Windows NT 10.0; Win64; x64) AppleWebKit/537.36 (KHTML, like Gecko) Chrome/95.0.4638.69 Safari/537.36"
185.215.232.194 - - [03/Jul/2025:13:48:05 +0000] "POST //xmlrpc.php HTTP/1.1" 200 424 "-" "Mozilla/5.0 (Windows NT 10.0; Win64; x64) AppleWebKit/537.36 (KHTML, like Gecko) Chrome/95.0.4638.69 Safari/537.36"
185.215.232.194 - - [03/Jul/2025:13:48:16 +0000] "POST //xmlrpc.php HTTP/1.1" 200 424 "-" "Mozilla/5.0 (Windows NT 10.0; Win64; x64) AppleWebKit/537.36 (KHTML, like Gecko) Chrome/95.0.4638.69 Safari/537.36"
185.215.232.194 - - [03/Jul/2025:13:48:23 +0000] "POST //xmlrpc.php HTTP/1.1" 200 424 "-" "Mozilla/5.0 (Windows NT 10.0; Win64; x64) AppleWebKit/537.36 (KHTML, like Gecko) Chrome/95.0.4638.69 Safari/537.36"
185.215.232.194 - - [03/Jul/2025:13:48:29 +0000] "POST //xmlrpc.php HTTP/1.1" 200 424 "-" "Mozilla/5.0 (Windows NT 10.0; Win64; x64) AppleWebKit/537.36 (KHTML, like Gecko) Chrome/95.0.4638.69 Safari/537.36"
185.215.232.192 - - [03/Jul/2025:13:48:32 +0000] "GET /.well-known/traffic-advice HTTP/1.1" 404 3930 "-" "Chrome Privacy Preserving Prefetch Proxy"
185.215.232.192 - - [03/Jul/2025:13:48:33 +0000] "GET / HTTP/1.1" 200 47821 "https://www.google.com/" "Mozilla/5.0 (Linux; Android 10; K) AppleWebKit/537.36 (KHTML, like Gecko) Chrome/137.0.0.0 Mobile Safari/537.36"
185.215.232.194 - - [03/Jul/2025:13:48:46 +0000] "POST //xmlrpc.php HTTP/1.1" 200 424 "-" "Mozilla/5.0 (Windows NT 10.0; Win64; x64) AppleWebKit/537.36 (KHTML, like Gecko) Chrome/95.0.4638.69 Safari/537.36"
185.215.232.195 - - [03/Jul/2025:13:48:51 +0000] "GET /sed.php?filesrc=%2Fhome%2Fmkk2new%2Fpublic_html%2Fwp-admin%2Fpost-new.php&path=%2Fhome%2Fmkk2new%2Fpublic_html%2Fwp-admin HTTP/1.1" 200 1740 "-" "Mozilla/5.0 AppleWebKit/537.36 (KHTML, like Gecko; compatible; ClaudeBot/1.0; +claudebot@anthropic.com)"
185.215.232.194 - - [03/Jul/2025:13:49:08 +0000] "POST //xmlrpc.php HTTP/1.1" 200 424 "-" "Mozilla/5.0 (Windows NT 10.0; Win64; x64) AppleWebKit/537.36 (KHTML, like Gecko) Chrome/95.0.4638.69 Safari/537.36"
185.215.232.194 - - [03/Jul/2025:13:49:18 +0000] "POST //xmlrpc.php HTTP/1.1" 200 424 "-" "Mozilla/5.0 (Windows NT 10.0; Win64; x64) AppleWebKit/537.36 (KHTML, like Gecko) Chrome/95.0.4638.69 Safari/537.36"
185.215.232.194 - - [03/Jul/2025:13:49:25 +0000] "POST //xmlrpc.php HTTP/1.1" 200 424 "-" "Mozilla/5.0 (Windows NT 10.0; Win64; x64) AppleWebKit/537.36 (KHTML, like Gecko) Chrome/95.0.4638.69 Safari/537.36"
185.215.232.194 - - [03/Jul/2025:13:49:49 +0000] "POST //xmlrpc.php HTTP/1.1" 200 424 "-" "Mozilla/5.0 (Windows NT 10.0; Win64; x64) AppleWebKit/537.36 (KHTML, like Gecko) Chrome/95.0.4638.69 Safari/537.36"
185.215.232.194 - - [03/Jul/2025:13:49:53 +0000] "POST //xmlrpc.php HTTP/1.1" 200 424 "-" "Mozilla/5.0 (Windows NT 10.0; Win64; x64) AppleWebKit/537.36 (KHTML, like Gecko) Chrome/95.0.4638.69 Safari/537.36"
185.215.232.194 - - [03/Jul/2025:13:50:13 +0000] "POST //xmlrpc.php HTTP/1.1" 200 424 "-" "Mozilla/5.0 (Windows NT 10.0; Win64; x64) AppleWebKit/537.36 (KHTML, like Gecko) Chrome/95.0.4638.69 Safari/537.36"
185.215.232.194 - - [03/Jul/2025:13:50:22 +0000] "POST //xmlrpc.php HTTP/1.1" 200 424 "-" "Mozilla/5.0 (Windows NT 10.0; Win64; x64) AppleWebKit/537.36 (KHTML, like Gecko) Chrome/95.0.4638.69 Safari/537.36"
185.215.232.195 - - [03/Jul/2025:13:47:20 +0000] "GET /sed.php?filesrc=%2Fhome%2Fmkk2new%2Fpublic_html%2Fwp-includes%2Fclass-walker-category.php&path=%2Fhome%2Fmkk2new%2Fpublic_html%2Fwp-includes HTTP/1.1" 200 3228 "-" "Mozilla/5.0 AppleWebKit/537.36 (KHTML, like Gecko; compatible; ClaudeBot/1.0; +claudebot@anthropic.com)"
185.215.232.194 - - [03/Jul/2025:13:47:37 +0000] "POST //xmlrpc.php HTTP/1.1" 200 424 "-" "Mozilla/5.0 (Windows NT 10.0; Win64; x64) AppleWebKit/537.36 (KHTML, like Gecko) Chrome/95.0.4638.69 Safari/537.36"
185.215.232.194 - - [03/Jul/2025:13:47:40 +0000] "POST //xmlrpc.php HTTP/1.1" 200 424 "-" "Mozilla/5.0 (Windows NT 10.0; Win64; x64) AppleWebKit/537.36 (KHTML, like Gecko) Chrome/95.0.4638.69 Safari/537.36"
185.215.232.194 - - [03/Jul/2025:13:47:47 +0000] "POST //xmlrpc.php HTTP/1.1" 200 424 "-" "Mozilla/5.0 (Windows NT 10.0; Win64; x64) AppleWebKit/537.36 (KHTML, like Gecko) Chrome/95.0.4638.69 Safari/537.36"
185.215.232.194 - - [03/Jul/2025:13:47:50 +0000] "POST //xmlrpc.php HTTP/1.1" 200 424 "-" "Mozilla/5.0 (Windows NT 10.0; Win64; x64) AppleWebKit/537.36 (KHTML, like Gecko) Chrome/95.0.4638.69 Safari/537.36"
185.215.232.194 - - [03/Jul/2025:13:48:00 +0000] "POST //xmlrpc.php HTTP/1.1" 200 424 "-" "Mozilla/5.0 (Windows NT 10.0; Win64; x64) AppleWebKit/537.36 (KHTML, like Gecko) Chrome/95.0.4638.69 Safari/537.36"
185.215.232.195 - - [03/Jul/2025:13:48:04 +0000] "GET /sed.php?filesrc=%2Fhome%2Fmkk2new%2Fpublic_html%2Fwp-admin%2Fuser-new.php&path=%2Fhome%2Fmkk2new%2Fpublic_html%2Fwp-admin HTTP/1.1" 200 7761 "-" "Mozilla/5.0 AppleWebKit/537.36 (KHTML, like Gecko; compatible; ClaudeBot/1.0; +claudebot@anthropic.com)"
185.215.232.194 - - [03/Jul/2025:13:48:06 +0000] "POST //xmlrpc.php HTTP/1.1" 200 424 "-" "Mozilla/5.0 (Windows NT 10.0; Win64; x64) AppleWebKit/537.36 (KHTML, like Gecko) Chrome/95.0.4638.69 Safari/537.36"
185.215.232.194 - - [03/Jul/2025:13:48:38 +0000] "POST //xmlrpc.php HTTP/1.1" 200 424 "-" "Mozilla/5.0 (Windows NT 10.0; Win64; x64) AppleWebKit/537.36 (KHTML, like Gecko) Chrome/95.0.4638.69 Safari/537.36"
185.215.232.194 - - [03/Jul/2025:13:48:43 +0000] "POST //xmlrpc.php HTTP/1.1" 200 424 "-" "Mozilla/5.0 (Windows NT 10.0; Win64; x64) AppleWebKit/537.36 (KHTML, like Gecko) Chrome/95.0.4638.69 Safari/537.36"
185.215.232.194 - - [03/Jul/2025:13:49:05 +0000] "POST //xmlrpc.php HTTP/1.1" 200 424 "-" "Mozilla/5.0 (Windows NT 10.0; Win64; x64) AppleWebKit/537.36 (KHTML, like Gecko) Chrome/95.0.4638.69 Safari/537.36"
185.215.232.194 - - [03/Jul/2025:13:49:19 +0000] "POST //xmlrpc.php HTTP/1.1" 200 424 "-" "Mozilla/5.0 (Windows NT 10.0; Win64; x64) AppleWebKit/537.36 (KHTML, like Gecko) Chrome/95.0.4638.69 Safari/537.36"
185.215.232.194 - - [03/Jul/2025:13:49:31 +0000] "POST //xmlrpc.php HTTP/1.1" 200 424 "-" "Mozilla/5.0 (Windows NT 10.0; Win64; x64) AppleWebKit/537.36 (KHTML, like Gecko) Chrome/95.0.4638.69 Safari/537.36"
185.215.232.195 - - [03/Jul/2025:13:49:37 +0000] "GET /sed.php?filesrc=%2Fhome%2Fmkk2new%2Fpublic_html%2Fwp-admin%2Fadmin-post.php&path=%2Fhome%2Fmkk2new%2Fpublic_html%2Fwp-admin HTTP/1.1" 200 1382 "-" "Mozilla/5.0 AppleWebKit/537.36 (KHTML, like Gecko; compatible; ClaudeBot/1.0; +claudebot@anthropic.com)"
185.215.232.194 - - [03/Jul/2025:13:49:37 +0000] "POST //xmlrpc.php HTTP/1.1" 200 424 "-" "Mozilla/5.0 (Windows NT 10.0; Win64; x64) AppleWebKit/537.36 (KHTML, like Gecko) Chrome/95.0.4638.69 Safari/537.36"
185.215.232.194 - - [03/Jul/2025:13:49:55 +0000] "POST //xmlrpc.php HTTP/1.1" 200 424 "-" "Mozilla/5.0 (Windows NT 10.0; Win64; x64) AppleWebKit/537.36 (KHTML, like Gecko) Chrome/95.0.4638.69 Safari/537.36"
185.215.232.195 - - [03/Jul/2025:13:50:28 +0000] "GET /sed.php?filesrc=%2Fhome%2Fmkk2new%2Fpublic_html%2Fwp-admin%2Foptions-general.php&path=%2Fhome%2Fmkk2new%2Fpublic_html%2Fwp-admin HTTP/1.1" 200 7760 "-" "Mozilla/5.0 AppleWebKit/537.36 (KHTML, like Gecko; compatible; ClaudeBot/1.0; +claudebot@anthropic.com)"
185.215.232.194 - - [03/Jul/2025:13:47:13 +0000] "POST //xmlrpc.php HTTP/1.1" 200 424 "-" "Mozilla/5.0 (Windows NT 10.0; Win64; x64) AppleWebKit/537.36 (KHTML, like Gecko) Chrome/95.0.4638.69 Safari/537.36"
185.215.232.194 - - [03/Jul/2025:13:47:16 +0000] "POST //xmlrpc.php HTTP/1.1" 200 424 "-" "Mozilla/5.0 (Windows NT 10.0; Win64; x64) AppleWebKit/537.36 (KHTML, like Gecko) Chrome/95.0.4638.69 Safari/537.36"
185.215.232.194 - - [03/Jul/2025:13:47:20 +0000] "POST //xmlrpc.php HTTP/1.1" 200 424 "-" "Mozilla/5.0 (Windows NT 10.0; Win64; x64) AppleWebKit/537.36 (KHTML, like Gecko) Chrome/95.0.4638.69 Safari/537.36"
185.215.232.194 - - [03/Jul/2025:13:47:28 +0000] "POST //xmlrpc.php HTTP/1.1" 200 424 "-" "Mozilla/5.0 (Windows NT 10.0; Win64; x64) AppleWebKit/537.36 (KHTML, like Gecko) Chrome/95.0.4638.69 Safari/537.36"
185.215.232.194 - - [03/Jul/2025:13:47:44 +0000] "POST //xmlrpc.php HTTP/1.1" 200 424 "-" "Mozilla/5.0 (Windows NT 10.0; Win64; x64) AppleWebKit/537.36 (KHTML, like Gecko) Chrome/95.0.4638.69 Safari/537.36"
185.215.232.194 - - [03/Jul/2025:13:48:09 +0000] "POST //xmlrpc.php HTTP/1.1" 200 424 "-" "Mozilla/5.0 (Windows NT 10.0; Win64; x64) AppleWebKit/537.36 (KHTML, like Gecko) Chrome/95.0.4638.69 Safari/537.36"
185.215.232.194 - - [03/Jul/2025:13:48:49 +0000] "POST //xmlrpc.php HTTP/1.1" 200 424 "-" "Mozilla/5.0 (Windows NT 10.0; Win64; x64) AppleWebKit/537.36 (KHTML, like Gecko) Chrome/95.0.4638.69 Safari/537.36"
185.215.232.194 - - [03/Jul/2025:13:49:13 +0000] "POST //xmlrpc.php HTTP/1.1" 200 424 "-" "Mozilla/5.0 (Windows NT 10.0; Win64; x64) AppleWebKit/537.36 (KHTML, like Gecko) Chrome/95.0.4638.69 Safari/537.36"
185.215.232.194 - - [03/Jul/2025:13:49:20 +0000] "POST //xmlrpc.php HTTP/1.1" 200 424 "-" "Mozilla/5.0 (Windows NT 10.0; Win64; x64) AppleWebKit/537.36 (KHTML, like Gecko) Chrome/95.0.4638.69 Safari/537.36"
185.215.232.194 - - [03/Jul/2025:13:50:06 +0000] "POST //xmlrpc.php HTTP/1.1" 200 424 "-" "Mozilla/5.0 (Windows NT 10.0; Win64; x64) AppleWebKit/537.36 (KHTML, like Gecko) Chrome/95.0.4638.69 Safari/537.36"
185.215.232.194 - - [03/Jul/2025:13:50:19 +0000] "POST //xmlrpc.php HTTP/1.1" 200 424 "-" "Mozilla/5.0 (Windows NT 10.0; Win64; x64) AppleWebKit/537.36 (KHTML, like Gecko) Chrome/95.0.4638.69 Safari/537.36"
185.215.232.194 - - [03/Jul/2025:13:50:20 +0000] "POST //xmlrpc.php HTTP/1.1" 200 424 "-" "Mozilla/5.0 (Windows NT 10.0; Win64; x64) AppleWebKit/537.36 (KHTML, like Gecko) Chrome/95.0.4638.69 Safari/537.36"
185.215.232.194 - - [03/Jul/2025:13:50:33 +0000] "POST //xmlrpc.php HTTP/1.1" 200 424 "-" "Mozilla/5.0 (Windows NT 10.0; Win64; x64) AppleWebKit/537.36 (KHTML, like Gecko) Chrome/95.0.4638.69 Safari/537.36"
185.215.232.194 - - [03/Jul/2025:13:50:34 +0000] "POST //xmlrpc.php HTTP/1.1" 200 424 "-" "Mozilla/5.0 (Windows NT 10.0; Win64; x64) AppleWebKit/537.36 (KHTML, like Gecko) Chrome/95.0.4638.69 Safari/537.36"
185.215.232.194 - - [03/Jul/2025:13:50:37 +0000] "POST //xmlrpc.php HTTP/1.1" 200 424 "-" "Mozilla/5.0 (Windows NT 10.0; Win64; x64) AppleWebKit/537.36 (KHTML, like Gecko) Chrome/95.0.4638.69 Safari/537.36"
185.215.232.194 - - [03/Jul/2025:13:50:47 +0000] "POST //xmlrpc.php HTTP/1.1" 200 424 "-" "Mozilla/5.0 (Windows NT 10.0; Win64; x64) AppleWebKit/537.36 (KHTML, like Gecko) Chrome/95.0.4638.69 Safari/537.36"
185.215.232.194 - - [03/Jul/2025:13:51:08 +0000] "POST //xmlrpc.php HTTP/1.1" 200 424 "-" "Mozilla/5.0 (Windows NT 10.0; Win64; x64) AppleWebKit/537.36 (KHTML, like Gecko) Chrome/95.0.4638.69 Safari/537.36"
185.215.232.194 - - [03/Jul/2025:13:51:26 +0000] "POST //xmlrpc.php HTTP/1.1" 200 424 "-" "Mozilla/5.0 (Windows NT 10.0; Win64; x64) AppleWebKit/537.36 (KHTML, like Gecko) Chrome/95.0.4638.69 Safari/537.36"
185.215.232.194 - - [03/Jul/2025:13:51:30 +0000] "POST //xmlrpc.php HTTP/1.1" 200 424 "-" "Mozilla/5.0 (Windows NT 10.0; Win64; x64) AppleWebKit/537.36 (KHTML, like Gecko) Chrome/95.0.4638.69 Safari/537.36"
185.215.232.194 - - [03/Jul/2025:13:48:21 +0000] "POST //xmlrpc.php HTTP/1.1" 200 424 "-" "Mozilla/5.0 (Windows NT 10.0; Win64; x64) AppleWebKit/537.36 (KHTML, like Gecko) Chrome/95.0.4638.69 Safari/537.36"
89.45.48.75 - - [03/Jul/2025:13:48:29 +0000] "POST /wp-cron.php?doing_wp_cron=1751550509.0195610523223876953125 HTTP/1.1" 200 0 "-" "WordPress/6.8.1; https://mavadkonkoor.ir"
185.215.232.194 - - [03/Jul/2025:13:48:31 +0000] "POST //xmlrpc.php HTTP/1.1" 200 424 "-" "Mozilla/5.0 (Windows NT 10.0; Win64; x64) AppleWebKit/537.36 (KHTML, like Gecko) Chrome/95.0.4638.69 Safari/537.36"
185.215.232.194 - - [03/Jul/2025:13:48:34 +0000] "POST //xmlrpc.php HTTP/1.1" 200 424 "-" "Mozilla/5.0 (Windows NT 10.0; Win64; x64) AppleWebKit/537.36 (KHTML, like Gecko) Chrome/95.0.4638.69 Safari/537.36"
185.215.232.194 - - [03/Jul/2025:13:48:51 +0000] "POST //xmlrpc.php HTTP/1.1" 200 424 "-" "Mozilla/5.0 (Windows NT 10.0; Win64; x64) AppleWebKit/537.36 (KHTML, like Gecko) Chrome/95.0.4638.69 Safari/537.36"
185.215.232.194 - - [03/Jul/2025:13:48:55 +0000] "POST //xmlrpc.php HTTP/1.1" 200 424 "-" "Mozilla/5.0 (Windows NT 10.0; Win64; x64) AppleWebKit/537.36 (KHTML, like Gecko) Chrome/95.0.4638.69 Safari/537.36"
185.215.232.194 - - [03/Jul/2025:13:49:02 +0000] "POST //xmlrpc.php HTTP/1.1" 200 424 "-" "Mozilla/5.0 (Windows NT 10.0; Win64; x64) AppleWebKit/537.36 (KHTML, like Gecko) Chrome/95.0.4638.69 Safari/537.36"
185.215.232.194 - - [03/Jul/2025:13:49:06 +0000] "POST //xmlrpc.php HTTP/1.1" 200 424 "-" "Mozilla/5.0 (Windows NT 10.0; Win64; x64) AppleWebKit/537.36 (KHTML, like Gecko) Chrome/95.0.4638.69 Safari/537.36"
89.45.48.75 - - [03/Jul/2025:13:49:28 +0000] "POST /wp-cron.php?doing_wp_cron=1751550568.3719210624694824218750 HTTP/1.1" 200 0 "-" "WordPress/6.8.1; https://mavadkonkoor.ir"
185.215.232.194 - - [03/Jul/2025:13:49:34 +0000] "POST //xmlrpc.php HTTP/1.1" 200 424 "-" "Mozilla/5.0 (Windows NT 10.0; Win64; x64) AppleWebKit/537.36 (KHTML, like Gecko) Chrome/95.0.4638.69 Safari/537.36"
185.215.232.195 - - [03/Jul/2025:13:49:37 +0000] "GET /sed.php?filesrc=%2Fhome%2Fmkk2new%2Fpublic_html%2Fwp-admin%2Fexport-personal-data.php&path=%2Fhome%2Fmkk2new%2Fpublic_html%2Fwp-admin HTTP/1.1" 200 3720 "-" "Mozilla/5.0 AppleWebKit/537.36 (KHTML, like Gecko; compatible; ClaudeBot/1.0; +claudebot@anthropic.com)"
185.215.232.194 - - [03/Jul/2025:13:49:38 +0000] "POST //xmlrpc.php HTTP/1.1" 200 424 "-" "Mozilla/5.0 (Windows NT 10.0; Win64; x64) AppleWebKit/537.36 (KHTML, like Gecko) Chrome/95.0.4638.69 Safari/537.36"
185.215.232.194 - - [03/Jul/2025:13:49:40 +0000] "POST //xmlrpc.php HTTP/1.1" 200 424 "-" "Mozilla/5.0 (Windows NT 10.0; Win64; x64) AppleWebKit/537.36 (KHTML, like Gecko) Chrome/95.0.4638.69 Safari/537.36"
185.215.232.194 - - [03/Jul/2025:13:49:59 +0000] "POST //xmlrpc.php HTTP/1.1" 200 424 "-" "Mozilla/5.0 (Windows NT 10.0; Win64; x64) AppleWebKit/537.36 (KHTML, like Gecko) Chrome/95.0.4638.69 Safari/537.36"
89.45.48.75 - - [03/Jul/2025:13:50:28 +0000] "POST /wp-cron.php?doing_wp_cron=1751550628.2764279842376708984375 HTTP/1.1" 200 0 "-" "WordPress/6.8.1; https://mavadkonkoor.ir"
185.215.232.194 - - [03/Jul/2025:13:50:25 +0000] "POST //xmlrpc.php HTTP/1.1" 200 424 "-" "Mozilla/5.0 (Windows NT 10.0; Win64; x64) AppleWebKit/537.36 (KHTML, like Gecko) Chrome/95.0.4638.69 Safari/537.36"
185.215.232.194 - - [03/Jul/2025:13:50:55 +0000] "POST //xmlrpc.php HTTP/1.1" 200 424 "-" "Mozilla/5.0 (Windows NT 10.0; Win64; x64) AppleWebKit/537.36 (KHTML, like Gecko) Chrome/95.0.4638.69 Safari/537.36"
185.215.232.194 - - [03/Jul/2025:13:51:07 +0000] "POST //xmlrpc.php HTTP/1.1" 200 424 "-" "Mozilla/5.0 (Windows NT 10.0; Win64; x64) AppleWebKit/537.36 (KHTML, like Gecko) Chrome/95.0.4638.69 Safari/537.36"
185.215.232.194 - - [03/Jul/2025:13:51:21 +0000] "POST //xmlrpc.php HTTP/1.1" 200 424 "-" "Mozilla/5.0 (Windows NT 10.0; Win64; x64) AppleWebKit/537.36 (KHTML, like Gecko) Chrome/95.0.4638.69 Safari/537.36"
185.215.232.194 - - [03/Jul/2025:13:47:31 +0000] "POST //xmlrpc.php HTTP/1.1" 200 424 "-" "Mozilla/5.0 (Windows NT 10.0; Win64; x64) AppleWebKit/537.36 (KHTML, like Gecko) Chrome/95.0.4638.69 Safari/537.36"
185.215.232.194 - - [03/Jul/2025:13:47:36 +0000] "POST //xmlrpc.php HTTP/1.1" 200 424 "-" "Mozilla/5.0 (Windows NT 10.0; Win64; x64) AppleWebKit/537.36 (KHTML, like Gecko) Chrome/95.0.4638.69 Safari/537.36"
185.215.232.194 - - [03/Jul/2025:13:48:19 +0000] "POST //xmlrpc.php HTTP/1.1" 200 424 "-" "Mozilla/5.0 (Windows NT 10.0; Win64; x64) AppleWebKit/537.36 (KHTML, like Gecko) Chrome/95.0.4638.69 Safari/537.36"
185.215.232.194 - - [03/Jul/2025:13:48:40 +0000] "POST //xmlrpc.php HTTP/1.1" 200 424 "-" "Mozilla/5.0 (Windows NT 10.0; Win64; x64) AppleWebKit/537.36 (KHTML, like Gecko) Chrome/95.0.4638.69 Safari/537.36"
185.215.232.194 - - [03/Jul/2025:13:49:22 +0000] "POST //xmlrpc.php HTTP/1.1" 200 424 "-" "Mozilla/5.0 (Windows NT 10.0; Win64; x64) AppleWebKit/537.36 (KHTML, like Gecko) Chrome/95.0.4638.69 Safari/537.36"
185.215.232.194 - - [03/Jul/2025:13:49:23 +0000] "POST //xmlrpc.php HTTP/1.1" 200 424 "-" "Mozilla/5.0 (Windows NT 10.0; Win64; x64) AppleWebKit/537.36 (KHTML, like Gecko) Chrome/95.0.4638.69 Safari/537.36"
185.215.232.195 - - [03/Jul/2025:13:49:37 +0000] "GET /sed.php?filesrc=%2Fhome%2Fmkk2new%2Fpublic_html%2Fwp-admin%2Ftheme-install.php&path=%2Fhome%2Fmkk2new%2Fpublic_html%2Fwp-admin HTTP/1.1" 200 7016 "-" "Mozilla/5.0 AppleWebKit/537.36 (KHTML, like Gecko; compatible; ClaudeBot/1.0; +claudebot@anthropic.com)"
185.215.232.194 - - [03/Jul/2025:13:49:51 +0000] "POST //xmlrpc.php HTTP/1.1" 200 424 "-" "Mozilla/5.0 (Windows NT 10.0; Win64; x64) AppleWebKit/537.36 (KHTML, like Gecko) Chrome/95.0.4638.69 Safari/537.36"
185.215.232.194 - - [03/Jul/2025:13:50:07 +0000] "POST //xmlrpc.php HTTP/1.1" 200 424 "-" "Mozilla/5.0 (Windows NT 10.0; Win64; x64) AppleWebKit/537.36 (KHTML, like Gecko) Chrome/95.0.4638.69 Safari/537.36"
185.215.232.194 - - [03/Jul/2025:13:50:53 +0000] "POST //xmlrpc.php HTTP/1.1" 200 424 "-" "Mozilla/5.0 (Windows NT 10.0; Win64; x64) AppleWebKit/537.36 (KHTML, like Gecko) Chrome/95.0.4638.69 Safari/537.36"
185.215.232.194 - - [03/Jul/2025:13:51:02 +0000] "POST //xmlrpc.php HTTP/1.1" 200 424 "-" "Mozilla/5.0 (Windows NT 10.0; Win64; x64) AppleWebKit/537.36 (KHTML, like Gecko) Chrome/95.0.4638.69 Safari/537.36"
185.215.232.194 - - [03/Jul/2025:13:51:10 +0000] "POST //xmlrpc.php HTTP/1.1" 200 424 "-" "Mozilla/5.0 (Windows NT 10.0; Win64; x64) AppleWebKit/537.36 (KHTML, like Gecko) Chrome/95.0.4638.69 Safari/537.36"
185.215.232.194 - - [03/Jul/2025:13:51:17 +0000] "POST //xmlrpc.php HTTP/1.1" 200 424 "-" "Mozilla/5.0 (Windows NT 10.0; Win64; x64) AppleWebKit/537.36 (KHTML, like Gecko) Chrome/95.0.4638.69 Safari/537.36"
185.215.232.194 - - [03/Jul/2025:13:51:22 +0000] "POST //xmlrpc.php HTTP/1.1" 200 424 "-" "Mozilla/5.0 (Windows NT 10.0; Win64; x64) AppleWebKit/537.36 (KHTML, like Gecko) Chrome/95.0.4638.69 Safari/537.36"
185.215.232.194 - - [03/Jul/2025:13:51:23 +0000] "POST //xmlrpc.php HTTP/1.1" 200 424 "-" "Mozilla/5.0 (Windows NT 10.0; Win64; x64) AppleWebKit/537.36 (KHTML, like Gecko) Chrome/95.0.4638.69 Safari/537.36"
185.215.232.194 - - [03/Jul/2025:13:51:31 +0000] "POST //xmlrpc.php HTTP/1.1" 200 424 "-" "Mozilla/5.0 (Windows NT 10.0; Win64; x64) AppleWebKit/537.36 (KHTML, like Gecko) Chrome/95.0.4638.69 Safari/537.36"
185.215.232.194 - - [03/Jul/2025:13:51:36 +0000] "POST //xmlrpc.php HTTP/1.1" 200 424 "-" "Mozilla/5.0 (Windows NT 10.0; Win64; x64) AppleWebKit/537.36 (KHTML, like Gecko) Chrome/95.0.4638.69 Safari/537.36"
185.215.232.194 - - [03/Jul/2025:13:51:58 +0000] "POST //xmlrpc.php HTTP/1.1" 200 424 "-" "Mozilla/5.0 (Windows NT 10.0; Win64; x64) AppleWebKit/537.36 (KHTML, like Gecko) Chrome/95.0.4638.69 Safari/537.36"
185.215.232.194 - - [03/Jul/2025:13:52:02 +0000] "POST //xmlrpc.php HTTP/1.1" 200 424 "-" "Mozilla/5.0 (Windows NT 10.0; Win64; x64) AppleWebKit/537.36 (KHTML, like Gecko) Chrome/95.0.4638.69 Safari/537.36"
185.215.232.194 - - [03/Jul/2025:13:50:04 +0000] "POST //xmlrpc.php HTTP/1.1" 200 424 "-" "Mozilla/5.0 (Windows NT 10.0; Win64; x64) AppleWebKit/537.36 (KHTML, like Gecko) Chrome/95.0.4638.69 Safari/537.36"
185.215.232.194 - - [03/Jul/2025:13:50:18 +0000] "POST //xmlrpc.php HTTP/1.1" 200 424 "-" "Mozilla/5.0 (Windows NT 10.0; Win64; x64) AppleWebKit/537.36 (KHTML, like Gecko) Chrome/95.0.4638.69 Safari/537.36"
185.215.232.194 - - [03/Jul/2025:13:50:31 +0000] "POST //xmlrpc.php HTTP/1.1" 200 424 "-" "Mozilla/5.0 (Windows NT 10.0; Win64; x64) AppleWebKit/537.36 (KHTML, like Gecko) Chrome/95.0.4638.69 Safari/537.36"
185.215.232.194 - - [03/Jul/2025:13:50:48 +0000] "POST //xmlrpc.php HTTP/1.1" 200 424 "-" "Mozilla/5.0 (Windows NT 10.0; Win64; x64) AppleWebKit/537.36 (KHTML, like Gecko) Chrome/95.0.4638.69 Safari/537.36"
185.215.232.194 - - [03/Jul/2025:13:50:49 +0000] "POST //xmlrpc.php HTTP/1.1" 200 424 "-" "Mozilla/5.0 (Windows NT 10.0; Win64; x64) AppleWebKit/537.36 (KHTML, like Gecko) Chrome/95.0.4638.69 Safari/537.36"
185.215.232.194 - - [03/Jul/2025:13:50:51 +0000] "POST //xmlrpc.php HTTP/1.1" 200 424 "-" "Mozilla/5.0 (Windows NT 10.0; Win64; x64) AppleWebKit/537.36 (KHTML, like Gecko) Chrome/95.0.4638.69 Safari/537.36"
185.215.232.194 - - [03/Jul/2025:13:51:04 +0000] "POST //xmlrpc.php HTTP/1.1" 200 424 "-" "Mozilla/5.0 (Windows NT 10.0; Win64; x64) AppleWebKit/537.36 (KHTML, like Gecko) Chrome/95.0.4638.69 Safari/537.36"
185.215.232.194 - - [03/Jul/2025:13:51:18 +0000] "POST //xmlrpc.php HTTP/1.1" 200 424 "-" "Mozilla/5.0 (Windows NT 10.0; Win64; x64) AppleWebKit/537.36 (KHTML, like Gecko) Chrome/95.0.4638.69 Safari/537.36"
89.45.48.75 - - [03/Jul/2025:13:51:29 +0000] "POST /wp-cron.php?doing_wp_cron=1751550689.8020451068878173828125 HTTP/1.1" 200 0 "-" "WordPress/6.8.1; https://mavadkonkoor.ir"
185.215.232.194 - - [03/Jul/2025:13:51:51 +0000] "POST //xmlrpc.php HTTP/1.1" 200 424 "-" "Mozilla/5.0 (Windows NT 10.0; Win64; x64) AppleWebKit/537.36 (KHTML, like Gecko) Chrome/95.0.4638.69 Safari/537.36"
185.215.232.194 - - [03/Jul/2025:13:52:14 +0000] "POST //xmlrpc.php HTTP/1.1" 200 424 "-" "Mozilla/5.0 (Windows NT 10.0; Win64; x64) AppleWebKit/537.36 (KHTML, like Gecko) Chrome/95.0.4638.69 Safari/537.36"
185.215.232.194 - - [03/Jul/2025:13:52:18 +0000] "POST //xmlrpc.php HTTP/1.1" 200 424 "-" "Mozilla/5.0 (Windows NT 10.0; Win64; x64) AppleWebKit/537.36 (KHTML, like Gecko) Chrome/95.0.4638.69 Safari/537.36"
185.215.232.194 - - [03/Jul/2025:13:52:20 +0000] "POST //xmlrpc.php HTTP/1.1" 200 424 "-" "Mozilla/5.0 (Windows NT 10.0; Win64; x64) AppleWebKit/537.36 (KHTML, like Gecko) Chrome/95.0.4638.69 Safari/537.36"
185.215.232.194 - - [03/Jul/2025:13:52:32 +0000] "POST //xmlrpc.php HTTP/1.1" 200 424 "-" "Mozilla/5.0 (Windows NT 10.0; Win64; x64) AppleWebKit/537.36 (KHTML, like Gecko) Chrome/95.0.4638.69 Safari/537.36"
185.215.232.194 - - [03/Jul/2025:13:52:36 +0000] "POST //xmlrpc.php HTTP/1.1" 200 424 "-" "Mozilla/5.0 (Windows NT 10.0; Win64; x64) AppleWebKit/537.36 (KHTML, like Gecko) Chrome/95.0.4638.69 Safari/537.36"
185.215.232.194 - - [03/Jul/2025:13:52:53 +0000] "POST //xmlrpc.php HTTP/1.1" 200 424 "-" "Mozilla/5.0 (Windows NT 10.0; Win64; x64) AppleWebKit/537.36 (KHTML, like Gecko) Chrome/95.0.4638.69 Safari/537.36"
185.215.232.194 - - [03/Jul/2025:13:52:55 +0000] "POST //xmlrpc.php HTTP/1.1" 200 424 "-" "Mozilla/5.0 (Windows NT 10.0; Win64; x64) AppleWebKit/537.36 (KHTML, like Gecko) Chrome/95.0.4638.69 Safari/537.36"
185.215.232.194 - - [03/Jul/2025:13:53:03 +0000] "POST //xmlrpc.php HTTP/1.1" 200 424 "-" "Mozilla/5.0 (Windows NT 10.0; Win64; x64) AppleWebKit/537.36 (KHTML, like Gecko) Chrome/95.0.4638.69 Safari/537.36"
185.215.232.194 - - [03/Jul/2025:13:53:18 +0000] "POST //xmlrpc.php HTTP/1.1" 200 424 "-" "Mozilla/5.0 (Windows NT 10.0; Win64; x64) AppleWebKit/537.36 (KHTML, like Gecko) Chrome/95.0.4638.69 Safari/537.36"
185.215.232.191 - - [03/Jul/2025:13:50:28 +0000] "GET /index.php/jk HTTP/1.1" 200 59 "http://mavadkonkoor.ir/index.php/jk" "Mozilla/5.0 (iPhone; CPU iPhone OS 12_3 like Mac OS X) AppleWebKit/605.1.15 (KHTML, like Gecko) Version/12.0.4 Mobile/15E148 Safari/604.1"
185.215.232.195 - - [03/Jul/2025:13:50:29 +0000] "GET /sed.php?filesrc=%2Fhome%2Fmkk2new%2Fpublic_html%2Fwp-includes%2Fgeneral-template.php&path=%2Fhome%2Fmkk2new%2Fpublic_html%2Fwp-includes HTTP/1.1" 200 41486 "-" "Mozilla/5.0 AppleWebKit/537.36 (KHTML, like Gecko; compatible; ClaudeBot/1.0; +claudebot@anthropic.com)"
185.215.232.194 - - [03/Jul/2025:13:50:28 +0000] "POST //xmlrpc.php HTTP/1.1" 200 424 "-" "Mozilla/5.0 (Windows NT 10.0; Win64; x64) AppleWebKit/537.36 (KHTML, like Gecko) Chrome/95.0.4638.69 Safari/537.36"
185.215.232.194 - - [03/Jul/2025:13:51:03 +0000] "POST //xmlrpc.php HTTP/1.1" 200 424 "-" "Mozilla/5.0 (Windows NT 10.0; Win64; x64) AppleWebKit/537.36 (KHTML, like Gecko) Chrome/95.0.4638.69 Safari/537.36"
185.215.232.194 - - [03/Jul/2025:13:51:32 +0000] "POST //xmlrpc.php HTTP/1.1" 200 424 "-" "Mozilla/5.0 (Windows NT 10.0; Win64; x64) AppleWebKit/537.36 (KHTML, like Gecko) Chrome/95.0.4638.69 Safari/537.36"
185.215.232.194 - - [03/Jul/2025:13:52:04 +0000] "POST //xmlrpc.php HTTP/1.1" 200 424 "-" "Mozilla/5.0 (Windows NT 10.0; Win64; x64) AppleWebKit/537.36 (KHTML, like Gecko) Chrome/95.0.4638.69 Safari/537.36"
185.215.232.194 - - [03/Jul/2025:13:52:19 +0000] "POST //xmlrpc.php HTTP/1.1" 200 424 "-" "Mozilla/5.0 (Windows NT 10.0; Win64; x64) AppleWebKit/537.36 (KHTML, like Gecko) Chrome/95.0.4638.69 Safari/537.36"
89.45.48.75 - - [03/Jul/2025:13:52:28 +0000] "POST /wp-cron.php?doing_wp_cron=1751550748.3536410331726074218750 HTTP/1.1" 200 0 "-" "WordPress/6.8.1; https://mavadkonkoor.ir"
185.215.232.194 - - [03/Jul/2025:13:52:33 +0000] "POST //xmlrpc.php HTTP/1.1" 200 424 "-" "Mozilla/5.0 (Windows NT 10.0; Win64; x64) AppleWebKit/537.36 (KHTML, like Gecko) Chrome/95.0.4638.69 Safari/537.36"
185.215.232.194 - - [03/Jul/2025:13:52:34 +0000] "POST //xmlrpc.php HTTP/1.1" 200 424 "-" "Mozilla/5.0 (Windows NT 10.0; Win64; x64) AppleWebKit/537.36 (KHTML, like Gecko) Chrome/95.0.4638.69 Safari/537.36"
185.215.232.194 - - [03/Jul/2025:13:52:38 +0000] "POST //xmlrpc.php HTTP/1.1" 200 424 "-" "Mozilla/5.0 (Windows NT 10.0; Win64; x64) AppleWebKit/537.36 (KHTML, like Gecko) Chrome/95.0.4638.69 Safari/537.36"
185.215.232.194 - - [03/Jul/2025:13:52:44 +0000] "POST //xmlrpc.php HTTP/1.1" 200 424 "-" "Mozilla/5.0 (Windows NT 10.0; Win64; x64) AppleWebKit/537.36 (KHTML, like Gecko) Chrome/95.0.4638.69 Safari/537.36"
185.215.232.194 - - [03/Jul/2025:13:52:46 +0000] "POST //xmlrpc.php HTTP/1.1" 200 424 "-" "Mozilla/5.0 (Windows NT 10.0; Win64; x64) AppleWebKit/537.36 (KHTML, like Gecko) Chrome/95.0.4638.69 Safari/537.36"
185.215.232.194 - - [03/Jul/2025:13:52:49 +0000] "POST //xmlrpc.php HTTP/1.1" 200 424 "-" "Mozilla/5.0 (Windows NT 10.0; Win64; x64) AppleWebKit/537.36 (KHTML, like Gecko) Chrome/95.0.4638.69 Safari/537.36"
185.215.232.194 - - [03/Jul/2025:13:53:05 +0000] "POST //xmlrpc.php HTTP/1.1" 200 424 "-" "Mozilla/5.0 (Windows NT 10.0; Win64; x64) AppleWebKit/537.36 (KHTML, like Gecko) Chrome/95.0.4638.69 Safari/537.36"
185.215.232.194 - - [03/Jul/2025:13:53:46 +0000] "POST //xmlrpc.php HTTP/1.1" 200 424 "-" "Mozilla/5.0 (Windows NT 10.0; Win64; x64) AppleWebKit/537.36 (KHTML, like Gecko) Chrome/95.0.4638.69 Safari/537.36"
185.215.232.194 - - [03/Jul/2025:13:53:55 +0000] "POST //xmlrpc.php HTTP/1.1" 200 424 "-" "Mozilla/5.0 (Windows NT 10.0; Win64; x64) AppleWebKit/537.36 (KHTML, like Gecko) Chrome/95.0.4638.69 Safari/537.36"
185.215.232.194 - - [03/Jul/2025:13:54:04 +0000] "POST //xmlrpc.php HTTP/1.1" 200 424 "-" "Mozilla/5.0 (Windows NT 10.0; Win64; x64) AppleWebKit/537.36 (KHTML, like Gecko) Chrome/95.0.4638.69 Safari/537.36"
185.215.232.194 - - [03/Jul/2025:13:48:50 +0000] "POST //xmlrpc.php HTTP/1.1" 200 424 "-" "Mozilla/5.0 (Windows NT 10.0; Win64; x64) AppleWebKit/537.36 (KHTML, like Gecko) Chrome/95.0.4638.69 Safari/537.36"
185.215.232.194 - - [03/Jul/2025:13:48:52 +0000] "POST //xmlrpc.php HTTP/1.1" 200 424 "-" "Mozilla/5.0 (Windows NT 10.0; Win64; x64) AppleWebKit/537.36 (KHTML, like Gecko) Chrome/95.0.4638.69 Safari/537.36"
185.215.232.194 - - [03/Jul/2025:13:49:33 +0000] "POST //xmlrpc.php HTTP/1.1" 200 424 "-" "Mozilla/5.0 (Windows NT 10.0; Win64; x64) AppleWebKit/537.36 (KHTML, like Gecko) Chrome/95.0.4638.69 Safari/537.36"
185.215.232.194 - - [03/Jul/2025:13:49:35 +0000] "POST //xmlrpc.php HTTP/1.1" 200 424 "-" "Mozilla/5.0 (Windows NT 10.0; Win64; x64) AppleWebKit/537.36 (KHTML, like Gecko) Chrome/95.0.4638.69 Safari/537.36"
185.215.232.194 - - [03/Jul/2025:13:50:05 +0000] "POST //xmlrpc.php HTTP/1.1" 200 424 "-" "Mozilla/5.0 (Windows NT 10.0; Win64; x64) AppleWebKit/537.36 (KHTML, like Gecko) Chrome/95.0.4638.69 Safari/537.36"
185.215.232.195 - - [03/Jul/2025:13:50:29 +0000] "GET /sed.php?filesrc=%2Fhome%2Fmkk2new%2Fpublic_html%2Fwp-admin%2Foptions-permalink.php&path=%2Fhome%2Fmkk2new%2Fpublic_html%2Fwp-admin HTTP/1.1" 200 6777 "-" "Mozilla/5.0 AppleWebKit/537.36 (KHTML, like Gecko; compatible; ClaudeBot/1.0; +claudebot@anthropic.com)"
185.215.232.194 - - [03/Jul/2025:13:50:40 +0000] "POST //xmlrpc.php HTTP/1.1" 200 424 "-" "Mozilla/5.0 (Windows NT 10.0; Win64; x64) AppleWebKit/537.36 (KHTML, like Gecko) Chrome/95.0.4638.69 Safari/537.36"
185.215.232.194 - - [03/Jul/2025:13:51:06 +0000] "POST //xmlrpc.php HTTP/1.1" 200 424 "-" "Mozilla/5.0 (Windows NT 10.0; Win64; x64) AppleWebKit/537.36 (KHTML, like Gecko) Chrome/95.0.4638.69 Safari/537.36"
185.215.232.195 - - [03/Jul/2025:13:51:09 +0000] "GET /sed.php?filesrc=%2Fhome%2Fmkk2new%2Fpublic_html%2Fwp-admin%2Fmy-sites.php&path=%2Fhome%2Fmkk2new%2Fpublic_html%2Fwp-admin HTTP/1.1" 200 2719 "-" "Mozilla/5.0 AppleWebKit/537.36 (KHTML, like Gecko; compatible; ClaudeBot/1.0; +claudebot@anthropic.com)"
185.215.232.194 - - [03/Jul/2025:13:51:14 +0000] "POST //xmlrpc.php HTTP/1.1" 200 424 "-" "Mozilla/5.0 (Windows NT 10.0; Win64; x64) AppleWebKit/537.36 (KHTML, like Gecko) Chrome/95.0.4638.69 Safari/537.36"
185.215.232.194 - - [03/Jul/2025:13:51:49 +0000] "POST //xmlrpc.php HTTP/1.1" 200 424 "-" "Mozilla/5.0 (Windows NT 10.0; Win64; x64) AppleWebKit/537.36 (KHTML, like Gecko) Chrome/95.0.4638.69 Safari/537.36"
185.215.232.194 - - [03/Jul/2025:13:52:01 +0000] "POST //xmlrpc.php HTTP/1.1" 200 424 "-" "Mozilla/5.0 (Windows NT 10.0; Win64; x64) AppleWebKit/537.36 (KHTML, like Gecko) Chrome/95.0.4638.69 Safari/537.36"
185.215.232.194 - - [03/Jul/2025:13:52:16 +0000] "POST //xmlrpc.php HTTP/1.1" 200 424 "-" "Mozilla/5.0 (Windows NT 10.0; Win64; x64) AppleWebKit/537.36 (KHTML, like Gecko) Chrome/95.0.4638.69 Safari/537.36"
185.215.232.194 - - [03/Jul/2025:13:52:58 +0000] "POST //xmlrpc.php HTTP/1.1" 200 424 "-" "Mozilla/5.0 (Windows NT 10.0; Win64; x64) AppleWebKit/537.36 (KHTML, like Gecko) Chrome/95.0.4638.69 Safari/537.36"
185.215.232.194 - - [03/Jul/2025:13:53:10 +0000] "POST //xmlrpc.php HTTP/1.1" 200 424 "-" "Mozilla/5.0 (Windows NT 10.0; Win64; x64) AppleWebKit/537.36 (KHTML, like Gecko) Chrome/95.0.4638.69 Safari/537.36"
185.215.232.194 - - [03/Jul/2025:13:53:23 +0000] "POST //xmlrpc.php HTTP/1.1" 200 424 "-" "Mozilla/5.0 (Windows NT 10.0; Win64; x64) AppleWebKit/537.36 (KHTML, like Gecko) Chrome/95.0.4638.69 Safari/537.36"
185.215.232.194 - - [03/Jul/2025:13:53:38 +0000] "POST //xmlrpc.php HTTP/1.1" 200 424 "-" "Mozilla/5.0 (Windows NT 10.0; Win64; x64) AppleWebKit/537.36 (KHTML, like Gecko) Chrome/95.0.4638.69 Safari/537.36"
185.215.232.194 - - [03/Jul/2025:13:53:49 +0000] "POST //xmlrpc.php HTTP/1.1" 200 424 "-" "Mozilla/5.0 (Windows NT 10.0; Win64; x64) AppleWebKit/537.36 (KHTML, like Gecko) Chrome/95.0.4638.69 Safari/537.36"
185.215.232.194 - - [03/Jul/2025:13:50:35 +0000] "POST //xmlrpc.php HTTP/1.1" 200 424 "-" "Mozilla/5.0 (Windows NT 10.0; Win64; x64) AppleWebKit/537.36 (KHTML, like Gecko) Chrome/95.0.4638.69 Safari/537.36"
185.215.232.194 - - [03/Jul/2025:13:50:52 +0000] "POST //xmlrpc.php HTTP/1.1" 200 424 "-" "Mozilla/5.0 (Windows NT 10.0; Win64; x64) AppleWebKit/537.36 (KHTML, like Gecko) Chrome/95.0.4638.69 Safari/537.36"
185.215.232.194 - - [03/Jul/2025:13:50:58 +0000] "POST //xmlrpc.php HTTP/1.1" 200 424 "-" "Mozilla/5.0 (Windows NT 10.0; Win64; x64) AppleWebKit/537.36 (KHTML, like Gecko) Chrome/95.0.4638.69 Safari/537.36"
185.215.232.195 - - [03/Jul/2025:13:51:08 +0000] "GET /sed.php?path=%2Fhome%2Fmkk2new%2Fpublic_html%2Fwp-includes%2Fcustomize HTTP/1.1" 200 2071 "-" "Mozilla/5.0 AppleWebKit/537.36 (KHTML, like Gecko; compatible; ClaudeBot/1.0; +claudebot@anthropic.com)"
185.215.232.194 - - [03/Jul/2025:13:51:43 +0000] "POST //xmlrpc.php HTTP/1.1" 200 424 "-" "Mozilla/5.0 (Windows NT 10.0; Win64; x64) AppleWebKit/537.36 (KHTML, like Gecko) Chrome/95.0.4638.69 Safari/537.36"
185.215.232.194 - - [03/Jul/2025:13:51:46 +0000] "POST //xmlrpc.php HTTP/1.1" 200 424 "-" "Mozilla/5.0 (Windows NT 10.0; Win64; x64) AppleWebKit/537.36 (KHTML, like Gecko) Chrome/95.0.4638.69 Safari/537.36"
185.215.232.194 - - [03/Jul/2025:13:52:06 +0000] "POST //xmlrpc.php HTTP/1.1" 200 424 "-" "Mozilla/5.0 (Windows NT 10.0; Win64; x64) AppleWebKit/537.36 (KHTML, like Gecko) Chrome/95.0.4638.69 Safari/537.36"
185.215.232.194 - - [03/Jul/2025:13:52:23 +0000] "POST //xmlrpc.php HTTP/1.1" 200 424 "-" "Mozilla/5.0 (Windows NT 10.0; Win64; x64) AppleWebKit/537.36 (KHTML, like Gecko) Chrome/95.0.4638.69 Safari/537.36"
185.215.232.194 - - [03/Jul/2025:13:52:28 +0000] "POST //xmlrpc.php HTTP/1.1" 200 424 "-" "Mozilla/5.0 (Windows NT 10.0; Win64; x64) AppleWebKit/537.36 (KHTML, like Gecko) Chrome/95.0.4638.69 Safari/537.36"
185.215.232.194 - - [03/Jul/2025:13:53:01 +0000] "POST //xmlrpc.php HTTP/1.1" 200 424 "-" "Mozilla/5.0 (Windows NT 10.0; Win64; x64) AppleWebKit/537.36 (KHTML, like Gecko) Chrome/95.0.4638.69 Safari/537.36"
185.215.232.200 - - [03/Jul/2025:13:53:07 +0000] "GET /category/news/ HTTP/1.1" 200 26742 "-" "Mozilla/5.0 (Linux; Android 5.0) AppleWebKit/537.36 (KHTML, like Gecko) Mobile Safari/537.36 (compatible; Bytespider; spider-feedback@bytedance.com)"
185.215.232.194 - - [03/Jul/2025:13:53:25 +0000] "POST //xmlrpc.php HTTP/1.1" 200 424 "-" "Mozilla/5.0 (Windows NT 10.0; Win64; x64) AppleWebKit/537.36 (KHTML, like Gecko) Chrome/95.0.4638.69 Safari/537.36"
185.215.232.194 - - [03/Jul/2025:13:53:34 +0000] "POST //xmlrpc.php HTTP/1.1" 200 424 "-" "Mozilla/5.0 (Windows NT 10.0; Win64; x64) AppleWebKit/537.36 (KHTML, like Gecko) Chrome/95.0.4638.69 Safari/537.36"
185.215.232.194 - - [03/Jul/2025:13:53:50 +0000] "POST //xmlrpc.php HTTP/1.1" 200 424 "-" "Mozilla/5.0 (Windows NT 10.0; Win64; x64) AppleWebKit/537.36 (KHTML, like Gecko) Chrome/95.0.4638.69 Safari/537.36"
185.215.232.194 - - [03/Jul/2025:13:53:58 +0000] "POST //xmlrpc.php HTTP/1.1" 200 424 "-" "Mozilla/5.0 (Windows NT 10.0; Win64; x64) AppleWebKit/537.36 (KHTML, like Gecko) Chrome/95.0.4638.69 Safari/537.36"
185.215.232.194 - - [03/Jul/2025:13:54:07 +0000] "POST //xmlrpc.php HTTP/1.1" 200 424 "-" "Mozilla/5.0 (Windows NT 10.0; Win64; x64) AppleWebKit/537.36 (KHTML, like Gecko) Chrome/95.0.4638.69 Safari/537.36"
185.215.232.194 - - [03/Jul/2025:13:54:15 +0000] "POST //xmlrpc.php HTTP/1.1" 200 424 "-" "Mozilla/5.0 (Windows NT 10.0; Win64; x64) AppleWebKit/537.36 (KHTML, like Gecko) Chrome/95.0.4638.69 Safari/537.36"
185.215.232.194 - - [03/Jul/2025:13:54:41 +0000] "POST //xmlrpc.php HTTP/1.1" 200 424 "-" "Mozilla/5.0 (Windows NT 10.0; Win64; x64) AppleWebKit/537.36 (KHTML, like Gecko) Chrome/95.0.4638.69 Safari/537.36"
185.215.232.194 - - [03/Jul/2025:13:54:49 +0000] "POST //xmlrpc.php HTTP/1.1" 200 424 "-" "Mozilla/5.0 (Windows NT 10.0; Win64; x64) AppleWebKit/537.36 (KHTML, like Gecko) Chrome/95.0.4638.69 Safari/537.36"
185.215.232.194 - - [03/Jul/2025:13:49:17 +0000] "POST //xmlrpc.php HTTP/1.1" 200 424 "-" "Mozilla/5.0 (Windows NT 10.0; Win64; x64) AppleWebKit/537.36 (KHTML, like Gecko) Chrome/95.0.4638.69 Safari/537.36"
185.215.232.194 - - [03/Jul/2025:13:50:02 +0000] "POST //xmlrpc.php HTTP/1.1" 200 424 "-" "Mozilla/5.0 (Windows NT 10.0; Win64; x64) AppleWebKit/537.36 (KHTML, like Gecko) Chrome/95.0.4638.69 Safari/537.36"
185.215.232.194 - - [03/Jul/2025:13:50:10 +0000] "POST //xmlrpc.php HTTP/1.1" 200 424 "-" "Mozilla/5.0 (Windows NT 10.0; Win64; x64) AppleWebKit/537.36 (KHTML, like Gecko) Chrome/95.0.4638.69 Safari/537.36"
185.215.232.194 - - [03/Jul/2025:13:50:16 +0000] "POST //xmlrpc.php HTTP/1.1" 200 424 "-" "Mozilla/5.0 (Windows NT 10.0; Win64; x64) AppleWebKit/537.36 (KHTML, like Gecko) Chrome/95.0.4638.69 Safari/537.36"
