185.215.232.194 - - [03/Jul/2025:13:50:23 +0000] "POST //xmlrpc.php HTTP/1.1" 200 424 "-" "Mozilla/5.0 (Windows NT 10.0; Win64; x64) AppleWebKit/537.36 (KHTML, like Gecko) Chrome/95.0.4638.69 Safari/537.36"
185.215.232.194 - - [03/Jul/2025:13:50:38 +0000] "POST //xmlrpc.php HTTP/1.1" 200 424 "-" "Mozilla/5.0 (Windows NT 10.0; Win64; x64) AppleWebKit/537.36 (KHTML, like Gecko) Chrome/95.0.4638.69 Safari/537.36"
185.215.232.194 - - [03/Jul/2025:13:50:43 +0000] "POST //xmlrpc.php HTTP/1.1" 200 424 "-" "Mozilla/5.0 (Windows NT 10.0; Win64; x64) AppleWebKit/537.36 (KHTML, like Gecko) Chrome/95.0.4638.69 Safari/537.36"
185.215.232.195 - - [03/Jul/2025:13:51:08 +0000] "GET /sed.php?filesrc=%2Fhome%2Fmkk2new%2Fpublic_html%2Fwp-admin%2Fpress-this.php&path=%2Fhome%2Fmkk2new%2Fpublic_html%2Fwp-admin HTTP/1.1" 200 1678 "-" "Mozilla/5.0 AppleWebKit/537.36 (KHTML, like Gecko; compatible; ClaudeBot/1.0; +claudebot@anthropic.com)"
185.215.232.194 - - [03/Jul/2025:13:51:20 +0000] "POST //xmlrpc.php HTTP/1.1" 200 424 "-" "Mozilla/5.0 (Windows NT 10.0; Win64; x64) AppleWebKit/537.36 (KHTML, like Gecko) Chrome/95.0.4638.69 Safari/537.36"
185.215.232.194 - - [03/Jul/2025:13:52:11 +0000] "POST //xmlrpc.php HTTP/1.1" 200 424 "-" "Mozilla/5.0 (Windows NT 10.0; Win64; x64) AppleWebKit/537.36 (KHTML, like Gecko) Chrome/95.0.4638.69 Safari/537.36"
185.215.232.194 - - [03/Jul/2025:13:53:47 +0000] "POST //xmlrpc.php HTTP/1.1" 200 424 "-" "Mozilla/5.0 (Windows NT 10.0; Win64; x64) AppleWebKit/537.36 (KHTML, like Gecko) Chrome/95.0.4638.69 Safari/537.36"
185.215.232.194 - - [03/Jul/2025:13:53:53 +0000] "POST //xmlrpc.php HTTP/1.1" 200 424 "-" "Mozilla/5.0 (Windows NT 10.0; Win64; x64) AppleWebKit/537.36 (KHTML, like Gecko) Chrome/95.0.4638.69 Safari/537.36"
185.215.232.194 - - [03/Jul/2025:13:54:06 +0000] "POST //xmlrpc.php HTTP/1.1" 200 424 "-" "Mozilla/5.0 (Windows NT 10.0; Win64; x64) AppleWebKit/537.36 (KHTML, like Gecko) Chrome/95.0.4638.69 Safari/537.36"
185.215.232.194 - - [03/Jul/2025:13:54:11 +0000] "POST //xmlrpc.php HTTP/1.1" 200 424 "-" "Mozilla/5.0 (Windows NT 10.0; Win64; x64) AppleWebKit/537.36 (KHTML, like Gecko) Chrome/95.0.4638.69 Safari/537.36"
185.215.232.194 - - [03/Jul/2025:13:54:24 +0000] "POST //xmlrpc.php HTTP/1.1" 200 424 "-" "Mozilla/5.0 (Windows NT 10.0; Win64; x64) AppleWebKit/537.36 (KHTML, like Gecko) Chrome/95.0.4638.69 Safari/537.36"
185.215.232.194 - - [03/Jul/2025:13:54:31 +0000] "POST //xmlrpc.php HTTP/1.1" 200 424 "-" "Mozilla/5.0 (Windows NT 10.0; Win64; x64) AppleWebKit/537.36 (KHTML, like Gecko) Chrome/95.0.4638.69 Safari/537.36"
185.215.232.195 - - [03/Jul/2025:13:54:43 +0000] "GET /sed.php?path=%2Fhome%2Fmkk2new%2Fpublic_html%2Fwp-includes%2FRequests HTTP/1.1" 200 904 "-" "Mozilla/5.0 AppleWebKit/537.36 (KHTML, like Gecko; compatible; ClaudeBot/1.0; +claudebot@anthropic.com)"
185.215.232.194 - - [03/Jul/2025:13:54:50 +0000] "POST //xmlrpc.php HTTP/1.1" 200 424 "-" "Mozilla/5.0 (Windows NT 10.0; Win64; x64) AppleWebKit/537.36 (KHTML, like Gecko) Chrome/95.0.4638.69 Safari/537.36"
185.215.232.194 - - [03/Jul/2025:13:55:20 +0000] "POST //xmlrpc.php HTTP/1.1" 200 424 "-" "Mozilla/5.0 (Windows NT 10.0; Win64; x64) AppleWebKit/537.36 (KHTML, like Gecko) Chrome/95.0.4638.69 Safari/537.36"
185.215.232.194 - - [03/Jul/2025:13:51:39 +0000] "POST //xmlrpc.php HTTP/1.1" 200 424 "-" "Mozilla/5.0 (Windows NT 10.0; Win64; x64) AppleWebKit/537.36 (KHTML, like Gecko) Chrome/95.0.4638.69 Safari/537.36"
185.215.232.194 - - [03/Jul/2025:13:51:47 +0000] "POST //xmlrpc.php HTTP/1.1" 200 424 "-" "Mozilla/5.0 (Windows NT 10.0; Win64; x64) AppleWebKit/537.36 (KHTML, like Gecko) Chrome/95.0.4638.69 Safari/537.36"
185.215.232.194 - - [03/Jul/2025:13:51:50 +0000] "POST //xmlrpc.php HTTP/1.1" 200 424 "-" "Mozilla/5.0 (Windows NT 10.0; Win64; x64) AppleWebKit/537.36 (KHTML, like Gecko) Chrome/95.0.4638.69 Safari/537.36"
185.215.232.194 - - [03/Jul/2025:13:52:05 +0000] "POST //xmlrpc.php HTTP/1.1" 200 424 "-" "Mozilla/5.0 (Windows NT 10.0; Win64; x64) AppleWebKit/537.36 (KHTML, like Gecko) Chrome/95.0.4638.69 Safari/537.36"
185.215.232.194 - - [03/Jul/2025:13:52:22 +0000] "POST //xmlrpc.php HTTP/1.1" 200 424 "-" "Mozilla/5.0 (Windows NT 10.0; Win64; x64) AppleWebKit/537.36 (KHTML, like Gecko) Chrome/95.0.4638.69 Safari/537.36"
185.215.232.194 - - [03/Jul/2025:13:53:07 +0000] "POST //xmlrpc.php HTTP/1.1" 200 424 "-" "Mozilla/5.0 (Windows NT 10.0; Win64; x64) AppleWebKit/537.36 (KHTML, like Gecko) Chrome/95.0.4638.69 Safari/537.36"
185.215.232.190 - - [03/Jul/2025:13:52:57 +0000] "GET /shop/ HTTP/1.1" 301 0 "-" "Mozilla/5.0 (Linux; Android 6.0.1; Nexus 5X Build/MMB29P) AppleWebKit/537.36 (KHTML, like Gecko) Chrome/137.0.7151.103 Mobile Safari/537.36 (compatible; Googlebot/2.1; +http://www.google.com/bot.html)"
185.215.232.194 - - [03/Jul/2025:13:53:08 +0000] "POST //xmlrpc.php HTTP/1.1" 200 424 "-" "Mozilla/5.0 (Windows NT 10.0; Win64; x64) AppleWebKit/537.36 (KHTML, like Gecko) Chrome/95.0.4638.69 Safari/537.36"
185.215.232.194 - - [03/Jul/2025:13:53:17 +0000] "POST //xmlrpc.php HTTP/1.1" 200 424 "-" "Mozilla/5.0 (Windows NT 10.0; Win64; x64) AppleWebKit/537.36 (KHTML, like Gecko) Chrome/95.0.4638.69 Safari/537.36"
185.215.232.194 - - [03/Jul/2025:13:53:31 +0000] "POST //xmlrpc.php HTTP/1.1" 200 424 "-" "Mozilla/5.0 (Windows NT 10.0; Win64; x64) AppleWebKit/537.36 (KHTML, like Gecko) Chrome/95.0.4638.69 Safari/537.36"
185.215.232.194 - - [03/Jul/2025:13:53:40 +0000] "POST //xmlrpc.php HTTP/1.1" 200 424 "-" "Mozilla/5.0 (Windows NT 10.0; Win64; x64) AppleWebKit/537.36 (KHTML, like Gecko) Chrome/95.0.4638.69 Safari/537.36"
185.215.232.194 - - [03/Jul/2025:13:54:03 +0000] "POST //xmlrpc.php HTTP/1.1" 200 424 "-" "Mozilla/5.0 (Windows NT 10.0; Win64; x64) AppleWebKit/537.36 (KHTML, like Gecko) Chrome/95.0.4638.69 Safari/537.36"
185.215.232.195 - - [03/Jul/2025:13:54:27 +0000] "GET /wp-json/wp/v2/product_cat/23 HTTP/1.1" 200 4312 "-" "Mozilla/5.0 (Macintosh; Intel Mac OS X 10_15_7) AppleWebKit/537.36 (KHTML, like Gecko) Chrome/113.0.0.0 Safari/537.3"
185.215.232.194 - - [03/Jul/2025:13:54:45 +0000] "POST //xmlrpc.php HTTP/1.1" 200 424 "-" "Mozilla/5.0 (Windows NT 10.0; Win64; x64) AppleWebKit/537.36 (KHTML, like Gecko) Chrome/95.0.4638.69 Safari/537.36"
185.215.232.194 - - [03/Jul/2025:13:54:53 +0000] "POST //xmlrpc.php HTTP/1.1" 200 424 "-" "Mozilla/5.0 (Windows NT 10.0; Win64; x64) AppleWebKit/537.36 (KHTML, like Gecko) Chrome/95.0.4638.69 Safari/537.36"
185.215.232.194 - - [03/Jul/2025:13:55:01 +0000] "POST //xmlrpc.php HTTP/1.1" 200 424 "-" "Mozilla/5.0 (Windows NT 10.0; Win64; x64) AppleWebKit/537.36 (KHTML, like Gecko) Chrome/95.0.4638.69 Safari/537.36"
185.215.232.194 - - [03/Jul/2025:13:55:04 +0000] "POST //xmlrpc.php HTTP/1.1" 200 424 "-" "Mozilla/5.0 (Windows NT 10.0; Win64; x64) AppleWebKit/537.36 (KHTML, like Gecko) Chrome/95.0.4638.69 Safari/537.36"
185.215.232.194 - - [03/Jul/2025:13:55:05 +0000] "POST //xmlrpc.php HTTP/1.1" 200 424 "-" "Mozilla/5.0 (Windows NT 10.0; Win64; x64) AppleWebKit/537.36 (KHTML, like Gecko) Chrome/95.0.4638.69 Safari/537.36"
185.215.232.194 - - [03/Jul/2025:13:55:06 +0000] "POST //xmlrpc.php HTTP/1.1" 200 424 "-" "Mozilla/5.0 (Windows NT 10.0; Win64; x64) AppleWebKit/537.36 (KHTML, like Gecko) Chrome/95.0.4638.69 Safari/537.36"
185.215.232.194 - - [03/Jul/2025:13:52:08 +0000] "POST //xmlrpc.php HTTP/1.1" 200 424 "-" "Mozilla/5.0 (Windows NT 10.0; Win64; x64) AppleWebKit/537.36 (KHTML, like Gecko) Chrome/95.0.4638.69 Safari/537.36"
185.215.232.194 - - [03/Jul/2025:13:52:25 +0000] "POST //xmlrpc.php HTTP/1.1" 200 424 "-" "Mozilla/5.0 (Windows NT 10.0; Win64; x64) AppleWebKit/537.36 (KHTML, like Gecko) Chrome/95.0.4638.69 Safari/537.36"
185.215.232.190 - - [03/Jul/2025:13:52:23 +0000] "GET /?shopdetail/3504796 HTTP/1.1" 200 47813 "-" "Mozilla/5.0 (Linux; Android 6.0.1; Nexus 5X Build/MMB29P) AppleWebKit/537.36 (KHTML, like Gecko) Chrome/137.0.7151.103 Mobile Safari/537.36 (compatible; Googlebot/2.1; +http://www.google.com/bot.html)"
185.215.232.194 - - [03/Jul/2025:13:52:40 +0000] "POST //xmlrpc.php HTTP/1.1" 200 424 "-" "Mozilla/5.0 (Windows NT 10.0; Win64; x64) AppleWebKit/537.36 (KHTML, like Gecko) Chrome/95.0.4638.69 Safari/537.36"
185.215.232.194 - - [03/Jul/2025:13:52:47 +0000] "POST //xmlrpc.php HTTP/1.1" 200 424 "-" "Mozilla/5.0 (Windows NT 10.0; Win64; x64) AppleWebKit/537.36 (KHTML, like Gecko) Chrome/95.0.4638.69 Safari/537.36"
185.215.232.194 - - [03/Jul/2025:13:53:04 +0000] "POST //xmlrpc.php HTTP/1.1" 200 424 "-" "Mozilla/5.0 (Windows NT 10.0; Win64; x64) AppleWebKit/537.36 (KHTML, like Gecko) Chrome/95.0.4638.69 Safari/537.36"
185.215.232.194 - - [03/Jul/2025:13:53:22 +0000] "POST //xmlrpc.php HTTP/1.1" 200 424 "-" "Mozilla/5.0 (Windows NT 10.0; Win64; x64) AppleWebKit/537.36 (KHTML, like Gecko) Chrome/95.0.4638.69 Safari/537.36"
185.215.232.194 - - [03/Jul/2025:13:53:32 +0000] "POST //xmlrpc.php HTTP/1.1" 200 424 "-" "Mozilla/5.0 (Windows NT 10.0; Win64; x64) AppleWebKit/537.36 (KHTML, like Gecko) Chrome/95.0.4638.69 Safari/537.36"
185.215.232.194 - - [03/Jul/2025:13:53:36 +0000] "POST //xmlrpc.php HTTP/1.1" 200 424 "-" "Mozilla/5.0 (Windows NT 10.0; Win64; x64) AppleWebKit/537.36 (KHTML, like Gecko) Chrome/95.0.4638.69 Safari/537.36"
185.215.232.194 - - [03/Jul/2025:13:53:51 +0000] "POST //xmlrpc.php HTTP/1.1" 200 424 "-" "Mozilla/5.0 (Windows NT 10.0; Win64; x64) AppleWebKit/537.36 (KHTML, like Gecko) Chrome/95.0.4638.69 Safari/537.36"
185.215.232.194 - - [03/Jul/2025:13:54:08 +0000] "POST //xmlrpc.php HTTP/1.1" 200 424 "-" "Mozilla/5.0 (Windows NT 10.0; Win64; x64) AppleWebKit/537.36 (KHTML, like Gecko) Chrome/95.0.4638.69 Safari/537.36"
89.45.48.75 - - [03/Jul/2025:13:54:27 +0000] "POST /wp-cron.php?doing_wp_cron=1751550867.2757980823516845703125 HTTP/1.1" 200 0 "-" "WordPress/6.8.1; https://mavadkonkoor.ir"
185.215.232.194 - - [03/Jul/2025:13:54:34 +0000] "POST //xmlrpc.php HTTP/1.1" 200 424 "-" "Mozilla/5.0 (Windows NT 10.0; Win64; x64) AppleWebKit/537.36 (KHTML, like Gecko) Chrome/95.0.4638.69 Safari/537.36"
185.215.232.194 - - [03/Jul/2025:13:54:35 +0000] "POST //xmlrpc.php HTTP/1.1" 200 424 "-" "Mozilla/5.0 (Windows NT 10.0; Win64; x64) AppleWebKit/537.36 (KHTML, like Gecko) Chrome/95.0.4638.69 Safari/537.36"
185.215.232.194 - - [03/Jul/2025:13:54:47 +0000] "POST //xmlrpc.php HTTP/1.1" 200 424 "-" "Mozilla/5.0 (Windows NT 10.0; Win64; x64) AppleWebKit/537.36 (KHTML, like Gecko) Chrome/95.0.4638.69 Safari/537.36"
185.215.232.194 - - [03/Jul/2025:13:55:32 +0000] "POST //xmlrpc.php HTTP/1.1" 200 424 "-" "Mozilla/5.0 (Windows NT 10.0; Win64; x64) AppleWebKit/537.36 (KHTML, like Gecko) Chrome/95.0.4638.69 Safari/537.36"
185.215.232.194 - - [03/Jul/2025:13:55:43 +0000] "POST //xmlrpc.php HTTP/1.1" 200 424 "-" "Mozilla/5.0 (Windows NT 10.0; Win64; x64) AppleWebKit/537.36 (KHTML, like Gecko) Chrome/95.0.4638.69 Safari/537.36"
185.215.232.194 - - [03/Jul/2025:13:55:59 +0000] "POST //xmlrpc.php HTTP/1.1" 200 424 "-" "Mozilla/5.0 (Windows NT 10.0; Win64; x64) AppleWebKit/537.36 (KHTML, like Gecko) Chrome/95.0.4638.69 Safari/537.36"
185.215.232.194 - - [03/Jul/2025:13:56:06 +0000] "POST //xmlrpc.php HTTP/1.1" 200 424 "-" "Mozilla/5.0 (Windows NT 10.0; Win64; x64) AppleWebKit/537.36 (KHTML, like Gecko) Chrome/95.0.4638.69 Safari/537.36"
185.215.232.194 - - [03/Jul/2025:13:51:34 +0000] "POST //xmlrpc.php HTTP/1.1" 200 424 "-" "Mozilla/5.0 (Windows NT 10.0; Win64; x64) AppleWebKit/537.36 (KHTML, like Gecko) Chrome/95.0.4638.69 Safari/537.36"
185.215.232.194 - - [03/Jul/2025:13:51:35 +0000] "POST //xmlrpc.php HTTP/1.1" 200 424 "-" "Mozilla/5.0 (Windows NT 10.0; Win64; x64) AppleWebKit/537.36 (KHTML, like Gecko) Chrome/95.0.4638.69 Safari/537.36"
185.215.232.194 - - [03/Jul/2025:13:51:53 +0000] "POST //xmlrpc.php HTTP/1.1" 200 424 "-" "Mozilla/5.0 (Windows NT 10.0; Win64; x64) AppleWebKit/537.36 (KHTML, like Gecko) Chrome/95.0.4638.69 Safari/537.36"
185.215.232.194 - - [03/Jul/2025:13:51:55 +0000] "POST //xmlrpc.php HTTP/1.1" 200 424 "-" "Mozilla/5.0 (Windows NT 10.0; Win64; x64) AppleWebKit/537.36 (KHTML, like Gecko) Chrome/95.0.4638.69 Safari/537.36"
185.215.232.194 - - [03/Jul/2025:13:52:37 +0000] "POST //xmlrpc.php HTTP/1.1" 200 424 "-" "Mozilla/5.0 (Windows NT 10.0; Win64; x64) AppleWebKit/537.36 (KHTML, like Gecko) Chrome/95.0.4638.69 Safari/537.36"
185.215.232.194 - - [03/Jul/2025:13:52:50 +0000] "POST //xmlrpc.php HTTP/1.1" 200 424 "-" "Mozilla/5.0 (Windows NT 10.0; Win64; x64) AppleWebKit/537.36 (KHTML, like Gecko) Chrome/95.0.4638.69 Safari/537.36"
185.215.232.194 - - [03/Jul/2025:13:52:51 +0000] "POST //xmlrpc.php HTTP/1.1" 200 424 "-" "Mozilla/5.0 (Windows NT 10.0; Win64; x64) AppleWebKit/537.36 (KHTML, like Gecko) Chrome/95.0.4638.69 Safari/537.36"
185.215.232.194 - - [03/Jul/2025:13:53:13 +0000] "POST //xmlrpc.php HTTP/1.1" 200 424 "-" "Mozilla/5.0 (Windows NT 10.0; Win64; x64) AppleWebKit/537.36 (KHTML, like Gecko) Chrome/95.0.4638.69 Safari/537.36"
185.215.232.194 - - [03/Jul/2025:13:53:21 +0000] "POST //xmlrpc.php HTTP/1.1" 200 424 "-" "Mozilla/5.0 (Windows NT 10.0; Win64; x64) AppleWebKit/537.36 (KHTML, like Gecko) Chrome/95.0.4638.69 Safari/537.36"
185.215.232.194 - - [03/Jul/2025:13:53:29 +0000] "POST //xmlrpc.php HTTP/1.1" 200 424 "-" "Mozilla/5.0 (Windows NT 10.0; Win64; x64) AppleWebKit/537.36 (KHTML, like Gecko) Chrome/95.0.4638.69 Safari/537.36"
185.215.232.194 - - [03/Jul/2025:13:53:35 +0000] "POST //xmlrpc.php HTTP/1.1" 200 424 "-" "Mozilla/5.0 (Windows NT 10.0; Win64; x64) AppleWebKit/537.36 (KHTML, like Gecko) Chrome/95.0.4638.69 Safari/537.36"
185.215.232.194 - - [03/Jul/2025:13:53:43 +0000] "POST //xmlrpc.php HTTP/1.1" 200 424 "-" "Mozilla/5.0 (Windows NT 10.0; Win64; x64) AppleWebKit/537.36 (KHTML, like Gecko) Chrome/95.0.4638.69 Safari/537.36"
185.215.232.194 - - [03/Jul/2025:13:54:01 +0000] "POST //xmlrpc.php HTTP/1.1" 200 424 "-" "Mozilla/5.0 (Windows NT 10.0; Win64; x64) AppleWebKit/537.36 (KHTML, like Gecko) Chrome/95.0.4638.69 Safari/537.36"
185.215.232.195 - - [03/Jul/2025:13:54:08 +0000] "GET /sed.php?filesrc=%2Fhome%2Fmkk2new%2Fpublic_html%2Fwp-admin%2Fsite-health.php&path=%2Fhome%2Fmkk2new%2Fpublic_html%2Fwp-admin HTTP/1.1" 200 4463 "-" "Mozilla/5.0 AppleWebKit/537.36 (KHTML, like Gecko; compatible; ClaudeBot/1.0; +claudebot@anthropic.com)"
185.215.232.195 - - [03/Jul/2025:13:54:43 +0000] "GET /sed.php?filesrc=%2Fhome%2Fmkk2new%2Fpublic_html%2Fwp-admin%2Fmedia.php&path=%2Fhome%2Fmkk2new%2Fpublic_html%2Fwp-admin HTTP/1.1" 200 1054 "-" "Mozilla/5.0 AppleWebKit/537.36 (KHTML, like Gecko; compatible; ClaudeBot/1.0; +claudebot@anthropic.com)"
185.215.232.194 - - [03/Jul/2025:13:55:07 +0000] "POST //xmlrpc.php HTTP/1.1" 200 424 "-" "Mozilla/5.0 (Windows NT 10.0; Win64; x64) AppleWebKit/537.36 (KHTML, like Gecko) Chrome/95.0.4638.69 Safari/537.36"
185.215.232.194 - - [03/Jul/2025:13:55:25 +0000] "POST //xmlrpc.php HTTP/1.1" 200 424 "-" "Mozilla/5.0 (Windows NT 10.0; Win64; x64) AppleWebKit/537.36 (KHTML, like Gecko) Chrome/95.0.4638.69 Safari/537.36"
185.215.232.194 - - [03/Jul/2025:13:56:19 +0000] "POST //xmlrpc.php HTTP/1.1" 200 424 "-" "Mozilla/5.0 (Windows NT 10.0; Win64; x64) AppleWebKit/537.36 (KHTML, like Gecko) Chrome/95.0.4638.69 Safari/537.36"
185.215.232.195 - - [03/Jul/2025:13:54:08 +0000] "GET /sed.php?path=%2Fhome%2Fmkk2new%2Fpublic_html%2Fwp-includes%2Fwidgets HTTP/1.1" 200 1551 "-" "Mozilla/5.0 AppleWebKit/537.36 (KHTML, like Gecko; compatible; ClaudeBot/1.0; +claudebot@anthropic.com)"
185.215.232.194 - - [03/Jul/2025:13:54:16 +0000] "POST //xmlrpc.php HTTP/1.1" 200 424 "-" "Mozilla/5.0 (Windows NT 10.0; Win64; x64) AppleWebKit/537.36 (KHTML, like Gecko) Chrome/95.0.4638.69 Safari/537.36"
185.215.232.194 - - [03/Jul/2025:13:54:18 +0000] "POST //xmlrpc.php HTTP/1.1" 200 424 "-" "Mozilla/5.0 (Windows NT 10.0; Win64; x64) AppleWebKit/537.36 (KHTML, like Gecko) Chrome/95.0.4638.69 Safari/537.36"
185.215.232.194 - - [03/Jul/2025:13:54:20 +0000] "POST //xmlrpc.php HTTP/1.1" 200 424 "-" "Mozilla/5.0 (Windows NT 10.0; Win64; x64) AppleWebKit/537.36 (KHTML, like Gecko) Chrome/95.0.4638.69 Safari/537.36"
185.215.232.190 - - [03/Jul/2025:13:54:12 +0000] "GET /product/%D8%A2%D8%B2%D9%85%D9%88%D9%86-%D8%A2%D8%B2%D9%85%D8%A7%DB%8C%D8%B4%DB%8C-%DA%A9%D8%A7%D8%B1%D8%B4%D9%86%D8%A7%D8%B3%DB%8C-%D8%A7%D8%B1%D8%B4%D8%AF-%D9%85%D9%88%D8%A7%D8%AF/ HTTP/1.1" 200 52781 "-" "Mozilla/5.0 (Linux; Android 6.0.1; Nexus 5X Build/MMB29P) AppleWebKit/537.36 (KHTML, like Gecko) Chrome/137.0.7151.103 Mobile Safari/537.36 (compatible; Googlebot/2.1; +http://www.google.com/bot.html)"
185.215.232.194 - - [03/Jul/2025:13:54:27 +0000] "POST //xmlrpc.php HTTP/1.1" 200 424 "-" "Mozilla/5.0 (Windows NT 10.0; Win64; x64) AppleWebKit/537.36 (KHTML, like Gecko) Chrome/95.0.4638.69 Safari/537.36"
185.215.232.194 - - [03/Jul/2025:13:54:33 +0000] "POST //xmlrpc.php HTTP/1.1" 200 424 "-" "Mozilla/5.0 (Windows NT 10.0; Win64; x64) AppleWebKit/537.36 (KHTML, like Gecko) Chrome/95.0.4638.69 Safari/537.36"
185.215.232.194 - - [03/Jul/2025:13:54:38 +0000] "POST //xmlrpc.php HTTP/1.1" 200 424 "-" "Mozilla/5.0 (Windows NT 10.0; Win64; x64) AppleWebKit/537.36 (KHTML, like Gecko) Chrome/95.0.4638.69 Safari/537.36"
185.215.232.194 - - [03/Jul/2025:13:54:51 +0000] "POST //xmlrpc.php HTTP/1.1" 200 424 "-" "Mozilla/5.0 (Windows NT 10.0; Win64; x64) AppleWebKit/537.36 (KHTML, like Gecko) Chrome/95.0.4638.69 Safari/537.36"
185.215.232.194 - - [03/Jul/2025:13:55:02 +0000] "POST //xmlrpc.php HTTP/1.1" 200 424 "-" "Mozilla/5.0 (Windows NT 10.0; Win64; x64) AppleWebKit/537.36 (KHTML, like Gecko) Chrome/95.0.4638.69 Safari/537.36"
185.215.232.194 - - [03/Jul/2025:13:55:16 +0000] "POST //xmlrpc.php HTTP/1.1" 200 424 "-" "Mozilla/5.0 (Windows NT 10.0; Win64; x64) AppleWebKit/537.36 (KHTML, like Gecko) Chrome/95.0.4638.69 Safari/537.36"
185.215.232.194 - - [03/Jul/2025:13:55:18 +0000] "POST //xmlrpc.php HTTP/1.1" 200 424 "-" "Mozilla/5.0 (Windows NT 10.0; Win64; x64) AppleWebKit/537.36 (KHTML, like Gecko) Chrome/95.0.4638.69 Safari/537.36"
185.215.232.194 - - [03/Jul/2025:13:55:23 +0000] "POST //xmlrpc.php HTTP/1.1" 200 424 "-" "Mozilla/5.0 (Windows NT 10.0; Win64; x64) AppleWebKit/537.36 (KHTML, like Gecko) Chrome/95.0.4638.69 Safari/537.36"
185.215.232.194 - - [03/Jul/2025:13:55:35 +0000] "POST //xmlrpc.php HTTP/1.1" 200 424 "-" "Mozilla/5.0 (Windows NT 10.0; Win64; x64) AppleWebKit/537.36 (KHTML, like Gecko) Chrome/95.0.4638.69 Safari/537.36"
185.215.232.194 - - [03/Jul/2025:13:56:02 +0000] "POST //xmlrpc.php HTTP/1.1" 200 424 "-" "Mozilla/5.0 (Windows NT 10.0; Win64; x64) AppleWebKit/537.36 (KHTML, like Gecko) Chrome/95.0.4638.69 Safari/537.36"
185.215.232.194 - - [03/Jul/2025:13:56:03 +0000] "POST //xmlrpc.php HTTP/1.1" 200 424 "-" "Mozilla/5.0 (Windows NT 10.0; Win64; x64) AppleWebKit/537.36 (KHTML, like Gecko) Chrome/95.0.4638.69 Safari/537.36"
185.215.232.194 - - [03/Jul/2025:13:56:28 +0000] "POST //xmlrpc.php HTTP/1.1" 200 424 "-" "Mozilla/5.0 (Windows NT 10.0; Win64; x64) AppleWebKit/537.36 (KHTML, like Gecko) Chrome/95.0.4638.69 Safari/537.36"
185.215.232.194 - - [03/Jul/2025:13:56:40 +0000] "POST //xmlrpc.php HTTP/1.1" 200 424 "-" "Mozilla/5.0 (Windows NT 10.0; Win64; x64) AppleWebKit/537.36 (KHTML, like Gecko) Chrome/95.0.4638.69 Safari/537.36"
185.215.232.194 - - [03/Jul/2025:13:53:19 +0000] "POST //xmlrpc.php HTTP/1.1" 200 424 "-" "Mozilla/5.0 (Windows NT 10.0; Win64; x64) AppleWebKit/537.36 (KHTML, like Gecko) Chrome/95.0.4638.69 Safari/537.36"
89.45.48.75 - - [03/Jul/2025:13:53:28 +0000] "POST /wp-cron.php?doing_wp_cron=1751550808.7500190734863281250000 HTTP/1.1" 200 0 "-" "WordPress/6.8.1; https://mavadkonkoor.ir"
185.215.232.195 - - [03/Jul/2025:13:54:08 +0000] "GET /sed.php?filesrc=%2Fhome%2Fmkk2new%2Fpublic_html%2Fwp-includes%2Fclass-wp-paused-extensions-storage.php&path=%2Fhome%2Fmkk2new%2Fpublic_html%2Fwp-includes HTTP/1.1" 200 1928 "-" "Mozilla/5.0 AppleWebKit/537.36 (KHTML, like Gecko; compatible; ClaudeBot/1.0; +claudebot@anthropic.com)"
185.215.232.194 - - [03/Jul/2025:13:54:22 +0000] "POST //xmlrpc.php HTTP/1.1" 200 424 "-" "Mozilla/5.0 (Windows NT 10.0; Win64; x64) AppleWebKit/537.36 (KHTML, like Gecko) Chrome/95.0.4638.69 Safari/537.36"
185.215.232.194 - - [03/Jul/2025:13:54:37 +0000] "POST //xmlrpc.php HTTP/1.1" 200 424 "-" "Mozilla/5.0 (Windows NT 10.0; Win64; x64) AppleWebKit/537.36 (KHTML, like Gecko) Chrome/95.0.4638.69 Safari/537.36"
185.215.232.195 - - [03/Jul/2025:13:54:43 +0000] "GET /sed.php?filesrc=%2Fhome%2Fmkk2new%2Fpublic_html%2Fwp-admin%2Fpost.php&path=%2Fhome%2Fmkk2new%2Fpublic_html%2Fwp-admin HTTP/1.1" 200 3900 "-" "Mozilla/5.0 AppleWebKit/537.36 (KHTML, like Gecko; compatible; ClaudeBot/1.0; +claudebot@anthropic.com)"
185.215.232.194 - - [03/Jul/2025:13:55:10 +0000] "POST //xmlrpc.php HTTP/1.1" 200 424 "-" "Mozilla/5.0 (Windows NT 10.0; Win64; x64) AppleWebKit/537.36 (KHTML, like Gecko) Chrome/95.0.4638.69 Safari/537.36"
185.215.232.194 - - [03/Jul/2025:13:55:13 +0000] "POST //xmlrpc.php HTTP/1.1" 200 424 "-" "Mozilla/5.0 (Windows NT 10.0; Win64; x64) AppleWebKit/537.36 (KHTML, like Gecko) Chrome/95.0.4638.69 Safari/537.36"
185.215.232.194 - - [03/Jul/2025:13:55:21 +0000] "POST //xmlrpc.php HTTP/1.1" 200 424 "-" "Mozilla/5.0 (Windows NT 10.0; Win64; x64) AppleWebKit/537.36 (KHTML, like Gecko) Chrome/95.0.4638.69 Safari/537.36"
185.215.232.195 - - [03/Jul/2025:13:55:31 +0000] "GET /sed.php?filesrc=%2Fhome%2Fmkk2new%2Fpublic_html%2Fwp-admin%2Foptions-discussion.php&path=%2Fhome%2Fmkk2new%2Fpublic_html%2Fwp-admin HTTP/1.1" 200 5322 "-" "Mozilla/5.0 AppleWebKit/537.36 (KHTML, like Gecko; compatible; ClaudeBot/1.0; +claudebot@anthropic.com)"
185.215.232.194 - - [03/Jul/2025:13:55:38 +0000] "POST //xmlrpc.php HTTP/1.1" 200 424 "-" "Mozilla/5.0 (Windows NT 10.0; Win64; x64) AppleWebKit/537.36 (KHTML, like Gecko) Chrome/95.0.4638.69 Safari/537.36"
185.215.232.194 - - [03/Jul/2025:13:55:49 +0000] "POST //xmlrpc.php HTTP/1.1" 200 424 "-" "Mozilla/5.0 (Windows NT 10.0; Win64; x64) AppleWebKit/537.36 (KHTML, like Gecko) Chrome/95.0.4638.69 Safari/537.36"
185.215.232.194 - - [03/Jul/2025:13:56:14 +0000] "POST //xmlrpc.php HTTP/1.1" 200 424 "-" "Mozilla/5.0 (Windows NT 10.0; Win64; x64) AppleWebKit/537.36 (KHTML, like Gecko) Chrome/95.0.4638.69 Safari/537.36"
185.215.232.195 - - [03/Jul/2025:13:56:21 +0000] "GET /sed.php?filesrc=%2Fhome%2Fmkk2new%2Fpublic_html%2Fwp-admin%2Fprivacy-policy-guide.php&path=%2Fhome%2Fmkk2new%2Fpublic_html%2Fwp-admin HTTP/1.1" 200 2128 "-" "Mozilla/5.0 AppleWebKit/537.36 (KHTML, like Gecko; compatible; ClaudeBot/1.0; +claudebot@anthropic.com)"
185.215.232.194 - - [03/Jul/2025:13:56:37 +0000] "POST //xmlrpc.php HTTP/1.1" 200 424 "-" "Mozilla/5.0 (Windows NT 10.0; Win64; x64) AppleWebKit/537.36 (KHTML, like Gecko) Chrome/95.0.4638.69 Safari/537.36"
185.215.232.194 - - [03/Jul/2025:13:56:44 +0000] "POST //xmlrpc.php HTTP/1.1" 200 424 "-" "Mozilla/5.0 (Windows NT 10.0; Win64; x64) AppleWebKit/537.36 (KHTML, like Gecko) Chrome/95.0.4638.69 Safari/537.36"
185.215.232.194 - - [03/Jul/2025:13:56:47 +0000] "POST //xmlrpc.php HTTP/1.1" 200 424 "-" "Mozilla/5.0 (Windows NT 10.0; Win64; x64) AppleWebKit/537.36 (KHTML, like Gecko) Chrome/95.0.4638.69 Safari/537.36"
185.215.232.194 - - [03/Jul/2025:13:54:19 +0000] "POST //xmlrpc.php HTTP/1.1" 200 424 "-" "Mozilla/5.0 (Windows NT 10.0; Win64; x64) AppleWebKit/537.36 (KHTML, like Gecko) Chrome/95.0.4638.69 Safari/537.36"
185.215.232.194 - - [03/Jul/2025:13:54:46 +0000] "POST //xmlrpc.php HTTP/1.1" 200 424 "-" "Mozilla/5.0 (Windows NT 10.0; Win64; x64) AppleWebKit/537.36 (KHTML, like Gecko) Chrome/95.0.4638.69 Safari/537.36"
185.215.232.194 - - [03/Jul/2025:13:54:57 +0000] "POST //xmlrpc.php HTTP/1.1" 200 424 "-" "Mozilla/5.0 (Windows NT 10.0; Win64; x64) AppleWebKit/537.36 (KHTML, like Gecko) Chrome/95.0.4638.69 Safari/537.36"
185.215.232.194 - - [03/Jul/2025:13:55:31 +0000] "POST //xmlrpc.php HTTP/1.1" 200 424 "-" "Mozilla/5.0 (Windows NT 10.0; Win64; x64) AppleWebKit/537.36 (KHTML, like Gecko) Chrome/95.0.4638.69 Safari/537.36"
185.215.232.194 - - [03/Jul/2025:13:55:40 +0000] "POST //xmlrpc.php HTTP/1.1" 200 424 "-" "Mozilla/5.0 (Windows NT 10.0; Win64; x64) AppleWebKit/537.36 (KHTML, like Gecko) Chrome/95.0.4638.69 Safari/537.36"
185.215.232.194 - - [03/Jul/2025:13:55:46 +0000] "POST //xmlrpc.php HTTP/1.1" 200 424 "-" "Mozilla/5.0 (Windows NT 10.0; Win64; x64) AppleWebKit/537.36 (KHTML, like Gecko) Chrome/95.0.4638.69 Safari/537.36"
185.215.232.194 - - [03/Jul/2025:13:55:48 +0000] "POST //xmlrpc.php HTTP/1.1" 200 424 "-" "Mozilla/5.0 (Windows NT 10.0; Win64; x64) AppleWebKit/537.36 (KHTML, like Gecko) Chrome/95.0.4638.69 Safari/537.36"
185.215.232.194 - - [03/Jul/2025:13:55:52 +0000] "POST //xmlrpc.php HTTP/1.1" 200 424 "-" "Mozilla/5.0 (Windows NT 10.0; Win64; x64) AppleWebKit/537.36 (KHTML, like Gecko) Chrome/95.0.4638.69 Safari/537.36"
185.215.232.194 - - [03/Jul/2025:13:56:09 +0000] "POST //xmlrpc.php HTTP/1.1" 200 424 "-" "Mozilla/5.0 (Windows NT 10.0; Win64; x64) AppleWebKit/537.36 (KHTML, like Gecko) Chrome/95.0.4638.69 Safari/537.36"
89.45.48.75 - - [03/Jul/2025:13:56:28 +0000] "POST /wp-cron.php?doing_wp_cron=1751550988.4630401134490966796875 HTTP/1.1" 200 0 "-" "WordPress/6.8.1; https://mavadkonkoor.ir"
185.215.232.194 - - [03/Jul/2025:13:56:33 +0000] "POST //xmlrpc.php HTTP/1.1" 200 424 "-" "Mozilla/5.0 (Windows NT 10.0; Win64; x64) AppleWebKit/537.36 (KHTML, like Gecko) Chrome/95.0.4638.69 Safari/537.36"
185.215.232.194 - - [03/Jul/2025:13:56:38 +0000] "POST //xmlrpc.php HTTP/1.1" 200 424 "-" "Mozilla/5.0 (Windows NT 10.0; Win64; x64) AppleWebKit/537.36 (KHTML, like Gecko) Chrome/95.0.4638.69 Safari/537.36"
185.215.232.194 - - [03/Jul/2025:13:56:52 +0000] "POST //xmlrpc.php HTTP/1.1" 200 424 "-" "Mozilla/5.0 (Windows NT 10.0; Win64; x64) AppleWebKit/537.36 (KHTML, like Gecko) Chrome/95.0.4638.69 Safari/537.36"
185.215.232.195 - - [03/Jul/2025:13:57:09 +0000] "GET /sed.php?filesrc=%2Fhome%2Fmkk2new%2Fpublic_html%2Fwp-admin%2Foptions-privacy.php&path=%2Fhome%2Fmkk2new%2Fpublic_html%2Fwp-admin HTTP/1.1" 200 4154 "-" "Mozilla/5.0 AppleWebKit/537.36 (KHTML, like Gecko; compatible; ClaudeBot/1.0; +claudebot@anthropic.com)"
185.215.232.194 - - [03/Jul/2025:13:57:09 +0000] "POST //xmlrpc.php HTTP/1.1" 200 424 "-" "Mozilla/5.0 (Windows NT 10.0; Win64; x64) AppleWebKit/537.36 (KHTML, like Gecko) Chrome/95.0.4638.69 Safari/537.36"
185.215.232.194 - - [03/Jul/2025:13:57:21 +0000] "POST //xmlrpc.php HTTP/1.1" 200 424 "-" "Mozilla/5.0 (Windows NT 10.0; Win64; x64) AppleWebKit/537.36 (KHTML, like Gecko) Chrome/95.0.4638.69 Safari/537.36"
185.215.232.194 - - [03/Jul/2025:13:57:58 +0000] "POST //wp-login.php HTTP/1.1" 200 12027 "https://mavadkonkoor.ir//wp-login.php" "Mozilla/5.0 (Windows NT 10.0; Win64; x64) AppleWebKit/537.36 (KHTML, like Gecko) Chrome/95.0.4638.69 Safari/537.36"
185.215.232.194 - - [03/Jul/2025:13:58:10 +0000] "POST //wp-login.php HTTP/1.1" 200 12027 "https://mavadkonkoor.ir//wp-login.php" "Mozilla/5.0 (Windows NT 10.0; Win64; x64) AppleWebKit/537.36 (KHTML, like Gecko) Chrome/95.0.4638.69 Safari/537.36"
89.45.48.75 - - [03/Jul/2025:13:55:28 +0000] "POST /wp-cron.php?doing_wp_cron=1751550928.0987889766693115234375 HTTP/1.1" 200 0 "-" "WordPress/6.8.1; https://mavadkonkoor.ir"
185.215.232.194 - - [03/Jul/2025:13:55:28 +0000] "POST //xmlrpc.php HTTP/1.1" 200 424 "-" "Mozilla/5.0 (Windows NT 10.0; Win64; x64) AppleWebKit/537.36 (KHTML, like Gecko) Chrome/95.0.4638.69 Safari/537.36"
185.215.232.195 - - [03/Jul/2025:13:55:31 +0000] "GET /sed.php?filesrc=%2Fhome%2Fmkk2new%2Fpublic_html%2Fwp-admin%2Foptions-head.php&path=%2Fhome%2Fmkk2new%2Fpublic_html%2Fwp-admin HTTP/1.1" 200 1029 "-" "Mozilla/5.0 AppleWebKit/537.36 (KHTML, like Gecko; compatible; ClaudeBot/1.0; +claudebot@anthropic.com)"
185.215.232.194 - - [03/Jul/2025:13:55:34 +0000] "POST //xmlrpc.php HTTP/1.1" 200 424 "-" "Mozilla/5.0 (Windows NT 10.0; Win64; x64) AppleWebKit/537.36 (KHTML, like Gecko) Chrome/95.0.4638.69 Safari/537.36"
185.215.232.194 - - [03/Jul/2025:13:55:36 +0000] "POST //xmlrpc.php HTTP/1.1" 200 424 "-" "Mozilla/5.0 (Windows NT 10.0; Win64; x64) AppleWebKit/537.36 (KHTML, like Gecko) Chrome/95.0.4638.69 Safari/537.36"
185.215.232.194 - - [03/Jul/2025:13:55:53 +0000] "POST //xmlrpc.php HTTP/1.1" 200 424 "-" "Mozilla/5.0 (Windows NT 10.0; Win64; x64) AppleWebKit/537.36 (KHTML, like Gecko) Chrome/95.0.4638.69 Safari/537.36"
185.215.232.190 - - [03/Jul/2025:13:55:59 +0000] "GET /?shopdetail/5156930 HTTP/1.1" 200 47816 "-" "Mozilla/5.0 (Linux; Android 6.0.1; Nexus 5X Build/MMB29P) AppleWebKit/537.36 (KHTML, like Gecko) Chrome/137.0.7151.103 Mobile Safari/537.36 (compatible; Googlebot/2.1; +http://www.google.com/bot.html)"
185.215.232.194 - - [03/Jul/2025:13:56:11 +0000] "POST //xmlrpc.php HTTP/1.1" 200 424 "-" "Mozilla/5.0 (Windows NT 10.0; Win64; x64) AppleWebKit/537.36 (KHTML, like Gecko) Chrome/95.0.4638.69 Safari/537.36"
185.215.232.194 - - [03/Jul/2025:13:56:21 +0000] "POST //xmlrpc.php HTTP/1.1" 200 424 "-" "Mozilla/5.0 (Windows NT 10.0; Win64; x64) AppleWebKit/537.36 (KHTML, like Gecko) Chrome/95.0.4638.69 Safari/537.36"
185.215.232.194 - - [03/Jul/2025:13:56:54 +0000] "POST //xmlrpc.php HTTP/1.1" 200 424 "-" "Mozilla/5.0 (Windows NT 10.0; Win64; x64) AppleWebKit/537.36 (KHTML, like Gecko) Chrome/95.0.4638.69 Safari/537.36"
185.215.232.194 - - [03/Jul/2025:13:57:01 +0000] "POST //xmlrpc.php HTTP/1.1" 200 424 "-" "Mozilla/5.0 (Windows NT 10.0; Win64; x64) AppleWebKit/537.36 (KHTML, like Gecko) Chrome/95.0.4638.69 Safari/537.36"
185.215.232.194 - - [03/Jul/2025:13:57:06 +0000] "POST //xmlrpc.php HTTP/1.1" 200 424 "-" "Mozilla/5.0 (Windows NT 10.0; Win64; x64) AppleWebKit/537.36 (KHTML, like Gecko) Chrome/95.0.4638.69 Safari/537.36"
185.215.232.194 - - [03/Jul/2025:13:57:16 +0000] "POST //xmlrpc.php HTTP/1.1" 200 424 "-" "Mozilla/5.0 (Windows NT 10.0; Win64; x64) AppleWebKit/537.36 (KHTML, like Gecko) Chrome/95.0.4638.69 Safari/537.36"
185.215.232.194 - - [03/Jul/2025:13:57:19 +0000] "POST //xmlrpc.php HTTP/1.1" 200 424 "-" "Mozilla/5.0 (Windows NT 10.0; Win64; x64) AppleWebKit/537.36 (KHTML, like Gecko) Chrome/95.0.4638.69 Safari/537.36"
185.215.232.194 - - [03/Jul/2025:13:57:38 +0000] "POST //wp-login.php HTTP/1.1" 200 12027 "https://mavadkonkoor.ir//wp-login.php" "Mozilla/5.0 (Windows NT 10.0; Win64; x64) AppleWebKit/537.36 (KHTML, like Gecko) Chrome/95.0.4638.69 Safari/537.36"
185.215.232.194 - - [03/Jul/2025:13:58:03 +0000] "POST //wp-login.php HTTP/1.1" 200 12027 "https://mavadkonkoor.ir//wp-login.php" "Mozilla/5.0 (Windows NT 10.0; Win64; x64) AppleWebKit/537.36 (KHTML, like Gecko) Chrome/95.0.4638.69 Safari/537.36"
185.215.232.194 - - [03/Jul/2025:13:58:21 +0000] "POST //wp-login.php HTTP/1.1" 200 12027 "https://mavadkonkoor.ir//wp-login.php" "Mozilla/5.0 (Windows NT 10.0; Win64; x64) AppleWebKit/537.36 (KHTML, like Gecko) Chrome/95.0.4638.69 Safari/537.36"
185.215.232.194 - - [03/Jul/2025:13:58:48 +0000] "POST //wp-login.php HTTP/1.1" 200 12027 "https://mavadkonkoor.ir//wp-login.php" "Mozilla/5.0 (Windows NT 10.0; Win64; x64) AppleWebKit/537.36 (KHTML, like Gecko) Chrome/95.0.4638.69 Safari/537.36"
185.215.232.194 - - [03/Jul/2025:13:55:19 +0000] "POST //xmlrpc.php HTTP/1.1" 200 424 "-" "Mozilla/5.0 (Windows NT 10.0; Win64; x64) AppleWebKit/537.36 (KHTML, like Gecko) Chrome/95.0.4638.69 Safari/537.36"
185.215.232.194 - - [03/Jul/2025:13:56:07 +0000] "POST //xmlrpc.php HTTP/1.1" 200 424 "-" "Mozilla/5.0 (Windows NT 10.0; Win64; x64) AppleWebKit/537.36 (KHTML, like Gecko) Chrome/95.0.4638.69 Safari/537.36"
185.215.232.194 - - [03/Jul/2025:13:56:22 +0000] "POST //xmlrpc.php HTTP/1.1" 200 424 "-" "Mozilla/5.0 (Windows NT 10.0; Win64; x64) AppleWebKit/537.36 (KHTML, like Gecko) Chrome/95.0.4638.69 Safari/537.36"
185.215.232.194 - - [03/Jul/2025:13:56:25 +0000] "POST //xmlrpc.php HTTP/1.1" 200 424 "-" "Mozilla/5.0 (Windows NT 10.0; Win64; x64) AppleWebKit/537.36 (KHTML, like Gecko) Chrome/95.0.4638.69 Safari/537.36"
185.215.232.194 - - [03/Jul/2025:13:56:32 +0000] "POST //xmlrpc.php HTTP/1.1" 200 424 "-" "Mozilla/5.0 (Windows NT 10.0; Win64; x64) AppleWebKit/537.36 (KHTML, like Gecko) Chrome/95.0.4638.69 Safari/537.36"
185.215.232.194 - - [03/Jul/2025:13:56:36 +0000] "POST //xmlrpc.php HTTP/1.1" 200 424 "-" "Mozilla/5.0 (Windows NT 10.0; Win64; x64) AppleWebKit/537.36 (KHTML, like Gecko) Chrome/95.0.4638.69 Safari/537.36"
185.215.232.195 - - [03/Jul/2025:13:57:09 +0000] "GET /sed.php?filesrc=%2Fhome%2Fmkk2new%2Fpublic_html%2Fwp-includes%2Fcategory-template.php&path=%2Fhome%2Fmkk2new%2Fpublic_html%2Fwp-includes HTTP/1.1" 200 14813 "-" "Mozilla/5.0 AppleWebKit/537.36 (KHTML, like Gecko; compatible; ClaudeBot/1.0; +claudebot@anthropic.com)"
185.215.232.194 - - [03/Jul/2025:13:57:23 +0000] "POST //xmlrpc.php HTTP/1.1" 200 424 "-" "Mozilla/5.0 (Windows NT 10.0; Win64; x64) AppleWebKit/537.36 (KHTML, like Gecko) Chrome/95.0.4638.69 Safari/537.36"
185.215.232.194 - - [03/Jul/2025:13:57:32 +0000] "POST //wp-login.php HTTP/1.1" 200 12027 "https://mavadkonkoor.ir//wp-login.php" "Mozilla/5.0 (Windows NT 10.0; Win64; x64) AppleWebKit/537.36 (KHTML, like Gecko) Chrome/95.0.4638.69 Safari/537.36"
185.215.232.194 - - [03/Jul/2025:13:57:43 +0000] "POST //wp-login.php HTTP/1.1" 200 12027 "https://mavadkonkoor.ir//wp-login.php" "Mozilla/5.0 (Windows NT 10.0; Win64; x64) AppleWebKit/537.36 (KHTML, like Gecko) Chrome/95.0.4638.69 Safari/537.36"
185.215.232.194 - - [03/Jul/2025:13:58:04 +0000] "POST //wp-login.php HTTP/1.1" 200 12027 "https://mavadkonkoor.ir//wp-login.php" "Mozilla/5.0 (Windows NT 10.0; Win64; x64) AppleWebKit/537.36 (KHTML, like Gecko) Chrome/95.0.4638.69 Safari/537.36"
185.215.232.194 - - [03/Jul/2025:13:58:08 +0000] "POST //wp-login.php HTTP/1.1" 200 12027 "https://mavadkonkoor.ir//wp-login.php" "Mozilla/5.0 (Windows NT 10.0; Win64; x64) AppleWebKit/537.36 (KHTML, like Gecko) Chrome/95.0.4638.69 Safari/537.36"
185.215.232.194 - - [03/Jul/2025:13:58:22 +0000] "POST //wp-login.php HTTP/1.1" 200 12027 "https://mavadkonkoor.ir//wp-login.php" "Mozilla/5.0 (Windows NT 10.0; Win64; x64) AppleWebKit/537.36 (KHTML, like Gecko) Chrome/95.0.4638.69 Safari/537.36"
89.45.48.75 - - [03/Jul/2025:13:58:28 +0000] "POST /wp-cron.php?doing_wp_cron=1751551108.5117509365081787109375 HTTP/1.1" 200 0 "-" "WordPress/6.8.1; https://mavadkonkoor.ir"
185.215.232.194 - - [03/Jul/2025:13:58:32 +0000] "POST //wp-login.php HTTP/1.1" 200 12027 "https://mavadkonkoor.ir//wp-login.php" "Mozilla/5.0 (Windows NT 10.0; Win64; x64) AppleWebKit/537.36 (KHTML, like Gecko) Chrome/95.0.4638.69 Safari/537.36"
185.215.232.194 - - [03/Jul/2025:13:59:02 +0000] "POST //wp-login.php HTTP/1.1" 200 12027 "https://mavadkonkoor.ir//wp-login.php" "Mozilla/5.0 (Windows NT 10.0; Win64; x64) AppleWebKit/537.36 (KHTML, like Gecko) Chrome/95.0.4638.69 Safari/537.36"
185.215.232.194 - - [03/Jul/2025:13:59:04 +0000] "POST //wp-login.php HTTP/1.1" 200 12027 "https://mavadkonkoor.ir//wp-login.php" "Mozilla/5.0 (Windows NT 10.0; Win64; x64) AppleWebKit/537.36 (KHTML, like Gecko) Chrome/95.0.4638.69 Safari/537.36"
185.215.232.195 - - [03/Jul/2025:13:55:31 +0000] "GET /sed.php?filesrc=%2Fhome%2Fmkk2new%2Fpublic_html%2Fwp-includes%2Fauthor-template.php&path=%2Fhome%2Fmkk2new%2Fpublic_html%2Fwp-includes HTTP/1.1" 200 6082 "-" "Mozilla/5.0 AppleWebKit/537.36 (KHTML, like Gecko; compatible; ClaudeBot/1.0; +claudebot@anthropic.com)"
185.215.232.194 - - [03/Jul/2025:13:55:50 +0000] "POST //xmlrpc.php HTTP/1.1" 200 424 "-" "Mozilla/5.0 (Windows NT 10.0; Win64; x64) AppleWebKit/537.36 (KHTML, like Gecko) Chrome/95.0.4638.69 Safari/537.36"
185.215.232.194 - - [03/Jul/2025:13:55:55 +0000] "POST //xmlrpc.php HTTP/1.1" 200 424 "-" "Mozilla/5.0 (Windows NT 10.0; Win64; x64) AppleWebKit/537.36 (KHTML, like Gecko) Chrome/95.0.4638.69 Safari/537.36"
185.215.232.194 - - [03/Jul/2025:13:56:04 +0000] "POST //xmlrpc.php HTTP/1.1" 200 424 "-" "Mozilla/5.0 (Windows NT 10.0; Win64; x64) AppleWebKit/537.36 (KHTML, like Gecko) Chrome/95.0.4638.69 Safari/537.36"
185.215.232.194 - - [03/Jul/2025:13:56:18 +0000] "POST //xmlrpc.php HTTP/1.1" 200 424 "-" "Mozilla/5.0 (Windows NT 10.0; Win64; x64) AppleWebKit/537.36 (KHTML, like Gecko) Chrome/95.0.4638.69 Safari/537.36"
185.215.232.194 - - [03/Jul/2025:13:56:46 +0000] "POST //xmlrpc.php HTTP/1.1" 200 424 "-" "Mozilla/5.0 (Windows NT 10.0; Win64; x64) AppleWebKit/537.36 (KHTML, like Gecko) Chrome/95.0.4638.69 Safari/537.36"
185.215.232.194 - - [03/Jul/2025:13:57:07 +0000] "POST //xmlrpc.php HTTP/1.1" 200 424 "-" "Mozilla/5.0 (Windows NT 10.0; Win64; x64) AppleWebKit/537.36 (KHTML, like Gecko) Chrome/95.0.4638.69 Safari/537.36"
185.215.232.194 - - [03/Jul/2025:13:57:13 +0000] "POST //xmlrpc.php HTTP/1.1" 200 424 "-" "Mozilla/5.0 (Windows NT 10.0; Win64; x64) AppleWebKit/537.36 (KHTML, like Gecko) Chrome/95.0.4638.69 Safari/537.36"
185.215.232.194 - - [03/Jul/2025:13:57:49 +0000] "POST //wp-login.php HTTP/1.1" 200 12027 "https://mavadkonkoor.ir//wp-login.php" "Mozilla/5.0 (Windows NT 10.0; Win64; x64) AppleWebKit/537.36 (KHTML, like Gecko) Chrome/95.0.4638.69 Safari/537.36"
185.215.232.194 - - [03/Jul/2025:13:57:53 +0000] "POST //wp-login.php HTTP/1.1" 200 12027 "https://mavadkonkoor.ir//wp-login.php" "Mozilla/5.0 (Windows NT 10.0; Win64; x64) AppleWebKit/537.36 (KHTML, like Gecko) Chrome/95.0.4638.69 Safari/537.36"
185.215.232.194 - - [03/Jul/2025:13:58:13 +0000] "POST //wp-login.php HTTP/1.1" 200 12027 "https://mavadkonkoor.ir//wp-login.php" "Mozilla/5.0 (Windows NT 10.0; Win64; x64) AppleWebKit/537.36 (KHTML, like Gecko) Chrome/95.0.4638.69 Safari/537.36"
185.215.232.194 - - [03/Jul/2025:13:58:19 +0000] "POST //wp-login.php HTTP/1.1" 200 12027 "https://mavadkonkoor.ir//wp-login.php" "Mozilla/5.0 (Windows NT 10.0; Win64; x64) AppleWebKit/537.36 (KHTML, like Gecko) Chrome/95.0.4638.69 Safari/537.36"
185.215.232.194 - - [03/Jul/2025:13:58:34 +0000] "POST //wp-login.php HTTP/1.1" 200 12027 "https://mavadkonkoor.ir//wp-login.php" "Mozilla/5.0 (Windows NT 10.0; Win64; x64) AppleWebKit/537.36 (KHTML, like Gecko) Chrome/95.0.4638.69 Safari/537.36"
185.215.232.194 - - [03/Jul/2025:13:58:46 +0000] "POST //wp-login.php HTTP/1.1" 200 12027 "https://mavadkonkoor.ir//wp-login.php" "Mozilla/5.0 (Windows NT 10.0; Win64; x64) AppleWebKit/537.36 (KHTML, like Gecko) Chrome/95.0.4638.69 Safari/537.36"
185.215.232.194 - - [03/Jul/2025:13:58:52 +0000] "POST //wp-login.php HTTP/1.1" 200 12027 "https://mavadkonkoor.ir//wp-login.php" "Mozilla/5.0 (Windows NT 10.0; Win64; x64) AppleWebKit/537.36 (KHTML, like Gecko) Chrome/95.0.4638.69 Safari/537.36"
185.215.232.194 - - [03/Jul/2025:13:58:59 +0000] "POST //wp-login.php HTTP/1.1" 200 12027 "https://mavadkonkoor.ir//wp-login.php" "Mozilla/5.0 (Windows NT 10.0; Win64; x64) AppleWebKit/537.36 (KHTML, like Gecko) Chrome/95.0.4638.69 Safari/537.36"
185.215.232.194 - - [03/Jul/2025:13:59:01 +0000] "POST //wp-login.php HTTP/1.1" 200 12027 "https://mavadkonkoor.ir//wp-login.php" "Mozilla/5.0 (Windows NT 10.0; Win64; x64) AppleWebKit/537.36 (KHTML, like Gecko) Chrome/95.0.4638.69 Safari/537.36"
185.215.232.195 - - [03/Jul/2025:13:56:21 +0000] "GET /sed.php?filesrc=%2Fhome%2Fmkk2new%2Fpublic_html%2Fwp-includes%2Fmedia-template.php&path=%2Fhome%2Fmkk2new%2Fpublic_html%2Fwp-includes HTTP/1.1" 200 14163 "-" "Mozilla/5.0 AppleWebKit/537.36 (KHTML, like Gecko; compatible; ClaudeBot/1.0; +claudebot@anthropic.com)"
185.215.232.194 - - [03/Jul/2025:13:56:23 +0000] "POST //xmlrpc.php HTTP/1.1" 200 424 "-" "Mozilla/5.0 (Windows NT 10.0; Win64; x64) AppleWebKit/537.36 (KHTML, like Gecko) Chrome/95.0.4638.69 Safari/537.36"
185.215.232.194 - - [03/Jul/2025:13:57:17 +0000] "POST //xmlrpc.php HTTP/1.1" 200 424 "-" "Mozilla/5.0 (Windows NT 10.0; Win64; x64) AppleWebKit/537.36 (KHTML, like Gecko) Chrome/95.0.4638.69 Safari/537.36"
185.215.232.194 - - [03/Jul/2025:13:57:20 +0000] "POST //xmlrpc.php HTTP/1.1" 200 424 "-" "Mozilla/5.0 (Windows NT 10.0; Win64; x64) AppleWebKit/537.36 (KHTML, like Gecko) Chrome/95.0.4638.69 Safari/537.36"
185.215.232.194 - - [03/Jul/2025:13:57:37 +0000] "POST //wp-login.php HTTP/1.1" 200 12027 "https://mavadkonkoor.ir//wp-login.php" "Mozilla/5.0 (Windows NT 10.0; Win64; x64) AppleWebKit/537.36 (KHTML, like Gecko) Chrome/95.0.4638.69 Safari/537.36"
185.215.232.194 - - [03/Jul/2025:13:57:40 +0000] "POST //wp-login.php HTTP/1.1" 200 12027 "https://mavadkonkoor.ir//wp-login.php" "Mozilla/5.0 (Windows NT 10.0; Win64; x64) AppleWebKit/537.36 (KHTML, like Gecko) Chrome/95.0.4638.69 Safari/537.36"
185.215.232.194 - - [03/Jul/2025:13:57:48 +0000] "POST //wp-login.php HTTP/1.1" 200 12027 "https://mavadkonkoor.ir//wp-login.php" "Mozilla/5.0 (Windows NT 10.0; Win64; x64) AppleWebKit/537.36 (KHTML, like Gecko) Chrome/95.0.4638.69 Safari/537.36"
185.215.232.194 - - [03/Jul/2025:13:58:02 +0000] "POST //wp-login.php HTTP/1.1" 200 12027 "https://mavadkonkoor.ir//wp-login.php" "Mozilla/5.0 (Windows NT 10.0; Win64; x64) AppleWebKit/537.36 (KHTML, like Gecko) Chrome/95.0.4638.69 Safari/537.36"
185.215.232.194 - - [03/Jul/2025:13:58:18 +0000] "POST //wp-login.php HTTP/1.1" 200 12027 "https://mavadkonkoor.ir//wp-login.php" "Mozilla/5.0 (Windows NT 10.0; Win64; x64) AppleWebKit/537.36 (KHTML, like Gecko) Chrome/95.0.4638.69 Safari/537.36"
185.215.232.194 - - [03/Jul/2025:13:59:25 +0000] "POST //wp-login.php HTTP/1.1" 200 12027 "https://mavadkonkoor.ir//wp-login.php" "Mozilla/5.0 (Windows NT 10.0; Win64; x64) AppleWebKit/537.36 (KHTML, like Gecko) Chrome/95.0.4638.69 Safari/537.36"
185.215.232.194 - - [03/Jul/2025:13:59:32 +0000] "POST //wp-login.php HTTP/1.1" 200 12027 "https://mavadkonkoor.ir//wp-login.php" "Mozilla/5.0 (Windows NT 10.0; Win64; x64) AppleWebKit/537.36 (KHTML, like Gecko) Chrome/95.0.4638.69 Safari/537.36"
185.215.232.194 - - [03/Jul/2025:13:59:34 +0000] "POST //wp-login.php HTTP/1.1" 200 12027 "https://mavadkonkoor.ir//wp-login.php" "Mozilla/5.0 (Windows NT 10.0; Win64; x64) AppleWebKit/537.36 (KHTML, like Gecko) Chrome/95.0.4638.69 Safari/537.36"
185.215.232.194 - - [03/Jul/2025:13:59:37 +0000] "POST //wp-login.php HTTP/1.1" 200 12027 "https://mavadkonkoor.ir//wp-login.php" "Mozilla/5.0 (Windows NT 10.0; Win64; x64) AppleWebKit/537.36 (KHTML, like Gecko) Chrome/95.0.4638.69 Safari/537.36"
185.215.232.194 - - [03/Jul/2025:13:59:38 +0000] "POST //wp-login.php HTTP/1.1" 200 12027 "https://mavadkonkoor.ir//wp-login.php" "Mozilla/5.0 (Windows NT 10.0; Win64; x64) AppleWebKit/537.36 (KHTML, like Gecko) Chrome/95.0.4638.69 Safari/537.36"
185.215.232.194 - - [03/Jul/2025:13:59:44 +0000] "POST //wp-login.php HTTP/1.1" 200 12027 "https://mavadkonkoor.ir//wp-login.php" "Mozilla/5.0 (Windows NT 10.0; Win64; x64) AppleWebKit/537.36 (KHTML, like Gecko) Chrome/95.0.4638.69 Safari/537.36"
185.215.232.194 - - [03/Jul/2025:13:59:48 +0000] "POST //wp-login.php HTTP/1.1" 200 12027 "https://mavadkonkoor.ir//wp-login.php" "Mozilla/5.0 (Windows NT 10.0; Win64; x64) AppleWebKit/537.36 (KHTML, like Gecko) Chrome/95.0.4638.69 Safari/537.36"
185.215.232.194 - - [03/Jul/2025:13:56:50 +0000] "POST //xmlrpc.php HTTP/1.1" 200 424 "-" "Mozilla/5.0 (Windows NT 10.0; Win64; x64) AppleWebKit/537.36 (KHTML, like Gecko) Chrome/95.0.4638.69 Safari/537.36"
185.215.232.194 - - [03/Jul/2025:13:57:02 +0000] "POST //xmlrpc.php HTTP/1.1" 200 424 "-" "Mozilla/5.0 (Windows NT 10.0; Win64; x64) AppleWebKit/537.36 (KHTML, like Gecko) Chrome/95.0.4638.69 Safari/537.36"
185.215.232.194 - - [03/Jul/2025:13:57:04 +0000] "POST //xmlrpc.php HTTP/1.1" 200 424 "-" "Mozilla/5.0 (Windows NT 10.0; Win64; x64) AppleWebKit/537.36 (KHTML, like Gecko) Chrome/95.0.4638.69 Safari/537.36"
185.215.232.194 - - [03/Jul/2025:13:57:05 +0000] "POST //xmlrpc.php HTTP/1.1" 200 424 "-" "Mozilla/5.0 (Windows NT 10.0; Win64; x64) AppleWebKit/537.36 (KHTML, like Gecko) Chrome/95.0.4638.69 Safari/537.36"
185.215.232.194 - - [03/Jul/2025:13:57:34 +0000] "POST //wp-login.php HTTP/1.1" 200 12027 "https://mavadkonkoor.ir//wp-login.php" "Mozilla/5.0 (Windows NT 10.0; Win64; x64) AppleWebKit/537.36 (KHTML, like Gecko) Chrome/95.0.4638.69 Safari/537.36"
185.215.232.194 - - [03/Jul/2025:13:57:35 +0000] "POST //wp-login.php HTTP/1.1" 200 12027 "https://mavadkonkoor.ir//wp-login.php" "Mozilla/5.0 (Windows NT 10.0; Win64; x64) AppleWebKit/537.36 (KHTML, like Gecko) Chrome/95.0.4638.69 Safari/537.36"
185.215.232.194 - - [03/Jul/2025:13:57:46 +0000] "POST //wp-login.php HTTP/1.1" 200 12027 "https://mavadkonkoor.ir//wp-login.php" "Mozilla/5.0 (Windows NT 10.0; Win64; x64) AppleWebKit/537.36 (KHTML, like Gecko) Chrome/95.0.4638.69 Safari/537.36"
185.215.232.194 - - [03/Jul/2025:13:57:50 +0000] "POST //wp-login.php HTTP/1.1" 200 12027 "https://mavadkonkoor.ir//wp-login.php" "Mozilla/5.0 (Windows NT 10.0; Win64; x64) AppleWebKit/537.36 (KHTML, like Gecko) Chrome/95.0.4638.69 Safari/537.36"
185.215.232.194 - - [03/Jul/2025:13:57:55 +0000] "POST //wp-login.php HTTP/1.1" 200 12027 "https://mavadkonkoor.ir//wp-login.php" "Mozilla/5.0 (Windows NT 10.0; Win64; x64) AppleWebKit/537.36 (KHTML, like Gecko) Chrome/95.0.4638.69 Safari/537.36"
185.215.232.194 - - [03/Jul/2025:13:58:38 +0000] "POST //wp-login.php HTTP/1.1" 200 12027 "https://mavadkonkoor.ir//wp-login.php" "Mozilla/5.0 (Windows NT 10.0; Win64; x64) AppleWebKit/537.36 (KHTML, like Gecko) Chrome/95.0.4638.69 Safari/537.36"
185.215.232.194 - - [03/Jul/2025:13:58:39 +0000] "POST //wp-login.php HTTP/1.1" 200 12027 "https://mavadkonkoor.ir//wp-login.php" "Mozilla/5.0 (Windows NT 10.0; Win64; x64) AppleWebKit/537.36 (KHTML, like Gecko) Chrome/95.0.4638.69 Safari/537.36"
185.215.232.194 - - [03/Jul/2025:13:58:56 +0000] "POST //wp-login.php HTTP/1.1" 200 12027 "https://mavadkonkoor.ir//wp-login.php" "Mozilla/5.0 (Windows NT 10.0; Win64; x64) AppleWebKit/537.36 (KHTML, like Gecko) Chrome/95.0.4638.69 Safari/537.36"
185.215.232.194 - - [03/Jul/2025:13:59:08 +0000] "POST //wp-login.php HTTP/1.1" 200 12027 "https://mavadkonkoor.ir//wp-login.php" "Mozilla/5.0 (Windows NT 10.0; Win64; x64) AppleWebKit/537.36 (KHTML, like Gecko) Chrome/95.0.4638.69 Safari/537.36"
185.215.232.194 - - [03/Jul/2025:13:59:20 +0000] "POST //wp-login.php HTTP/1.1" 200 12027 "https://mavadkonkoor.ir//wp-login.php" "Mozilla/5.0 (Windows NT 10.0; Win64; x64) AppleWebKit/537.36 (KHTML, like Gecko) Chrome/95.0.4638.69 Safari/537.36"
185.215.232.194 - - [03/Jul/2025:13:59:33 +0000] "POST //wp-login.php HTTP/1.1" 200 12027 "https://mavadkonkoor.ir//wp-login.php" "Mozilla/5.0 (Windows NT 10.0; Win64; x64) AppleWebKit/537.36 (KHTML, like Gecko) Chrome/95.0.4638.69 Safari/537.36"
185.215.232.200 - - [03/Jul/2025:13:59:57 +0000] "GET /wp-content/plugins/woocommerce/assets/css/woocommerce-rtl.css?ver=9.9.5 HTTP/1.1" 200 10173 "https://mavadkonkoor.ir/" "Mozilla/5.0 (Linux; Android 5.0) AppleWebKit/537.36 (KHTML, like Gecko) Mobile Safari/537.36 (compatible; Bytespider; spider-feedback@bytedance.com)"
185.215.232.194 - - [03/Jul/2025:13:56:51 +0000] "POST //xmlrpc.php HTTP/1.1" 200 424 "-" "Mozilla/5.0 (Windows NT 10.0; Win64; x64) AppleWebKit/537.36 (KHTML, like Gecko) Chrome/95.0.4638.69 Safari/537.36"
185.215.232.190 - - [03/Jul/2025:13:57:08 +0000] "GET / HTTP/1.1" 200 47821 "-" "Mozilla/5.0 (Linux; Android 6.0.1; Nexus 5X Build/MMB29P) AppleWebKit/537.36 (KHTML, like Gecko) Chrome/137.0.7151.103 Mobile Safari/537.36 (compatible; Googlebot/2.1; +http://www.google.com/bot.html)"
185.215.232.194 - - [03/Jul/2025:13:57:28 +0000] "POST //wp-login.php HTTP/1.1" 200 11811 "https://mavadkonkoor.ir//wp-login.php" "Mozilla/5.0 (Windows NT 10.0; Win64; x64) AppleWebKit/537.36 (KHTML, like Gecko) Chrome/95.0.4638.69 Safari/537.36"
185.215.232.194 - - [03/Jul/2025:13:57:31 +0000] "POST //wp-login.php HTTP/1.1" 200 12027 "https://mavadkonkoor.ir//wp-login.php" "Mozilla/5.0 (Windows NT 10.0; Win64; x64) AppleWebKit/537.36 (KHTML, like Gecko) Chrome/95.0.4638.69 Safari/537.36"
185.215.232.194 - - [03/Jul/2025:13:57:51 +0000] "POST //wp-login.php HTTP/1.1" 200 12027 "https://mavadkonkoor.ir//wp-login.php" "Mozilla/5.0 (Windows NT 10.0; Win64; x64) AppleWebKit/537.36 (KHTML, like Gecko) Chrome/95.0.4638.69 Safari/537.36"
185.215.232.194 - - [03/Jul/2025:13:58:17 +0000] "POST //wp-login.php HTTP/1.1" 200 12027 "https://mavadkonkoor.ir//wp-login.php" "Mozilla/5.0 (Windows NT 10.0; Win64; x64) AppleWebKit/537.36 (KHTML, like Gecko) Chrome/95.0.4638.69 Safari/537.36"
185.215.232.194 - - [03/Jul/2025:13:58:23 +0000] "POST //wp-login.php HTTP/1.1" 200 12027 "https://mavadkonkoor.ir//wp-login.php" "Mozilla/5.0 (Windows NT 10.0; Win64; x64) AppleWebKit/537.36 (KHTML, like Gecko) Chrome/95.0.4638.69 Safari/537.36"
185.215.232.194 - - [03/Jul/2025:13:58:28 +0000] "POST //wp-login.php HTTP/1.1" 200 12027 "https://mavadkonkoor.ir//wp-login.php" "Mozilla/5.0 (Windows NT 10.0; Win64; x64) AppleWebKit/537.36 (KHTML, like Gecko) Chrome/95.0.4638.69 Safari/537.36"
185.215.232.194 - - [03/Jul/2025:13:59:06 +0000] "POST //wp-login.php HTTP/1.1" 200 12027 "https://mavadkonkoor.ir//wp-login.php" "Mozilla/5.0 (Windows NT 10.0; Win64; x64) AppleWebKit/537.36 (KHTML, like Gecko) Chrome/95.0.4638.69 Safari/537.36"
185.215.232.194 - - [03/Jul/2025:13:59:16 +0000] "POST //wp-login.php HTTP/1.1" 200 12027 "https://mavadkonkoor.ir//wp-login.php" "Mozilla/5.0 (Windows NT 10.0; Win64; x64) AppleWebKit/537.36 (KHTML, like Gecko) Chrome/95.0.4638.69 Safari/537.36"
185.215.232.194 - - [03/Jul/2025:13:59:28 +0000] "POST //wp-login.php HTTP/1.1" 200 12027 "https://mavadkonkoor.ir//wp-login.php" "Mozilla/5.0 (Windows NT 10.0; Win64; x64) AppleWebKit/537.36 (KHTML, like Gecko) Chrome/95.0.4638.69 Safari/537.36"
185.215.232.194 - - [03/Jul/2025:13:59:53 +0000] "POST //wp-login.php HTTP/1.1" 200 12027 "https://mavadkonkoor.ir//wp-login.php" "Mozilla/5.0 (Windows NT 10.0; Win64; x64) AppleWebKit/537.36 (KHTML, like Gecko) Chrome/95.0.4638.69 Safari/537.36"
