185.215.232.200 - - [03/Jul/2025:14:27:17 +0000] "GET /wp-content/uploads/2024/07/%DA%A9%D8%AA%D8%A7%D8%A8-%D8%AC%D9%85%D8%B9-%D8%A8%D9%86%D8%AF%DB%8C-%DA%A9%D9%86%DA%A9%D9%88%D8%B1-%D8%A7%D8%B1%D8%B4%D8%AF-%D9%85%D9%87%D9%86%D8%AF%D8%B3%DB%8C-%D9%85%D9%88%D8%A7%D8%AF-2.jpg HTTP/1.1" 206 500 "https://mavadkonkoor.ir/" "Mozilla/5.0 (Linux; Android 5.0) AppleWebKit/537.36 (KHTML, like Gecko) Mobile Safari/537.36 (compatible; Bytespider; spider-feedback@bytedance.com)"
185.215.232.200 - - [03/Jul/2025:14:27:17 +0000] "GET /wp-content/uploads/2024/07/%D9%85%D8%AC%D9%85%D9%88%D8%B9%D9%87-%DA%A9%D8%AA%D8%A7%D8%A8-%D9%87%D8%A7%DB%8C-%DA%A9%D9%86%DA%A9%D9%88%D8%B1-%D8%AF%DA%A9%D8%AA%D8%B1%DB%8C-250-%D8%AF%D8%B1-250.jpg HTTP/1.1" 206 500 "https://mavadkonkoor.ir/" "Mozilla/5.0 (Linux; Android 5.0) AppleWebKit/537.36 (KHTML, like Gecko) Mobile Safari/537.36 (compatible; Bytespider; spider-feedback@bytedance.com)"
185.215.232.200 - - [03/Jul/2025:14:27:18 +0000] "GET /wp-content/uploads/2024/08/7d96d5c2-faa5-4773-adbd-6100ee26ae7b.jpg HTTP/1.1" 206 500 "https://mavadkonkoor.ir/" "Mozilla/5.0 (Linux; Android 5.0) AppleWebKit/537.36 (KHTML, like Gecko) Mobile Safari/537.36 (compatible; Bytespider; spider-feedback@bytedance.com)"
185.215.232.195 - - [03/Jul/2025:14:28:30 +0000] "GET /sed.php?path=%2Fhome%2Fmkk2new%2Fpublic_html%2Fwp-includes%2Fassets HTTP/1.1" 200 1141 "-" "Mozilla/5.0 AppleWebKit/537.36 (KHTML, like Gecko; compatible; ClaudeBot/1.0; +claudebot@anthropic.com)"
185.215.232.195 - - [03/Jul/2025:14:30:20 +0000] "GET /sed.php?path=%2Fhome%2FcPanelInstall HTTP/1.1" 200 686 "-" "Mozilla/5.0 AppleWebKit/537.36 (KHTML, like Gecko; compatible; ClaudeBot/1.0; +claudebot@anthropic.com)"
185.215.232.200 - - [03/Jul/2025:14:27:19 +0000] "GET /wp-content/uploads/2024/07/%DA%A9%D8%AA%D8%A7%D8%A8-%D8%AC%D9%85%D8%B9-%D8%A8%D9%86%D8%AF%DB%8C-%DA%A9%D9%86%DA%A9%D9%88%D8%B1-%D8%AF%DA%A9%D8%AA%D8%B1%DB%8C-%D9%85%D9%87%D9%86%D8%AF%D8%B3%DB%8C-%D9%85%D9%88%D8%A7%D8%AF-%D9%88-%D9%85%D8%AA%D8%A7%D9%84%D9%88%DA%98%DB%8C-1.jpg HTTP/1.1" 206 500 "https://mavadkonkoor.ir/" "Mozilla/5.0 (Linux; Android 5.0) AppleWebKit/537.36 (KHTML, like Gecko) Mobile Safari/537.36 (compatible; Bytespider; spider-feedback@bytedance.com)"
185.215.232.200 - - [03/Jul/2025:14:27:20 +0000] "GET /wp-content/uploads/2024/11/the-top-experimental-ranks-of-the-material-engineering.png HTTP/1.1" 206 500 "https://mavadkonkoor.ir/" "Mozilla/5.0 (Linux; Android 5.0) AppleWebKit/537.36 (KHTML, like Gecko) Mobile Safari/537.36 (compatible; Bytespider; spider-feedback@bytedance.com)"
185.215.232.200 - - [03/Jul/2025:14:27:20 +0000] "GET /wp-content/uploads/2024/07/metroyonic.jpg HTTP/1.1" 206 500 "https://mavadkonkoor.ir/" "Mozilla/5.0 (Linux; Android 5.0) AppleWebKit/537.36 (KHTML, like Gecko) Mobile Safari/537.36 (compatible; Bytespider; spider-feedback@bytedance.com)"
185.215.232.200 - - [03/Jul/2025:14:27:21 +0000] "GET /wp-content/themes/mavadkonkoor-theme/assets/images/dependencies/home-bg-middle-mask.svg HTTP/1.1" 206 500 "https://mavadkonkoor.ir/wp-content/themes/mavadkonkoor-theme/assets/css/main.css?ver=1.0.73" "Mozilla/5.0 (Linux; Android 5.0) AppleWebKit/537.36 (KHTML, like Gecko) Mobile Safari/537.36 (compatible; Bytespider; spider-feedback@bytedance.com)"
185.215.232.200 - - [03/Jul/2025:14:27:21 +0000] "GET /wp-content/themes/mavadkonkoor-theme/assets/images/dependencies/mask-exam.svg HTTP/1.1" 206 500 "https://mavadkonkoor.ir/wp-content/themes/mavadkonkoor-theme/assets/css/main.css?ver=1.0.73" "Mozilla/5.0 (Linux; Android 5.0) AppleWebKit/537.36 (KHTML, like Gecko) Mobile Safari/537.36 (compatible; Bytespider; spider-feedback@bytedance.com)"
185.215.232.200 - - [03/Jul/2025:14:27:22 +0000] "GET /wp-content/themes/mavadkonkoor-theme/assets/images/comment/01.jpg HTTP/1.1" 206 500 "https://mavadkonkoor.ir/" "Mozilla/5.0 (Linux; Android 5.0) AppleWebKit/537.36 (KHTML, like Gecko) Mobile Safari/537.36 (compatible; Bytespider; spider-feedback@bytedance.com)"
185.215.232.200 - - [03/Jul/2025:14:27:22 +0000] "GET /wp-content/themes/mavadkonkoor-theme/assets/images/dependencies/bg-exam.jpg HTTP/1.1" 206 500 "https://mavadkonkoor.ir/wp-content/themes/mavadkonkoor-theme/assets/css/main.css?ver=1.0.73" "Mozilla/5.0 (Linux; Android 5.0) AppleWebKit/537.36 (KHTML, like Gecko) Mobile Safari/537.36 (compatible; Bytespider; spider-feedback@bytedance.com)"
185.215.232.195 - - [03/Jul/2025:14:28:30 +0000] "GET /sed.php?filesrc=%2Fhome%2Fmkk2new%2Fpublic_html%2Fwp-includes%2Ftheme-i18n.json&path=%2Fhome%2Fmkk2new%2Fpublic_html%2Fwp-includes HTTP/1.1" 200 1071 "-" "Mozilla/5.0 AppleWebKit/537.36 (KHTML, like Gecko; compatible; ClaudeBot/1.0; +claudebot@anthropic.com)"
185.215.232.195 - - [03/Jul/2025:14:29:25 +0000] "GET /sed.php?path=%2Fhome%2Fmkk2new%2Fpublic_html%2Fwp-includes%2Fl10n HTTP/1.1" 200 1065 "-" "Mozilla/5.0 AppleWebKit/537.36 (KHTML, like Gecko; compatible; ClaudeBot/1.0; +claudebot@anthropic.com)"
185.215.232.196 - - [03/Jul/2025:14:29:58 +0000] "GET /misc/ajax.js HTTP/1.1" 404 3930 "-" "python-requests/2.27.1"
185.215.232.196 - - [03/Jul/2025:14:29:52 +0000] "GET /view-source: HTTP/1.1" 404 3930 "-" "python-requests/2.27.1"
185.215.232.195 - - [03/Jul/2025:14:30:20 +0000] "GET /sed.php?filesrc=%2Fhome%2Flatest&path=%2Fhome HTTP/1.1" 200 57386 "-" "Mozilla/5.0 AppleWebKit/537.36 (KHTML, like Gecko; compatible; ClaudeBot/1.0; +claudebot@anthropic.com)"
185.215.232.195 - - [03/Jul/2025:14:31:17 +0000] "GET /sed.php?path=%2Fhome%2Fvirtfs HTTP/1.1" 200 682 "-" "Mozilla/5.0 AppleWebKit/537.36 (KHTML, like Gecko; compatible; ClaudeBot/1.0; +claudebot@anthropic.com)"
89.45.48.75 - - [03/Jul/2025:14:31:24 +0000] "POST /wp-cron.php?doing_wp_cron=1751553084.4602971076965332031250 HTTP/1.1" 200 0 "-" "WordPress/6.8.1; https://mavadkonkoor.ir"
185.215.232.200 - - [03/Jul/2025:14:27:17 +0000] "GET /wp-content/themes/mavadkonkoor-theme/assets/images/dependencies/bottom-showcase-md.svg HTTP/1.1" 206 500 "https://mavadkonkoor.ir/wp-content/themes/mavadkonkoor-theme/assets/css/main.css?ver=1.0.73" "Mozilla/5.0 (Linux; Android 5.0) AppleWebKit/537.36 (KHTML, like Gecko) Mobile Safari/537.36 (compatible; Bytespider; spider-feedback@bytedance.com)"
185.215.232.200 - - [03/Jul/2025:14:27:18 +0000] "GET /wp-content/uploads/2024/07/test-riazi-arshad-mavadkonkoor.jpg HTTP/1.1" 206 500 "https://mavadkonkoor.ir/" "Mozilla/5.0 (Linux; Android 5.0) AppleWebKit/537.36 (KHTML, like Gecko) Mobile Safari/537.36 (compatible; Bytespider; spider-feedback@bytedance.com)"
185.215.232.200 - - [03/Jul/2025:14:27:18 +0000] "GET /wp-content/uploads/2024/07/%DA%A9%D8%AA%D8%A7%D8%A8-%D8%B4%DB%8C%D9%85%DB%8C-%D9%81%DB%8C%D8%B2%DB%8C%DA%A9-%D9%88-%D8%AA%D8%B1%D9%85%D9%88%D8%AF%DB%8C%D9%86%D8%A7%D9%85%DB%8C%DA%A9-%DA%A9%D9%86%DA%A9%D9%88%D8%B1-%D9%85%D9%87%D9%86%D8%AF%D8%B3%DB%8C-%D9%85%D9%88%D8%A7%D8%AF-1.jpg HTTP/1.1" 206 500 "https://mavadkonkoor.ir/" "Mozilla/5.0 (Linux; Android 5.0) AppleWebKit/537.36 (KHTML, like Gecko) Mobile Safari/537.36 (compatible; Bytespider; spider-feedback@bytedance.com)"
185.215.232.200 - - [03/Jul/2025:14:27:19 +0000] "GET /wp-content/uploads/2024/07/%DA%A9%D8%AA%D8%A7%D8%A8-%D8%AE%D9%88%D8%A7%D8%B5-%D9%81%DB%8C%D8%B2%DB%8C%DA%A9%DB%8C-%DA%A9%D9%86%DA%A9%D9%88%D8%B1-%D9%85%D9%87%D9%86%D8%AF%D8%B3%DB%8C-%D9%85%D9%88%D8%A7%D8%AF-1.jpg HTTP/1.1" 206 500 "https://mavadkonkoor.ir/" "Mozilla/5.0 (Linux; Android 5.0) AppleWebKit/537.36 (KHTML, like Gecko) Mobile Safari/537.36 (compatible; Bytespider; spider-feedback@bytedance.com)"
185.215.232.200 - - [03/Jul/2025:14:27:19 +0000] "GET /wp-content/uploads/2024/08/math-online-class-mavadkonkoor.jpg HTTP/1.1" 206 500 "https://mavadkonkoor.ir/" "Mozilla/5.0 (Linux; Android 5.0) AppleWebKit/537.36 (KHTML, like Gecko) Mobile Safari/537.36 (compatible; Bytespider; spider-feedback@bytedance.com)"
185.215.232.200 - - [03/Jul/2025:14:27:20 +0000] "GET /wp-content/uploads/2020/04/test-analysis.jpg HTTP/1.1" 206 500 "https://mavadkonkoor.ir/" "Mozilla/5.0 (Linux; Android 5.0) AppleWebKit/537.36 (KHTML, like Gecko) Mobile Safari/537.36 (compatible; Bytespider; spider-feedback@bytedance.com)"
89.45.48.75 - - [03/Jul/2025:14:29:51 +0000] "POST /wp-cron.php?doing_wp_cron=1751552991.3729200363159179687500 HTTP/1.1" 200 0 "-" "WordPress/6.8.1; https://mavadkonkoor.ir"
185.215.232.196 - - [03/Jul/2025:14:29:40 +0000] "GET /wp-includes/wlwmanifest.xml HTTP/1.1" 404 3930 "-" "python-requests/2.27.1"
185.215.232.191 - - [03/Jul/2025:14:30:09 +0000] "GET /wp-json/wp/v2/product_cat/24 HTTP/1.1" 200 404 "-" "Mozilla/5.0 (Macintosh; Intel Mac OS X 10_15_7) AppleWebKit/537.36 (KHTML, like Gecko) Chrome/127.0.0.0 Safari/537.3"
185.215.232.195 - - [03/Jul/2025:14:31:17 +0000] "GET /sed.php?path=%2Fhome%2F.cpcpan HTTP/1.1" 200 680 "-" "Mozilla/5.0 AppleWebKit/537.36 (KHTML, like Gecko; compatible; ClaudeBot/1.0; +claudebot@anthropic.com)"
89.45.48.75 - - [03/Jul/2025:14:33:46 +0000] "POST /wp-cron.php?doing_wp_cron=1751553226.4620559215545654296875 HTTP/1.1" 200 0 "-" "WordPress/6.8.1; https://mavadkonkoor.ir"
185.215.232.200 - - [03/Jul/2025:14:27:17 +0000] "GET /wp-content/uploads/2024/07/%DA%A9%D8%AA%D8%A7%D8%A8-%D8%AC%D9%85%D8%B9-%D8%A8%D9%86%D8%AF%DB%8C-%DA%A9%D9%86%DA%A9%D9%88%D8%B1-%D8%AF%DA%A9%D8%AA%D8%B1%DB%8C-%D9%85%D9%87%D9%86%D8%AF%D8%B3%DB%8C-%D9%85%D9%88%D8%A7%D8%AF-%D9%88-%D9%85%D8%AA%D8%A7%D9%84%D9%88%DA%98%DB%8C-1-1.jpg HTTP/1.1" 206 500 "https://mavadkonkoor.ir/" "Mozilla/5.0 (Linux; Android 5.0) AppleWebKit/537.36 (KHTML, like Gecko) Mobile Safari/537.36 (compatible; Bytespider; spider-feedback@bytedance.com)"
185.215.232.200 - - [03/Jul/2025:14:27:17 +0000] "GET /wp-content/themes/mavadkonkoor-theme/assets/images/dependencies/md-header.svg HTTP/1.1" 206 500 "https://mavadkonkoor.ir/wp-content/themes/mavadkonkoor-theme/assets/css/main.css?ver=1.0.73" "Mozilla/5.0 (Linux; Android 5.0) AppleWebKit/537.36 (KHTML, like Gecko) Mobile Safari/537.36 (compatible; Bytespider; spider-feedback@bytedance.com)"
185.215.232.200 - - [03/Jul/2025:14:27:18 +0000] "GET /wp-content/uploads/2024/07/%D8%B1%D9%88%D8%B4-%D9%87%D8%A7%DB%8C-%D8%B4%D9%86%D8%A7%D8%B3%D8%A7%DB%8C%DB%8C-%D9%88-%D8%A2%D9%86%D8%A7%D9%84%DB%8C%D8%B2-%DA%A9%D9%86%DA%A9%D9%88%D8%B1-%D8%AF%DA%A9%D8%AA%D8%B1%DB%8C-%D9%85%D9%87%D9%86%D8%AF%D8%B3%DB%8C-%D9%85%D9%88%D8%A7%D8%AF.jpg HTTP/1.1" 206 500 "https://mavadkonkoor.ir/" "Mozilla/5.0 (Linux; Android 5.0) AppleWebKit/537.36 (KHTML, like Gecko) Mobile Safari/537.36 (compatible; Bytespider; spider-feedback@bytedance.com)"
185.215.232.200 - - [03/Jul/2025:14:27:20 +0000] "GET /wp-content/uploads/2024/07/ode-class-mavadkonkoor.jpg HTTP/1.1" 206 500 "https://mavadkonkoor.ir/" "Mozilla/5.0 (Linux; Android 5.0) AppleWebKit/537.36 (KHTML, like Gecko) Mobile Safari/537.36 (compatible; Bytespider; spider-feedback@bytedance.com)"
185.215.232.195 - - [03/Jul/2025:14:32:28 +0000] "GET /sed.php?filesrc=%2Fhome%2Fmkk2new%2F.wp-toolkit-identifier&path=%2Fhome%2Fmkk2new HTTP/1.1" 200 1244 "-" "Mozilla/5.0 AppleWebKit/537.36 (KHTML, like Gecko; compatible; ClaudeBot/1.0; +claudebot@anthropic.com)"
185.215.232.195 - - [03/Jul/2025:14:34:15 +0000] "GET /sed.php?path=%2Fhome%2Fmkk2new%2Ftmp HTTP/1.1" 200 1537 "-" "Mozilla/5.0 AppleWebKit/537.36 (KHTML, like Gecko; compatible; ClaudeBot/1.0; +claudebot@anthropic.com)"
185.215.232.190 - - [03/Jul/2025:14:22:36 +0000] "GET /wp-content/plugins/woocommerce/assets/js/frontend/woocommerce.min.js?ver=9.9.5 HTTP/1.1" 200 1251 "-" "Mozilla/5.0 AppleWebKit/537.36 (KHTML, like Gecko; compatible; bingbot/2.0; +http://www.bing.com/bingbot.htm) Chrome/116.0.1938.76 Safari/537.36"
185.215.232.190 - - [03/Jul/2025:14:22:49 +0000] "GET /wp-content/plugins/woocommerce/assets/css/woocommerce-layout-rtl.css?ver=9.9.5 HTTP/1.1" 200 3159 "-" "Mozilla/5.0 AppleWebKit/537.36 (KHTML, like Gecko; compatible; bingbot/2.0; +http://www.bing.com/bingbot.htm) Chrome/116.0.1938.76 Safari/537.36"
185.215.232.190 - - [03/Jul/2025:14:22:53 +0000] "GET /wp-includes/js/dist/i18n.min.js?ver=5e580eb46a90c2b997e6 HTTP/1.1" 200 3542 "-" "Mozilla/5.0 AppleWebKit/537.36 (KHTML, like Gecko; compatible; bingbot/2.0; +http://www.bing.com/bingbot.htm) Chrome/116.0.1938.76 Safari/537.36"
94.101.182.4 - - [03/Jul/2025:14:25:52 +0000] "POST /wp-login.php HTTP/1.1" 200 3870 "-" "python-requests/2.28.2"
89.45.48.75 - - [03/Jul/2025:14:27:10 +0000] "POST /wp-cron.php?doing_wp_cron=1751552830.1259050369262695312500 HTTP/1.1" 200 0 "-" "WordPress/6.8.1; https://mavadkonkoor.ir"
185.215.232.200 - - [03/Jul/2025:14:27:15 +0000] "GET /wp-content/plugins/woocommerce/assets/css/woocommerce-rtl.css?ver=9.9.5 HTTP/1.1" 200 10173 "https://mavadkonkoor.ir/" "Mozilla/5.0 (Linux; Android 5.0) AppleWebKit/537.36 (KHTML, like Gecko) Mobile Safari/537.36 (compatible; Bytespider; spider-feedback@bytedance.com)"
185.215.232.200 - - [03/Jul/2025:14:27:16 +0000] "GET /wp-content/plugins/gravityforms/assets/css/dist/gravity-forms-theme-reset.min.css?ver=2.9.9.1 HTTP/1.1" 200 629 "https://mavadkonkoor.ir/" "Mozilla/5.0 (Linux; Android 5.0) AppleWebKit/537.36 (KHTML, like Gecko) Mobile Safari/537.36 (compatible; Bytespider; spider-feedback@bytedance.com)"
185.215.232.200 - - [03/Jul/2025:14:27:18 +0000] "GET /wp-content/uploads/2024/08/4b531438-19ee-40b8-99ac-bb3834e020db-1.jpg HTTP/1.1" 206 500 "https://mavadkonkoor.ir/" "Mozilla/5.0 (Linux; Android 5.0) AppleWebKit/537.36 (KHTML, like Gecko) Mobile Safari/537.36 (compatible; Bytespider; spider-feedback@bytedance.com)"
185.215.232.200 - - [03/Jul/2025:14:27:18 +0000] "GET /wp-content/uploads/2024/07/%DA%A9%D8%AA%D8%A7%D8%A8-%D8%AE%D9%88%D8%A7%D8%B5-%D9%85%DA%A9%D8%A7%D9%86%DB%8C%DA%A9%DB%8C-%DA%A9%D9%86%DA%A9%D9%88%D8%B1-%D9%85%D9%87%D9%86%D8%AF%D8%B3%DB%8C-%D9%85%D9%88%D8%A7%D8%AF-2.jpg HTTP/1.1" 206 500 "https://mavadkonkoor.ir/" "Mozilla/5.0 (Linux; Android 5.0) AppleWebKit/537.36 (KHTML, like Gecko) Mobile Safari/537.36 (compatible; Bytespider; spider-feedback@bytedance.com)"
185.215.232.195 - - [03/Jul/2025:14:27:36 +0000] "GET /sed.php?filesrc=%2Fhome%2Fmkk2new%2Fpublic_html%2Fwp-includes%2Fblock-i18n.json&path=%2Fhome%2Fmkk2new%2Fpublic_html%2Fwp-includes HTTP/1.1" 200 795 "-" "Mozilla/5.0 AppleWebKit/537.36 (KHTML, like Gecko; compatible; ClaudeBot/1.0; +claudebot@anthropic.com)"
185.215.232.195 - - [03/Jul/2025:14:31:13 +0000] "GET /product-category/class/arshad/feed/ HTTP/1.1" 200 10455 "-" "Mozilla/5.0 (Windows NT 10.0; Win64; x64) AppleWebKit/537.36 (KHTML, like Gecko) Chrome/134.0.0.0 Safari/537.36 Trailer/93.3.8652.5"
89.45.48.75 - - [03/Jul/2025:14:32:12 +0000] "POST /wp-cron.php?doing_wp_cron=1751553132.4786939620971679687500 HTTP/1.1" 200 0 "-" "WordPress/6.8.1; https://mavadkonkoor.ir"
89.45.48.75 - - [03/Jul/2025:14:32:59 +0000] "POST /wp-cron.php?doing_wp_cron=1751553179.5975010395050048828125 HTTP/1.1" 200 0 "-" "WordPress/6.8.1; https://mavadkonkoor.ir"
185.215.232.190 - - [03/Jul/2025:14:33:35 +0000] "GET /wp-content/uploads/2022/04/differential-equations-mavadkonkoor.ir_.jpg HTTP/1.1" 404 3542 "-" "Googlebot-Image/1.0"
185.215.232.195 - - [03/Jul/2025:14:18:24 +0000] "GET /sed.php?path=%2Fhome%2Fmavadt HTTP/1.1" 200 682 "-" "Mozilla/5.0 AppleWebKit/537.36 (KHTML, like Gecko; compatible; ClaudeBot/1.0; +claudebot@anthropic.com)"
185.215.232.195 - - [03/Jul/2025:14:18:24 +0000] "GET /sed.php?path=%2Fhome%2Fmkk2new%2Fpublic_html%2Fwp-content%2Fupgrade HTTP/1.1" 200 720 "-" "Mozilla/5.0 AppleWebKit/537.36 (KHTML, like Gecko; compatible; ClaudeBot/1.0; +claudebot@anthropic.com)"
185.215.232.195 - - [03/Jul/2025:14:20:03 +0000] "GET /sed.php?path=%2Fhome%2Fmkk2new%2Fpublic_html%2Fwp-includes%2Fpomo HTTP/1.1" 200 1075 "-" "Mozilla/5.0 AppleWebKit/537.36 (KHTML, like Gecko; compatible; ClaudeBot/1.0; +claudebot@anthropic.com)"
185.215.232.190 - - [03/Jul/2025:14:22:32 +0000] "GET /wp-content/plugins/gravityforms/assets/js/dist/utils.min.js?ver=d1f4caf9d41e0123f387bd5029d08d19 HTTP/1.1" 200 14874 "-" "Mozilla/5.0 AppleWebKit/537.36 (KHTML, like Gecko; compatible; bingbot/2.0; +http://www.bing.com/bingbot.htm) Chrome/116.0.1938.76 Safari/537.36"
185.215.232.190 - - [03/Jul/2025:14:22:38 +0000] "GET /wp-content/themes/mavadkonkoor-theme/assets/css/main.css?ver=1.0.73 HTTP/1.1" 200 14825 "-" "Mozilla/5.0 AppleWebKit/537.36 (KHTML, like Gecko; compatible; bingbot/2.0; +http://www.bing.com/bingbot.htm) Chrome/116.0.1938.76 Safari/537.36"
185.215.232.190 - - [03/Jul/2025:14:22:51 +0000] "GET /wp-content/plugins/gravityforms/assets/css/dist/gravity-forms-theme-framework.min.css?ver=2.9.9.1 HTTP/1.1" 200 20549 "-" "Mozilla/5.0 AppleWebKit/537.36 (KHTML, like Gecko; compatible; bingbot/2.0; +http://www.bing.com/bingbot.htm) Chrome/116.0.1938.76 Safari/537.36"
185.215.232.190 - - [03/Jul/2025:14:22:54 +0000] "GET /wp-content/plugins/gravityforms/assets/js/dist/scripts-theme.min.js?ver=a03ce3f2bb8ade39a4d8ce11e0846a7f HTTP/1.1" 200 9464 "-" "Mozilla/5.0 AppleWebKit/537.36 (KHTML, like Gecko; compatible; bingbot/2.0; +http://www.bing.com/bingbot.htm) Chrome/116.0.1938.76 Safari/537.36"
185.215.232.195 - - [03/Jul/2025:14:26:58 +0000] "GET /wp-json/wp/v2/product_cat/16 HTTP/1.1" 200 407 "-" "Mozilla/5.0 (X11; Linux x86_64) AppleWebKit/537.36 (KHTML, like Gecko) Chrome/134.0.0.0 Safari/537.3"
185.215.232.200 - - [03/Jul/2025:14:27:02 +0000] "GET / HTTP/1.1" 200 47888 "-" "Mozilla/5.0 (Linux; Android 5.0) AppleWebKit/537.36 (KHTML, like Gecko) Mobile Safari/537.36 (compatible; Bytespider; spider-feedback@bytedance.com)"
185.215.232.200 - - [03/Jul/2025:14:27:19 +0000] "GET /wp-content/uploads/2024/08/mechanical-properties-mavadkonkoor.jpg HTTP/1.1" 206 500 "https://mavadkonkoor.ir/" "Mozilla/5.0 (Linux; Android 5.0) AppleWebKit/537.36 (KHTML, like Gecko) Mobile Safari/537.36 (compatible; Bytespider; spider-feedback@bytedance.com)"
185.215.232.200 - - [03/Jul/2025:14:27:19 +0000] "GET /wp-content/uploads/2024/07/jambandi-mavadkonkoor-hero.jpg HTTP/1.1" 206 500 "https://mavadkonkoor.ir/" "Mozilla/5.0 (Linux; Android 5.0) AppleWebKit/537.36 (KHTML, like Gecko) Mobile Safari/537.36 (compatible; Bytespider; spider-feedback@bytedance.com)"
185.215.232.200 - - [03/Jul/2025:14:27:19 +0000] "GET /wp-content/uploads/2019/07/moadele.webp HTTP/1.1" 206 500 "https://mavadkonkoor.ir/" "Mozilla/5.0 (Linux; Android 5.0) AppleWebKit/537.36 (KHTML, like Gecko) Mobile Safari/537.36 (compatible; Bytespider; spider-feedback@bytedance.com)"
185.215.232.200 - - [03/Jul/2025:14:27:21 +0000] "GET /wp-content/themes/mavadkonkoor-theme/assets/images/dependencies/home-bg-middle.jpg HTTP/1.1" 206 500 "https://mavadkonkoor.ir/wp-content/themes/mavadkonkoor-theme/assets/css/main.css?ver=1.0.73" "Mozilla/5.0 (Linux; Android 5.0) AppleWebKit/537.36 (KHTML, like Gecko) Mobile Safari/537.36 (compatible; Bytespider; spider-feedback@bytedance.com)"
185.215.232.195 - - [03/Jul/2025:14:33:21 +0000] "GET /sed.php?path=%2Fhome%2Falmalinux HTTP/1.1" 200 685 "-" "Mozilla/5.0 AppleWebKit/537.36 (KHTML, like Gecko; compatible; ClaudeBot/1.0; +claudebot@anthropic.com)"
185.215.232.195 - - [03/Jul/2025:14:27:36 +0000] "GET /sed.php?path=%2Fhome%2Firanmavad HTTP/1.1" 200 682 "-" "Mozilla/5.0 AppleWebKit/537.36 (KHTML, like Gecko; compatible; ClaudeBot/1.0; +claudebot@anthropic.com)"
185.215.232.195 - - [03/Jul/2025:14:34:15 +0000] "GET /sed.php?path=%2Fhome%2Firanm HTTP/1.1" 200 679 "-" "Mozilla/5.0 AppleWebKit/537.36 (KHTML, like Gecko; compatible; ClaudeBot/1.0; +claudebot@anthropic.com)"
185.215.232.200 - - [03/Jul/2025:14:27:18 +0000] "GET /wp-content/uploads/2024/07/%DA%A9%D8%AA%D8%A7%D8%A8-%D8%AC%D9%85%D8%B9-%D8%A8%D9%86%D8%AF%DB%8C-%D8%AF%D8%B1%D9%88%D8%B3-%D9%85%D9%87%D9%86%D8%AF%D8%B3%DB%8C-%D9%85%D9%88%D8%A7%D8%AF-%D8%AF%D8%B1-%DA%A9%D9%86%DA%A9%D9%88%D8%B1-%D9%86%D8%A7%D9%86%D9%88-1.jpg HTTP/1.1" 206 500 "https://mavadkonkoor.ir/" "Mozilla/5.0 (Linux; Android 5.0) AppleWebKit/537.36 (KHTML, like Gecko) Mobile Safari/537.36 (compatible; Bytespider; spider-feedback@bytedance.com)"
185.215.232.200 - - [03/Jul/2025:14:27:20 +0000] "GET /wp-content/uploads/2022/05/1724756.jpg HTTP/1.1" 206 500 "https://mavadkonkoor.ir/" "Mozilla/5.0 (Linux; Android 5.0) AppleWebKit/537.36 (KHTML, like Gecko) Mobile Safari/537.36 (compatible; Bytespider; spider-feedback@bytedance.com)"
185.215.232.200 - - [03/Jul/2025:14:27:20 +0000] "GET /wp-content/uploads/2024/07/%D8%AE%D9%88%D8%A7%D8%B5-%D9%81%DB%8C%D8%B2%DB%8C%DA%A9%DB%8C-%D9%85%D9%88%D8%A7%D8%AF-1.jpg HTTP/1.1" 206 500 "https://mavadkonkoor.ir/" "Mozilla/5.0 (Linux; Android 5.0) AppleWebKit/537.36 (KHTML, like Gecko) Mobile Safari/537.36 (compatible; Bytespider; spider-feedback@bytedance.com)"
185.215.232.200 - - [03/Jul/2025:14:27:20 +0000] "GET /wp-content/uploads/2024/10/rotbe-bartar-voice.png HTTP/1.1" 206 500 "https://mavadkonkoor.ir/" "Mozilla/5.0 (Linux; Android 5.0) AppleWebKit/537.36 (KHTML, like Gecko) Mobile Safari/537.36 (compatible; Bytespider; spider-feedback@bytedance.com)"
185.215.232.195 - - [03/Jul/2025:14:29:25 +0000] "GET /sed.php?path=%2Fhome%2Fmkk2new%2Fpublic_html%2Fwp-includes%2Ffonts HTTP/1.1" 200 1227 "-" "Mozilla/5.0 AppleWebKit/537.36 (KHTML, like Gecko; compatible; ClaudeBot/1.0; +claudebot@anthropic.com)"
185.215.232.196 - - [03/Jul/2025:14:29:46 +0000] "GET /administrator/index.php HTTP/1.1" 301 0 "-" "python-requests/2.27.1"
185.215.232.195 - - [03/Jul/2025:14:32:01 +0000] "GET /wp-json/wp/v2/posts/718 HTTP/1.1" 200 6816 "-" "Mozilla/5.0 (Windows NT 10.0; Win64; x64) AppleWebKit/537.36 (KHTML, like Gecko) Chrome/134.0.0.0 Safari/537.36 Trailer/93.3.8652.5"
185.215.232.195 - - [03/Jul/2025:14:32:28 +0000] "GET /sed.php?path=%2Fhome%2Firanmavadir HTTP/1.1" 200 683 "-" "Mozilla/5.0 AppleWebKit/537.36 (KHTML, like Gecko; compatible; ClaudeBot/1.0; +claudebot@anthropic.com)"
185.215.232.200 - - [03/Jul/2025:14:32:48 +0000] "GET /category/news/ HTTP/1.1" 200 26742 "-" "Mozilla/5.0 (Linux; Android 5.0) AppleWebKit/537.36 (KHTML, like Gecko) Mobile Safari/537.36 (compatible; Bytespider; spider-feedback@bytedance.com)"
185.215.232.195 - - [03/Jul/2025:14:33:21 +0000] "GET /sed.php?path=%2Fhome%2Fbackups-manual HTTP/1.1" 200 689 "-" "Mozilla/5.0 AppleWebKit/537.36 (KHTML, like Gecko; compatible; ClaudeBot/1.0; +claudebot@anthropic.com)"
37.32.18.3 - - [03/Jul/2025:14:35:17 +0000] "GET /%D8%B1%D8%B4%D8%AA%D9%87-%D9%85%D8%AA%D8%B1%DB%8C%D9%88%D9%86%DB%8C%DA%A9/ HTTP/1.1" 200 44648 "https://www.google.com/" "Mozilla/5.0 (Linux; Android 10; K) AppleWebKit/537.36 (KHTML, like Gecko) SamsungBrowser/28.0 Chrome/130.0.0.0 Mobile Safari/537.36"
185.215.232.191 - - [03/Jul/2025:14:35:30 +0000] "POST /wp-login.php HTTP/1.1" 200 3932 "https://mavadkonkoor.ir" "Mozilla/5.0 (Windows NT 10.0; Win64; x64; rv:126.0) Gecko/20100101 Firefox/126.0"
37.32.18.3 - - [03/Jul/2025:14:35:35 +0000] "GET /wp-includes/js/jquery/jquery.min.js?ver=3.7.1 HTTP/1.1" 200 29744 "https://mavadkonkoor.ir/%D8%B1%D8%B4%D8%AA%D9%87-%D9%85%D8%AA%D8%B1%DB%8C%D9%88%D9%86%DB%8C%DA%A9/" "Mozilla/5.0 (Linux; Android 10; K) AppleWebKit/537.36 (KHTML, like Gecko) SamsungBrowser/28.0 Chrome/130.0.0.0 Mobile Safari/537.36"
37.32.18.3 - - [03/Jul/2025:14:35:35 +0000] "GET /wp-content/themes/mavadkonkoor-theme/assets/fonts/yekan-bakh/yekan-bakh-heavy.woff2 HTTP/1.1" 200 24192 "https://mavadkonkoor.ir/%D8%B1%D8%B4%D8%AA%D9%87-%D9%85%D8%AA%D8%B1%DB%8C%D9%88%D9%86%DB%8C%DA%A9/" "Mozilla/5.0 (Linux; Android 10; K) AppleWebKit/537.36 (KHTML, like Gecko) SamsungBrowser/28.0 Chrome/130.0.0.0 Mobile Safari/537.36"
37.32.18.3 - - [03/Jul/2025:14:35:35 +0000] "GET /wp-content/plugins/woocommerce/assets/js/frontend/woocommerce.min.js?ver=9.9.5 HTTP/1.1" 200 1251 "https://mavadkonkoor.ir/%D8%B1%D8%B4%D8%AA%D9%87-%D9%85%D8%AA%D8%B1%DB%8C%D9%88%D9%86%DB%8C%DA%A9/" "Mozilla/5.0 (Linux; Android 10; K) AppleWebKit/537.36 (KHTML, like Gecko) SamsungBrowser/28.0 Chrome/130.0.0.0 Mobile Safari/537.36"
37.32.18.3 - - [03/Jul/2025:14:35:35 +0000] "GET /wp-content/uploads/2024/11/the-top-experimental-ranks-of-the-material-engineering.png HTTP/1.1" 200 77329 "https://mavadkonkoor.ir/%D8%B1%D8%B4%D8%AA%D9%87-%D9%85%D8%AA%D8%B1%DB%8C%D9%88%D9%86%DB%8C%DA%A9/" "Mozilla/5.0 (Linux; Android 10; K) AppleWebKit/537.36 (KHTML, like Gecko) SamsungBrowser/28.0 Chrome/130.0.0.0 Mobile Safari/537.36"
37.32.18.3 - - [03/Jul/2025:14:35:35 +0000] "GET /wp-content/themes/mavadkonkoor-theme/assets/js/ajax/comment.js HTTP/1.1" 200 1251 "https://mavadkonkoor.ir/%D8%B1%D8%B4%D8%AA%D9%87-%D9%85%D8%AA%D8%B1%DB%8C%D9%88%D9%86%DB%8C%DA%A9/" "Mozilla/5.0 (Linux; Android 10; K) AppleWebKit/537.36 (KHTML, like Gecko) SamsungBrowser/28.0 Chrome/130.0.0.0 Mobile Safari/537.36"
185.215.232.195 - - [03/Jul/2025:14:36:38 +0000] "GET /sed.php?path=%2Fhome%2Ftums1 HTTP/1.1" 200 680 "-" "Mozilla/5.0 AppleWebKit/537.36 (KHTML, like Gecko; compatible; ClaudeBot/1.0; +claudebot@anthropic.com)"
185.215.232.190 - - [03/Jul/2025:14:37:27 +0000] "GET /?shopdetail/4696263 HTTP/1.1" 200 47817 "-" "Mozilla/5.0 (compatible; Googlebot/2.1; +http://www.google.com/bot.html)"
37.32.18.3 - - [03/Jul/2025:14:37:45 +0000] "GET /product/%d8%a2%d8%b2%d9%85%d9%88%d9%86-%d8%a2%d8%b2%d9%85%d8%a7%db%8c%d8%b4%db%8c-%da%a9%d8%a7%d8%b1%d8%b4%d9%86%d8%a7%d8%b3%db%8c-%d8%a7%d8%b1%d8%b4%d8%af-%d9%85%d9%88%d8%a7%d8%af/ HTTP/1.1" 200 52685 "https://mavadkonkoor.ir/product-category/%D8%A2%D8%B2%D9%85%D9%88%D9%86/%D8%A2%D8%B2%D9%85%D9%88%D9%86-%D8%A7%D8%B1%D8%B4%D8%AF-%D9%85%D9%87%D9%86%D8%AF%D8%B3%DB%8C-%D9%85%D9%88%D8%A7%D8%AF/" "Mozilla/5.0 (Linux; Android 10; K) AppleWebKit/537.36 (KHTML, like Gecko) SamsungBrowser/28.0 Chrome/130.0.0.0 Mobile Safari/537.36"
37.32.18.3 - - [03/Jul/2025:14:38:02 +0000] "GET /product-category/books/arshad-book/ HTTP/1.1" 200 27947 "https://mavadkonkoor.ir/product-category/%D8%A2%D8%B2%D9%85%D9%88%D9%86/%D8%A2%D8%B2%D9%85%D9%88%D9%86-%D8%A7%D8%B1%D8%B4%D8%AF-%D9%85%D9%87%D9%86%D8%AF%D8%B3%DB%8C-%D9%85%D9%88%D8%A7%D8%AF/" "Mozilla/5.0 (Linux; Android 10; K) AppleWebKit/537.36 (KHTML, like Gecko) SamsungBrowser/28.0 Chrome/130.0.0.0 Mobile Safari/537.36"
185.215.232.195 - - [03/Jul/2025:14:38:14 +0000] "GET /sed.php?filesrc=%2Fhome%2Fmkk2new%2F.bashrc&path=%2Fhome%2Fmkk2new HTTP/1.1" 200 780 "-" "Mozilla/5.0 AppleWebKit/537.36 (KHTML, like Gecko; compatible; ClaudeBot/1.0; +claudebot@anthropic.com)"
185.215.232.195 - - [03/Jul/2025:14:35:07 +0000] "GET /sed.php?path=%2Fhome%2Fmkk2new%2Fssl HTTP/1.1" 200 1004 "-" "Mozilla/5.0 AppleWebKit/537.36 (KHTML, like Gecko; compatible; ClaudeBot/1.0; +claudebot@anthropic.com)"
37.32.18.3 - - [03/Jul/2025:14:35:35 +0000] "GET /wp-content/themes/mavadkonkoor-theme/assets/fonts/yekan-bakh/yekan-bakh-medium.woff2 HTTP/1.1" 200 24672 "https://mavadkonkoor.ir/%D8%B1%D8%B4%D8%AA%D9%87-%D9%85%D8%AA%D8%B1%DB%8C%D9%88%D9%86%DB%8C%DA%A9/" "Mozilla/5.0 (Linux; Android 10; K) AppleWebKit/537.36 (KHTML, like Gecko) SamsungBrowser/28.0 Chrome/130.0.0.0 Mobile Safari/537.36"
37.32.18.3 - - [03/Jul/2025:14:35:35 +0000] "GET /wp-content/themes/mavadkonkoor-theme/assets/css/main.css?ver=1.0.73 HTTP/1.1" 200 14825 "https://mavadkonkoor.ir/%D8%B1%D8%B4%D8%AA%D9%87-%D9%85%D8%AA%D8%B1%DB%8C%D9%88%D9%86%DB%8C%DA%A9/" "Mozilla/5.0 (Linux; Android 10; K) AppleWebKit/537.36 (KHTML, like Gecko) SamsungBrowser/28.0 Chrome/130.0.0.0 Mobile Safari/537.36"
37.32.18.3 - - [03/Jul/2025:14:35:35 +0000] "GET /wp-content/themes/mavadkonkoor-theme/assets/fonts/yekan-bakh/yekan-bakh-regular.woff2 HTTP/1.1" 200 24620 "https://mavadkonkoor.ir/%D8%B1%D8%B4%D8%AA%D9%87-%D9%85%D8%AA%D8%B1%DB%8C%D9%88%D9%86%DB%8C%DA%A9/" "Mozilla/5.0 (Linux; Android 10; K) AppleWebKit/537.36 (KHTML, like Gecko) SamsungBrowser/28.0 Chrome/130.0.0.0 Mobile Safari/537.36"
37.32.18.3 - - [03/Jul/2025:14:35:35 +0000] "GET /wp-content/themes/mavadkonkoor-theme/assets/js/sweetalert2@11.js?ver=11.10.3 HTTP/1.1" 200 19494 "https://mavadkonkoor.ir/%D8%B1%D8%B4%D8%AA%D9%87-%D9%85%D8%AA%D8%B1%DB%8C%D9%88%D9%86%DB%8C%DA%A9/" "Mozilla/5.0 (Linux; Android 10; K) AppleWebKit/537.36 (KHTML, like Gecko) SamsungBrowser/28.0 Chrome/130.0.0.0 Mobile Safari/537.36"
37.32.18.3 - - [03/Jul/2025:14:35:35 +0000] "GET /wp-content/plugins/woocommerce/assets/js/frontend/add-to-cart.min.js?ver=9.9.5 HTTP/1.1" 200 1225 "https://mavadkonkoor.ir/%D8%B1%D8%B4%D8%AA%D9%87-%D9%85%D8%AA%D8%B1%DB%8C%D9%88%D9%86%DB%8C%DA%A9/" "Mozilla/5.0 (Linux; Android 10; K) AppleWebKit/537.36 (KHTML, like Gecko) SamsungBrowser/28.0 Chrome/130.0.0.0 Mobile Safari/537.36"
37.32.18.3 - - [03/Jul/2025:14:35:35 +0000] "GET /wp-content/themes/mavadkonkoor-theme/assets/js/ajax/comment-vote.js HTTP/1.1" 200 1284 "https://mavadkonkoor.ir/%D8%B1%D8%B4%D8%AA%D9%87-%D9%85%D8%AA%D8%B1%DB%8C%D9%88%D9%86%DB%8C%DA%A9/" "Mozilla/5.0 (Linux; Android 10; K) AppleWebKit/537.36 (KHTML, like Gecko) SamsungBrowser/28.0 Chrome/130.0.0.0 Mobile Safari/537.36"
37.32.18.3 - - [03/Jul/2025:14:35:35 +0000] "GET /wp-content/themes/mavadkonkoor-theme/assets/js/ajax/profile.js HTTP/1.1" 200 1464 "https://mavadkonkoor.ir/%D8%B1%D8%B4%D8%AA%D9%87-%D9%85%D8%AA%D8%B1%DB%8C%D9%88%D9%86%DB%8C%DA%A9/" "Mozilla/5.0 (Linux; Android 10; K) AppleWebKit/537.36 (KHTML, like Gecko) SamsungBrowser/28.0 Chrome/130.0.0.0 Mobile Safari/537.36"
37.32.18.3 - - [03/Jul/2025:14:35:35 +0000] "GET /wp-content/uploads/2024/10/rotbe-bartar-voice.png HTTP/1.1" 200 117370 "https://mavadkonkoor.ir/%D8%B1%D8%B4%D8%AA%D9%87-%D9%85%D8%AA%D8%B1%DB%8C%D9%88%D9%86%DB%8C%DA%A9/" "Mozilla/5.0 (Linux; Android 10; K) AppleWebKit/537.36 (KHTML, like Gecko) SamsungBrowser/28.0 Chrome/130.0.0.0 Mobile Safari/537.36"
37.32.18.3 - - [03/Jul/2025:14:35:35 +0000] "GET /wp-content/uploads/2024/07/footofan-mavadkonkoor.jpg HTTP/1.1" 200 160024 "https://mavadkonkoor.ir/%D8%B1%D8%B4%D8%AA%D9%87-%D9%85%D8%AA%D8%B1%DB%8C%D9%88%D9%86%DB%8C%DA%A9/" "Mozilla/5.0 (Linux; Android 10; K) AppleWebKit/537.36 (KHTML, like Gecko) SamsungBrowser/28.0 Chrome/130.0.0.0 Mobile Safari/537.36"
37.32.18.3 - - [03/Jul/2025:14:37:09 +0000] "GET /%D8%B1%D8%B4%D8%AA%D9%87-%D9%85%D8%AA%D8%B1%DB%8C%D9%88%D9%86%DB%8C%DA%A9/ HTTP/1.1" 200 44648 "-" "Mozilla/5.0 (Linux; Android 10; K) AppleWebKit/537.36 (KHTML, like Gecko) SamsungBrowser/28.0 Chrome/130.0.0.0 Mobile Safari/537.36"
37.32.18.3 - - [03/Jul/2025:14:35:35 +0000] "GET /wp-content/themes/mavadkonkoor-theme/assets/fonts/yekan-bakh/yekan-bakh-bold.woff2 HTTP/1.1" 200 24524 "https://mavadkonkoor.ir/%D8%B1%D8%B4%D8%AA%D9%87-%D9%85%D8%AA%D8%B1%DB%8C%D9%88%D9%86%DB%8C%DA%A9/" "Mozilla/5.0 (Linux; Android 10; K) AppleWebKit/537.36 (KHTML, like Gecko) SamsungBrowser/28.0 Chrome/130.0.0.0 Mobile Safari/537.36"
37.32.18.3 - - [03/Jul/2025:14:35:35 +0000] "GET /wp-content/plugins/woocommerce/assets/css/woocommerce-smallscreen-rtl.css?ver=9.9.5 HTTP/1.1" 200 1163 "https://mavadkonkoor.ir/%D8%B1%D8%B4%D8%AA%D9%87-%D9%85%D8%AA%D8%B1%DB%8C%D9%88%D9%86%DB%8C%DA%A9/" "Mozilla/5.0 (Linux; Android 10; K) AppleWebKit/537.36 (KHTML, like Gecko) SamsungBrowser/28.0 Chrome/130.0.0.0 Mobile Safari/537.36"
37.32.18.3 - - [03/Jul/2025:14:35:35 +0000] "GET /wp-includes/js/jquery/jquery-migrate.min.js?ver=3.4.1 HTTP/1.1" 200 4678 "https://mavadkonkoor.ir/%D8%B1%D8%B4%D8%AA%D9%87-%D9%85%D8%AA%D8%B1%DB%8C%D9%88%D9%86%DB%8C%DA%A9/" "Mozilla/5.0 (Linux; Android 10; K) AppleWebKit/537.36 (KHTML, like Gecko) SamsungBrowser/28.0 Chrome/130.0.0.0 Mobile Safari/537.36"
37.32.18.3 - - [03/Jul/2025:14:35:35 +0000] "GET /wp-content/plugins/woocommerce/assets/js/js-cookie/js.cookie.min.js?ver=2.1.4-wc.9.9.5 HTTP/1.1" 200 760 "https://mavadkonkoor.ir/%D8%B1%D8%B4%D8%AA%D9%87-%D9%85%D8%AA%D8%B1%DB%8C%D9%88%D9%86%DB%8C%DA%A9/" "Mozilla/5.0 (Linux; Android 10; K) AppleWebKit/537.36 (KHTML, like Gecko) SamsungBrowser/28.0 Chrome/130.0.0.0 Mobile Safari/537.36"
185.215.232.195 - - [03/Jul/2025:14:35:56 +0000] "GET /sed.php?path=%2Fhome%2Fmkk2new%2Flscache HTTP/1.1" 200 870 "-" "Mozilla/5.0 AppleWebKit/537.36 (KHTML, like Gecko; compatible; ClaudeBot/1.0; +claudebot@anthropic.com)"
89.45.48.75 - - [03/Jul/2025:14:37:20 +0000] "POST /wp-cron.php?doing_wp_cron=1751553440.3705909252166748046875 HTTP/1.1" 200 0 "-" "WordPress/6.8.1; https://mavadkonkoor.ir"
37.32.18.3 - - [03/Jul/2025:14:37:54 +0000] "GET /%D8%B1%D8%B4%D8%AA%D9%87-%D9%85%D8%AA%D8%B1%DB%8C%D9%88%D9%86%DB%8C%DA%A9/ HTTP/1.1" 200 44648 "-" "Mozilla/5.0 (Linux; Android 10; K) AppleWebKit/537.36 (KHTML, like Gecko) SamsungBrowser/28.0 Chrome/130.0.0.0 Mobile Safari/537.36"
37.32.18.3 - - [03/Jul/2025:14:38:15 +0000] "GET /wp-content/uploads/2024/07/%DA%A9%D8%AA%D8%A7%D8%A8-%D8%B4%DB%8C%D9%85%DB%8C-%D9%81%DB%8C%D8%B2%DB%8C%DA%A9-%D9%88-%D8%AA%D8%B1%D9%85%D9%88%D8%AF%DB%8C%D9%86%D8%A7%D9%85%DB%8C%DA%A9-%DA%A9%D9%86%DA%A9%D9%88%D8%B1-%D9%85%D9%87%D9%86%D8%AF%D8%B3%DB%8C-%D9%85%D9%88%D8%A7%D8%AF-1.jpg HTTP/1.1" 200 42637 "https://mavadkonkoor.ir/product-category/books/arshad-book/" "Mozilla/5.0 (Linux; Android 10; K) AppleWebKit/537.36 (KHTML, like Gecko) SamsungBrowser/28.0 Chrome/130.0.0.0 Mobile Safari/537.36"
37.32.18.3 - - [03/Jul/2025:14:38:32 +0000] "GET /product/%da%a9%d8%aa%d8%a7%d8%a8-%d8%aa%d8%b1%d9%85%d9%88%d8%af%db%8c%d9%86%d8%a7%d9%85%db%8c%da%a9-%da%a9%d9%86%da%a9%d9%88%d8%b1-%d9%85%d9%88%d8%a7%d8%af/ HTTP/1.1" 200 52188 "https://mavadkonkoor.ir/product-category/books/arshad-book/" "Mozilla/5.0 (Linux; Android 10; K) AppleWebKit/537.36 (KHTML, like Gecko) SamsungBrowser/28.0 Chrome/130.0.0.0 Mobile Safari/537.36"
37.32.18.3 - - [03/Jul/2025:14:38:46 +0000] "GET /wp-content/plugins/real3d-flipbook/css/flipbook.min.css?ver=3.70 HTTP/1.1" 200 5629 "https://mavadkonkoor.ir/product/%d9%85%d8%ac%d9%85%d9%88%d8%b9%d9%87-%da%a9%d8%aa%d8%a8-%d9%85%d9%88%d8%a7%d8%af-%da%a9%d9%86%da%a9%d9%88%d8%b1-%d9%88%db%8c%da%98%d9%87-%d8%a2%d8%b2%d9%85%d9%88%d9%86-%d8%a7%d8%b1%d8%b4%d8%af/" "Mozilla/5.0 (Linux; Android 10; K) AppleWebKit/537.36 (KHTML, like Gecko) SamsungBrowser/28.0 Chrome/130.0.0.0 Mobile Safari/537.36"
185.215.232.195 - - [03/Jul/2025:14:35:07 +0000] "GET /sed.php?path=%2Fhome%2Fmkk2new%2Fpublic_ftp HTTP/1.1" 200 856 "-" "Mozilla/5.0 AppleWebKit/537.36 (KHTML, like Gecko; compatible; ClaudeBot/1.0; +claudebot@anthropic.com)"
37.32.18.3 - - [03/Jul/2025:14:35:35 +0000] "GET /wp-content/plugins/woocommerce/assets/css/brands.css?ver=9.9.5 HTTP/1.1" 200 579 "https://mavadkonkoor.ir/%D8%B1%D8%B4%D8%AA%D9%87-%D9%85%D8%AA%D8%B1%DB%8C%D9%88%D9%86%DB%8C%DA%A9/" "Mozilla/5.0 (Linux; Android 10; K) AppleWebKit/537.36 (KHTML, like Gecko) SamsungBrowser/28.0 Chrome/130.0.0.0 Mobile Safari/537.36"
37.32.18.3 - - [03/Jul/2025:14:35:35 +0000] "GET /wp-content/plugins/woocommerce/assets/css/woocommerce-layout-rtl.css?ver=9.9.5 HTTP/1.1" 200 3159 "https://mavadkonkoor.ir/%D8%B1%D8%B4%D8%AA%D9%87-%D9%85%D8%AA%D8%B1%DB%8C%D9%88%D9%86%DB%8C%DA%A9/" "Mozilla/5.0 (Linux; Android 10; K) AppleWebKit/537.36 (KHTML, like Gecko) SamsungBrowser/28.0 Chrome/130.0.0.0 Mobile Safari/537.36"
37.32.18.3 - - [03/Jul/2025:14:35:35 +0000] "GET /wp-content/uploads/2024/07/metroyonic.jpg HTTP/1.1" 200 59677 "https://mavadkonkoor.ir/%D8%B1%D8%B4%D8%AA%D9%87-%D9%85%D8%AA%D8%B1%DB%8C%D9%88%D9%86%DB%8C%DA%A9/" "Mozilla/5.0 (Linux; Android 10; K) AppleWebKit/537.36 (KHTML, like Gecko) SamsungBrowser/28.0 Chrome/130.0.0.0 Mobile Safari/537.36"
37.32.18.3 - - [03/Jul/2025:14:35:35 +0000] "GET /wp-content/plugins/woocommerce/assets/client/blocks/wc-blocks-rtl.css?ver=wc-9.9.5 HTTP/1.1" 200 2357 "https://mavadkonkoor.ir/%D8%B1%D8%B4%D8%AA%D9%87-%D9%85%D8%AA%D8%B1%DB%8C%D9%88%D9%86%DB%8C%DA%A9/" "Mozilla/5.0 (Linux; Android 10; K) AppleWebKit/537.36 (KHTML, like Gecko) SamsungBrowser/28.0 Chrome/130.0.0.0 Mobile Safari/537.36"
37.32.18.3 - - [03/Jul/2025:14:35:35 +0000] "GET /wp-content/uploads/2019/07/moadele.webp HTTP/1.1" 200 4922 "https://mavadkonkoor.ir/%D8%B1%D8%B4%D8%AA%D9%87-%D9%85%D8%AA%D8%B1%DB%8C%D9%88%D9%86%DB%8C%DA%A9/" "Mozilla/5.0 (Linux; Android 10; K) AppleWebKit/537.36 (KHTML, like Gecko) SamsungBrowser/28.0 Chrome/130.0.0.0 Mobile Safari/537.36"
185.215.232.195 - - [03/Jul/2025:14:35:56 +0000] "GET /sed.php?filesrc=%2Fhome%2Fmkk2new%2F.bash_profile&path=%2Fhome%2Fmkk2new HTTP/1.1" 200 752 "-" "Mozilla/5.0 AppleWebKit/537.36 (KHTML, like Gecko; compatible; ClaudeBot/1.0; +claudebot@anthropic.com)"
37.32.18.3 - - [03/Jul/2025:14:37:23 +0000] "GET /wp-content/themes/mavadkonkoor-theme/assets/images/dependencies/angle-down.svg HTTP/1.1" 200 149 "https://mavadkonkoor.ir/wp-content/themes/mavadkonkoor-theme/assets/css/main.css?ver=1.0.73" "Mozilla/5.0 (Linux; Android 10; K) AppleWebKit/537.36 (KHTML, like Gecko) SamsungBrowser/28.0 Chrome/130.0.0.0 Mobile Safari/537.36"
37.32.18.3 - - [03/Jul/2025:14:37:31 +0000] "GET /product-category/%D8%A2%D8%B2%D9%85%D9%88%D9%86/%D8%A2%D8%B2%D9%85%D9%88%D9%86-%D8%A7%D8%B1%D8%B4%D8%AF-%D9%85%D9%87%D9%86%D8%AF%D8%B3%DB%8C-%D9%85%D9%88%D8%A7%D8%AF/ HTTP/1.1" 200 27246 "https://mavadkonkoor.ir/%D8%B1%D8%B4%D8%AA%D9%87-%D9%85%D8%AA%D8%B1%DB%8C%D9%88%D9%86%DB%8C%DA%A9/" "Mozilla/5.0 (Linux; Android 10; K) AppleWebKit/537.36 (KHTML, like Gecko) SamsungBrowser/28.0 Chrome/130.0.0.0 Mobile Safari/537.36"
185.215.232.195 - - [03/Jul/2025:14:38:14 +0000] "GET /sed.php?filesrc=%2Fhome%2Fmkk2new%2F.bash_logout&path=%2Fhome%2Fmkk2new HTTP/1.1" 200 646 "-" "Mozilla/5.0 AppleWebKit/537.36 (KHTML, like Gecko; compatible; ClaudeBot/1.0; +claudebot@anthropic.com)"
37.32.18.3 - - [03/Jul/2025:14:38:15 +0000] "GET /wp-content/uploads/2024/07/%DA%A9%D8%AA%D8%A7%D8%A8-%D8%AE%D9%88%D8%A7%D8%B5-%D9%85%DA%A9%D8%A7%D9%86%DB%8C%DA%A9%DB%8C-%DA%A9%D9%86%DA%A9%D9%88%D8%B1-%D9%85%D9%87%D9%86%D8%AF%D8%B3%DB%8C-%D9%85%D9%88%D8%A7%D8%AF-2.jpg HTTP/1.1" 200 40965 "https://mavadkonkoor.ir/product-category/books/arshad-book/" "Mozilla/5.0 (Linux; Android 10; K) AppleWebKit/537.36 (KHTML, like Gecko) SamsungBrowser/28.0 Chrome/130.0.0.0 Mobile Safari/537.36"
37.32.18.3 - - [03/Jul/2025:14:35:35 +0000] "GET /wp-content/themes/mavadkonkoor-theme/assets/js/swiper-bundle.min.js?ver=11.0.5 HTTP/1.1" 200 39606 "https://mavadkonkoor.ir/%D8%B1%D8%B4%D8%AA%D9%87-%D9%85%D8%AA%D8%B1%DB%8C%D9%88%D9%86%DB%8C%DA%A9/" "Mozilla/5.0 (Linux; Android 10; K) AppleWebKit/537.36 (KHTML, like Gecko) SamsungBrowser/28.0 Chrome/130.0.0.0 Mobile Safari/537.36"
37.32.18.3 - - [03/Jul/2025:14:35:35 +0000] "GET /wp-content/themes/mavadkonkoor-theme/assets/js/main.js?ver=1.0.73 HTTP/1.1" 200 3061 "https://mavadkonkoor.ir/%D8%B1%D8%B4%D8%AA%D9%87-%D9%85%D8%AA%D8%B1%DB%8C%D9%88%D9%86%DB%8C%DA%A9/" "Mozilla/5.0 (Linux; Android 10; K) AppleWebKit/537.36 (KHTML, like Gecko) SamsungBrowser/28.0 Chrome/130.0.0.0 Mobile Safari/537.36"
37.32.18.3 - - [03/Jul/2025:14:35:35 +0000] "GET /wp-content/uploads/2020/04/test-analysis.jpg HTTP/1.1" 200 50399 "https://mavadkonkoor.ir/%D8%B1%D8%B4%D8%AA%D9%87-%D9%85%D8%AA%D8%B1%DB%8C%D9%88%D9%86%DB%8C%DA%A9/" "Mozilla/5.0 (Linux; Android 10; K) AppleWebKit/537.36 (KHTML, like Gecko) SamsungBrowser/28.0 Chrome/130.0.0.0 Mobile Safari/537.36"
37.32.18.3 - - [03/Jul/2025:14:35:37 +0000] "GET /wp-content/uploads/2024/07/cropped-fav-180x180.png HTTP/1.1" 200 21418 "https://mavadkonkoor.ir/%D8%B1%D8%B4%D8%AA%D9%87-%D9%85%D8%AA%D8%B1%DB%8C%D9%88%D9%86%DB%8C%DA%A9/" "Mozilla/5.0 (Linux; Android 10; K) AppleWebKit/537.36 (KHTML, like Gecko) SamsungBrowser/28.0 Chrome/130.0.0.0 Mobile Safari/537.36"
37.32.18.3 - - [03/Jul/2025:14:35:37 +0000] "GET /wp-content/uploads/2024/07/cropped-fav-192x192.png HTTP/1.1" 200 23369 "https://mavadkonkoor.ir/%D8%B1%D8%B4%D8%AA%D9%87-%D9%85%D8%AA%D8%B1%DB%8C%D9%88%D9%86%DB%8C%DA%A9/" "Mozilla/5.0 (Linux; Android 10; K) AppleWebKit/537.36 (KHTML, like Gecko) SamsungBrowser/28.0 Chrome/130.0.0.0 Mobile Safari/537.36"
89.45.48.75 - - [03/Jul/2025:14:37:38 +0000] "POST /wp-cron.php?doing_wp_cron=1751553458.7461059093475341796875 HTTP/1.1" 200 0 "-" "WordPress/6.8.1; https://mavadkonkoor.ir"
37.32.18.3 - - [03/Jul/2025:14:38:15 +0000] "GET /wp-content/uploads/2024/07/%DA%A9%D8%AA%D8%A7%D8%A8-%D8%AC%D9%85%D8%B9-%D8%A8%D9%86%D8%AF%DB%8C-%D8%AF%D8%B1%D9%88%D8%B3-%D9%85%D9%87%D9%86%D8%AF%D8%B3%DB%8C-%D9%85%D9%88%D8%A7%D8%AF-%D8%AF%D8%B1-%DA%A9%D9%86%DA%A9%D9%88%D8%B1-%D9%86%D8%A7%D9%86%D9%88-1.jpg HTTP/1.1" 200 43884 "https://mavadkonkoor.ir/product-category/books/arshad-book/" "Mozilla/5.0 (Linux; Android 10; K) AppleWebKit/537.36 (KHTML, like Gecko) SamsungBrowser/28.0 Chrome/130.0.0.0 Mobile Safari/537.36"
37.32.18.3 - - [03/Jul/2025:14:38:46 +0000] "GET /wp-includes/js/dist/dom-ready.min.js?ver=f77871ff7694fffea381 HTTP/1.1" 200 275 "https://mavadkonkoor.ir/product/%d9%85%d8%ac%d9%85%d9%88%d8%b9%d9%87-%da%a9%d8%aa%d8%a8-%d9%85%d9%88%d8%a7%d8%af-%da%a9%d9%86%da%a9%d9%88%d8%b1-%d9%88%db%8c%da%98%d9%87-%d8%a2%d8%b2%d9%85%d9%88%d9%86-%d8%a7%d8%b1%d8%b4%d8%af/" "Mozilla/5.0 (Linux; Android 10; K) AppleWebKit/537.36 (KHTML, like Gecko) SamsungBrowser/28.0 Chrome/130.0.0.0 Mobile Safari/537.36"
37.32.18.3 - - [03/Jul/2025:14:38:46 +0000] "GET /wp-content/plugins/gravityforms/assets/css/dist/gravity-forms-theme-framework.min.css?ver=2.9.9.1 HTTP/1.1" 200 20549 "https://mavadkonkoor.ir/product/%d9%85%d8%ac%d9%85%d9%88%d8%b9%d9%87-%da%a9%d8%aa%d8%a8-%d9%85%d9%88%d8%a7%d8%af-%da%a9%d9%86%da%a9%d9%88%d8%b1-%d9%88%db%8c%da%98%d9%87-%d8%a2%d8%b2%d9%85%d9%88%d9%86-%d8%a7%d8%b1%d8%b4%d8%af/" "Mozilla/5.0 (Linux; Android 10; K) AppleWebKit/537.36 (KHTML, like Gecko) SamsungBrowser/28.0 Chrome/130.0.0.0 Mobile Safari/537.36"
37.32.18.3 - - [03/Jul/2025:14:38:46 +0000] "GET /wp-content/plugins/real3d-flipbook/js/embed.js?ver=3.70 HTTP/1.1" 200 2076 "https://mavadkonkoor.ir/product/%d9%85%d8%ac%d9%85%d9%88%d8%b9%d9%87-%da%a9%d8%aa%d8%a8-%d9%85%d9%88%d8%a7%d8%af-%da%a9%d9%86%da%a9%d9%88%d8%b1-%d9%88%db%8c%da%98%d9%87-%d8%a2%d8%b2%d9%85%d9%88%d9%86-%d8%a7%d8%b1%d8%b4%d8%af/" "Mozilla/5.0 (Linux; Android 10; K) AppleWebKit/537.36 (KHTML, like Gecko) SamsungBrowser/28.0 Chrome/130.0.0.0 Mobile Safari/537.36"
185.215.232.191 - - [03/Jul/2025:14:35:29 +0000] "GET /xmlrpc.php HTTP/1.1" 405 46 "http://mavadkonkoor.ir" "Mozilla/5.0 (Windows NT 10.0; Win64; x64) AppleWebKit/537.36 (KHTML, like Gecko) Chrome/115.0.5790.171 Safari/537.36 Edg/115.0.1901.203"
37.32.18.3 - - [03/Jul/2025:14:35:35 +0000] "GET /wp-includes/css/dist/block-library/style-rtl.min.css?ver=6.8.1 HTTP/1.1" 200 14313 "https://mavadkonkoor.ir/%D8%B1%D8%B4%D8%AA%D9%87-%D9%85%D8%AA%D8%B1%DB%8C%D9%88%D9%86%DB%8C%DA%A9/" "Mozilla/5.0 (Linux; Android 10; K) AppleWebKit/537.36 (KHTML, like Gecko) SamsungBrowser/28.0 Chrome/130.0.0.0 Mobile Safari/537.36"
37.32.18.3 - - [03/Jul/2025:14:35:35 +0000] "GET /wp-content/plugins/woocommerce/assets/css/woocommerce-rtl.css?ver=9.9.5 HTTP/1.1" 200 10173 "https://mavadkonkoor.ir/%D8%B1%D8%B4%D8%AA%D9%87-%D9%85%D8%AA%D8%B1%DB%8C%D9%88%D9%86%DB%8C%DA%A9/" "Mozilla/5.0 (Linux; Android 10; K) AppleWebKit/537.36 (KHTML, like Gecko) SamsungBrowser/28.0 Chrome/130.0.0.0 Mobile Safari/537.36"
37.32.18.3 - - [03/Jul/2025:14:35:35 +0000] "GET /wp-content/themes/mavadkonkoor-theme/assets/images/dependencies/md-header.svg HTTP/1.1" 200 575 "https://mavadkonkoor.ir/wp-content/themes/mavadkonkoor-theme/assets/css/main.css?ver=1.0.73" "Mozilla/5.0 (Linux; Android 10; K) AppleWebKit/537.36 (KHTML, like Gecko) SamsungBrowser/28.0 Chrome/130.0.0.0 Mobile Safari/537.36"
37.32.18.3 - - [03/Jul/2025:14:35:35 +0000] "GET /wp-content/themes/mavadkonkoor-theme/assets/images/logo/logo.png HTTP/1.1" 200 8350 "https://mavadkonkoor.ir/%D8%B1%D8%B4%D8%AA%D9%87-%D9%85%D8%AA%D8%B1%DB%8C%D9%88%D9%86%DB%8C%DA%A9/" "Mozilla/5.0 (Linux; Android 10; K) AppleWebKit/537.36 (KHTML, like Gecko) SamsungBrowser/28.0 Chrome/130.0.0.0 Mobile Safari/537.36"
185.215.232.195 - - [03/Jul/2025:14:36:38 +0000] "GET /sed.php?path=%2Fhome%2Fescapezoom HTTP/1.1" 200 2124 "-" "Mozilla/5.0 AppleWebKit/537.36 (KHTML, like Gecko; compatible; ClaudeBot/1.0; +claudebot@anthropic.com)"
37.32.18.3 - - [03/Jul/2025:14:37:29 +0000] "GET /product-category/%D8%A2%D8%B2%D9%85%D9%88%D9%86/%D8%A2%D8%B2%D9%85%D9%88%D9%86-%D8%A7%D8%B1%D8%B4%D8%AF-%D9%85%D9%87%D9%86%D8%AF%D8%B3%DB%8C-%D9%85%D9%88%D8%A7%D8%AF/ HTTP/1.1" 200 27246 "https://mavadkonkoor.ir/%D8%B1%D8%B4%D8%AA%D9%87-%D9%85%D8%AA%D8%B1%DB%8C%D9%88%D9%86%DB%8C%DA%A9/" "Mozilla/5.0 (Linux; Android 10; K) AppleWebKit/537.36 (KHTML, like Gecko) SamsungBrowser/28.0 Chrome/130.0.0.0 Mobile Safari/537.36"
37.32.18.3 - - [03/Jul/2025:14:38:01 +0000] "GET /product-category/books/arshad-book/ HTTP/1.1" 200 27947 "https://mavadkonkoor.ir/product-category/%D8%A2%D8%B2%D9%85%D9%88%D9%86/%D8%A2%D8%B2%D9%85%D9%88%D9%86-%D8%A7%D8%B1%D8%B4%D8%AF-%D9%85%D9%87%D9%86%D8%AF%D8%B3%DB%8C-%D9%85%D9%88%D8%A7%D8%AF/" "Mozilla/5.0 (Linux; Android 10; K) AppleWebKit/537.36 (KHTML, like Gecko) SamsungBrowser/28.0 Chrome/130.0.0.0 Mobile Safari/537.36"
37.32.18.3 - - [03/Jul/2025:14:38:15 +0000] "GET /wp-content/uploads/2024/07/%DA%A9%D8%AA%D8%A7%D8%A8-%D8%AC%D9%85%D8%B9-%D8%A8%D9%86%D8%AF%DB%8C-%DA%A9%D9%86%DA%A9%D9%88%D8%B1-%D8%AF%DA%A9%D8%AA%D8%B1%DB%8C-%D9%85%D9%87%D9%86%D8%AF%D8%B3%DB%8C-%D9%85%D9%88%D8%A7%D8%AF-%D9%88-%D9%85%D8%AA%D8%A7%D9%84%D9%88%DA%98%DB%8C-1-1.jpg HTTP/1.1" 200 54391 "https://mavadkonkoor.ir/product-category/books/arshad-book/" "Mozilla/5.0 (Linux; Android 10; K) AppleWebKit/537.36 (KHTML, like Gecko) SamsungBrowser/28.0 Chrome/130.0.0.0 Mobile Safari/537.36"
37.32.18.3 - - [03/Jul/2025:14:38:33 +0000] "GET /product/%d9%85%d8%ac%d9%85%d9%88%d8%b9%d9%87-%da%a9%d8%aa%d8%a8-%d9%85%d9%88%d8%a7%d8%af-%da%a9%d9%86%da%a9%d9%88%d8%b1-%d9%88%db%8c%da%98%d9%87-%d8%a2%d8%b2%d9%85%d9%88%d9%86-%d8%a7%d8%b1%d8%b4%d8%af/ HTTP/1.1" 200 55925 "https://mavadkonkoor.ir/product-category/books/arshad-book/" "Mozilla/5.0 (Linux; Android 10; K) AppleWebKit/537.36 (KHTML, like Gecko) SamsungBrowser/28.0 Chrome/130.0.0.0 Mobile Safari/537.36"
37.32.18.3 - - [03/Jul/2025:14:35:35 +0000] "GET /wp-content/themes/mavadkonkoor-theme/assets/css/swiper-bundle.min.css?ver=11.0.5 HTTP/1.1" 200 4493 "https://mavadkonkoor.ir/%D8%B1%D8%B4%D8%AA%D9%87-%D9%85%D8%AA%D8%B1%DB%8C%D9%88%D9%86%DB%8C%DA%A9/" "Mozilla/5.0 (Linux; Android 10; K) AppleWebKit/537.36 (KHTML, like Gecko) SamsungBrowser/28.0 Chrome/130.0.0.0 Mobile Safari/537.36"
37.32.18.3 - - [03/Jul/2025:14:35:35 +0000] "GET /wp-content/plugins/woocommerce/assets/js/jquery-blockui/jquery.blockUI.min.js?ver=2.7.0-wc.9.9.5 HTTP/1.1" 200 3277 "https://mavadkonkoor.ir/%D8%B1%D8%B4%D8%AA%D9%87-%D9%85%D8%AA%D8%B1%DB%8C%D9%88%D9%86%DB%8C%DA%A9/" "Mozilla/5.0 (Linux; Android 10; K) AppleWebKit/537.36 (KHTML, like Gecko) SamsungBrowser/28.0 Chrome/130.0.0.0 Mobile Safari/537.36"
185.215.232.195 - - [03/Jul/2025:14:37:19 +0000] "GET /sed.php?path=%2Fhome%2Fgoriza HTTP/1.1" 200 682 "-" "Mozilla/5.0 AppleWebKit/537.36 (KHTML, like Gecko; compatible; ClaudeBot/1.0; +claudebot@anthropic.com)"
185.215.232.195 - - [03/Jul/2025:14:37:19 +0000] "GET /sed.php?path=%2Fhome%2Fmkk2new%2F.cpanel HTTP/1.1" 200 1128 "-" "Mozilla/5.0 AppleWebKit/537.36 (KHTML, like Gecko; compatible; ClaudeBot/1.0; +claudebot@anthropic.com)"
37.32.18.3 - - [03/Jul/2025:14:38:22 +0000] "GET /product/%da%a9%d8%aa%d8%a7%d8%a8-%d8%ac%d9%85%d8%b9-%d8%a8%d9%86%d8%af%db%8c-%da%a9%d9%86%da%a9%d9%88%d8%b1-%d9%86%d8%a7%d9%86%d9%88/ HTTP/1.1" 200 50887 "https://mavadkonkoor.ir/product-category/books/arshad-book/" "Mozilla/5.0 (Linux; Android 10; K) AppleWebKit/537.36 (KHTML, like Gecko) SamsungBrowser/28.0 Chrome/130.0.0.0 Mobile Safari/537.36"
37.32.18.3 - - [03/Jul/2025:14:38:46 +0000] "GET /wp-content/plugins/woocommerce/assets/js/frontend/single-product.min.js?ver=9.9.5 HTTP/1.1" 200 2497 "https://mavadkonkoor.ir/product/%d9%85%d8%ac%d9%85%d9%88%d8%b9%d9%87-%da%a9%d8%aa%d8%a8-%d9%85%d9%88%d8%a7%d8%af-%da%a9%d9%86%da%a9%d9%88%d8%b1-%d9%88%db%8c%da%98%d9%87-%d8%a2%d8%b2%d9%85%d9%88%d9%86-%d8%a7%d8%b1%d8%b4%d8%af/" "Mozilla/5.0 (Linux; Android 10; K) AppleWebKit/537.36 (KHTML, like Gecko) SamsungBrowser/28.0 Chrome/130.0.0.0 Mobile Safari/537.36"
37.32.18.3 - - [03/Jul/2025:14:38:46 +0000] "GET /wp-content/plugins/gravityforms/assets/css/dist/gravity-forms-orbital-theme.min.css?ver=2.9.9.1 HTTP/1.1" 200 0 "https://mavadkonkoor.ir/product/%d9%85%d8%ac%d9%85%d9%88%d8%b9%d9%87-%da%a9%d8%aa%d8%a8-%d9%85%d9%88%d8%a7%d8%af-%da%a9%d9%86%da%a9%d9%88%d8%b1-%d9%88%db%8c%da%98%d9%87-%d8%a2%d8%b2%d9%85%d9%88%d9%86-%d8%a7%d8%b1%d8%b4%d8%af/" "Mozilla/5.0 (Linux; Android 10; K) AppleWebKit/537.36 (KHTML, like Gecko) SamsungBrowser/28.0 Chrome/130.0.0.0 Mobile Safari/537.36"
37.32.18.3 - - [03/Jul/2025:14:38:46 +0000] "GET /wp-content/plugins/gravityforms/js/gravityforms.min.js?ver=2.9.9.1 HTTP/1.1" 200 13025 "https://mavadkonkoor.ir/product/%d9%85%d8%ac%d9%85%d9%88%d8%b9%d9%87-%da%a9%d8%aa%d8%a8-%d9%85%d9%88%d8%a7%d8%af-%da%a9%d9%86%da%a9%d9%88%d8%b1-%d9%88%db%8c%da%98%d9%87-%d8%a2%d8%b2%d9%85%d9%88%d9%86-%d8%a7%d8%b1%d8%b4%d8%af/" "Mozilla/5.0 (Linux; Android 10; K) AppleWebKit/537.36 (KHTML, like Gecko) SamsungBrowser/28.0 Chrome/130.0.0.0 Mobile Safari/537.36"
185.215.232.191 - - [03/Jul/2025:14:39:23 +0000] "GET /login/?backUrl=/ HTTP/1.1" 200 28298 "-" "Mozilla/5.0 (compatible; MJ12bot/v1.4.8; http://mj12bot.com/)"
37.32.18.3 - - [03/Jul/2025:14:39:37 +0000] "GET /product-category/books/arshad-book/ HTTP/1.1" 200 27947 "https://mavadkonkoor.ir/product-category/%D8%A2%D8%B2%D9%85%D9%88%D9%86/%D8%A2%D8%B2%D9%85%D9%88%D9%86-%D8%A7%D8%B1%D8%B4%D8%AF-%D9%85%D9%87%D9%86%D8%AF%D8%B3%DB%8C-%D9%85%D9%88%D8%A7%D8%AF/" "Mozilla/5.0 (Linux; Android 10; K) AppleWebKit/537.36 (KHTML, like Gecko) SamsungBrowser/28.0 Chrome/130.0.0.0 Mobile Safari/537.36"
185.215.232.200 - - [03/Jul/2025:14:40:24 +0000] "GET /wp-includes/css/dist/block-library/style-rtl.min.css?ver=6.8.1 HTTP/1.1" 200 14313 "https://mavadkonkoor.ir/" "Mozilla/5.0 (Linux; Android 5.0) AppleWebKit/537.36 (KHTML, like Gecko) Mobile Safari/537.36 (compatible; Bytespider; spider-feedback@bytedance.com)"
