185.215.232.200 - - [03/Jul/2025:19:15:22 +0000] "GET /wp-content/uploads/2024/07/%DA%A9%D8%AA%D8%A7%D8%A8-%D8%AE%D9%88%D8%A7%D8%B5-%D9%85%DA%A9%D8%A7%D9%86%DB%8C%DA%A9%DB%8C-%DA%A9%D9%86%DA%A9%D9%88%D8%B1-%D9%85%D9%87%D9%86%D8%AF%D8%B3%DB%8C-%D9%85%D9%88%D8%A7%D8%AF-2.jpg HTTP/1.1" 206 500 "https://mavadkonkoor.ir/" "Mozilla/5.0 (Linux; Android 5.0) AppleWebKit/537.36 (KHTML, like Gecko) Mobile Safari/537.36 (compatible; Bytespider; spider-feedback@bytedance.com)"
185.215.232.200 - - [03/Jul/2025:19:15:22 +0000] "GET /wp-content/uploads/2024/07/%D8%B1%D9%88%D8%B4-%D9%87%D8%A7%DB%8C-%D8%B4%D9%86%D8%A7%D8%B3%D8%A7%DB%8C%DB%8C-%D9%88-%D8%A2%D9%86%D8%A7%D9%84%DB%8C%D8%B2-%DA%A9%D9%86%DA%A9%D9%88%D8%B1-%D8%AF%DA%A9%D8%AA%D8%B1%DB%8C-%D9%85%D9%87%D9%86%D8%AF%D8%B3%DB%8C-%D9%85%D9%88%D8%A7%D8%AF.jpg HTTP/1.1" 206 500 "https://mavadkonkoor.ir/" "Mozilla/5.0 (Linux; Android 5.0) AppleWebKit/537.36 (KHTML, like Gecko) Mobile Safari/537.36 (compatible; Bytespider; spider-feedback@bytedance.com)"
185.215.232.200 - - [03/Jul/2025:19:15:24 +0000] "GET /wp-content/themes/mavadkonkoor-theme/assets/images/dependencies/home-bg-middle.jpg HTTP/1.1" 206 500 "https://mavadkonkoor.ir/wp-content/themes/mavadkonkoor-theme/assets/css/main.css?ver=1.0.73" "Mozilla/5.0 (Linux; Android 5.0) AppleWebKit/537.36 (KHTML, like Gecko) Mobile Safari/537.36 (compatible; Bytespider; spider-feedback@bytedance.com)"
185.215.232.200 - - [03/Jul/2025:19:15:24 +0000] "GET /wp-content/themes/mavadkonkoor-theme/assets/images/dependencies/mask-exam.svg HTTP/1.1" 206 500 "https://mavadkonkoor.ir/wp-content/themes/mavadkonkoor-theme/assets/css/main.css?ver=1.0.73" "Mozilla/5.0 (Linux; Android 5.0) AppleWebKit/537.36 (KHTML, like Gecko) Mobile Safari/537.36 (compatible; Bytespider; spider-feedback@bytedance.com)"
185.215.232.195 - - [03/Jul/2025:19:15:50 +0000] "GET /sed.php?filesrc=%2Fhome%2Fmkk2new%2Fpublic_html%2Fwp-admin%2Fjs%2Fpost.min.js&path=%2Fhome%2Fmkk2new%2Fpublic_html%2Fwp-admin%2Fjs HTTP/1.1" 200 7523 "-" "Mozilla/5.0 AppleWebKit/537.36 (KHTML, like Gecko; compatible; ClaudeBot/1.0; +claudebot@anthropic.com)"
185.215.232.195 - - [03/Jul/2025:19:16:29 +0000] "GET /sed.php?filesrc=%2Fhome%2Fmkk2new%2Fpublic_html%2Fwp-includes%2Fblocks%2Fcategories.php&path=%2Fhome%2Fmkk2new%2Fpublic_html%2Fwp-includes%2Fblocks HTTP/1.1" 200 2255 "-" "Mozilla/5.0 AppleWebKit/537.36 (KHTML, like Gecko; compatible; ClaudeBot/1.0; +claudebot@anthropic.com)"
89.45.48.75 - - [03/Jul/2025:19:18:14 +0000] "POST /wp-cron.php?doing_wp_cron=1751570294.0476310253143310546875 HTTP/1.1" 200 0 "-" "WordPress/6.8.1; https://mavadkonkoor.ir"
185.215.232.195 - - [03/Jul/2025:19:15:50 +0000] "GET /sed.php?filesrc=%2Fhome%2Fmkk2new%2Fpublic_html%2Fwp-includes%2Fblocks%2Fpattern.php&path=%2Fhome%2Fmkk2new%2Fpublic_html%2Fwp-includes%2Fblocks HTTP/1.1" 200 1487 "-" "Mozilla/5.0 AppleWebKit/537.36 (KHTML, like Gecko; compatible; ClaudeBot/1.0; +claudebot@anthropic.com)"
89.45.48.75 - - [03/Jul/2025:19:15:16 +0000] "POST /wp-cron.php?doing_wp_cron=1751570116.3092210292816162109375 HTTP/1.1" 200 0 "-" "WordPress/6.8.1; https://mavadkonkoor.ir"
185.215.232.200 - - [03/Jul/2025:19:15:18 +0000] "GET /wp-content/plugins/woocommerce/assets/css/woocommerce-rtl.css?ver=9.9.5 HTTP/1.1" 200 10173 "https://mavadkonkoor.ir/" "Mozilla/5.0 (Linux; Android 5.0) AppleWebKit/537.36 (KHTML, like Gecko) Mobile Safari/537.36 (compatible; Bytespider; spider-feedback@bytedance.com)"
185.215.232.200 - - [03/Jul/2025:19:15:19 +0000] "GET /wp-content/plugins/gravityforms/assets/css/dist/gravity-forms-theme-framework.min.css?ver=2.9.9.1 HTTP/1.1" 200 20549 "https://mavadkonkoor.ir/" "Mozilla/5.0 (Linux; Android 5.0) AppleWebKit/537.36 (KHTML, like Gecko) Mobile Safari/537.36 (compatible; Bytespider; spider-feedback@bytedance.com)"
185.215.232.200 - - [03/Jul/2025:19:15:20 +0000] "GET /wp-content/themes/mavadkonkoor-theme/assets/images/dependencies/bottom-showcase-md.svg HTTP/1.1" 206 500 "https://mavadkonkoor.ir/wp-content/themes/mavadkonkoor-theme/assets/css/main.css?ver=1.0.73" "Mozilla/5.0 (Linux; Android 5.0) AppleWebKit/537.36 (KHTML, like Gecko) Mobile Safari/537.36 (compatible; Bytespider; spider-feedback@bytedance.com)"
185.215.232.200 - - [03/Jul/2025:19:15:21 +0000] "GET /wp-content/uploads/2024/07/%D8%AE%D9%88%D8%A7%D8%B5-%D9%81%DB%8C%D8%B2%DB%8C%DA%A9%DB%8C-%D9%85%D9%88%D8%A7%D8%AF-1.jpg HTTP/1.1" 206 500 "https://mavadkonkoor.ir/" "Mozilla/5.0 (Linux; Android 5.0) AppleWebKit/537.36 (KHTML, like Gecko) Mobile Safari/537.36 (compatible; Bytespider; spider-feedback@bytedance.com)"
185.215.232.200 - - [03/Jul/2025:19:15:21 +0000] "GET /wp-content/uploads/2024/07/%DA%A9%D8%AA%D8%A7%D8%A8-%D8%AC%D9%85%D8%B9-%D8%A8%D9%86%D8%AF%DB%8C-%DA%A9%D9%86%DA%A9%D9%88%D8%B1-%D8%A7%D8%B1%D8%B4%D8%AF-%D9%85%D9%87%D9%86%D8%AF%D8%B3%DB%8C-%D9%85%D9%88%D8%A7%D8%AF-2.jpg HTTP/1.1" 206 500 "https://mavadkonkoor.ir/" "Mozilla/5.0 (Linux; Android 5.0) AppleWebKit/537.36 (KHTML, like Gecko) Mobile Safari/537.36 (compatible; Bytespider; spider-feedback@bytedance.com)"
185.215.232.195 - - [03/Jul/2025:19:15:21 +0000] "GET /sed.php?path=%2Fhome%2Fmkk2new%2Fpublic_html%2Fwp-content%2Fplugins%2Fwoocommerce HTTP/1.1" 200 1311 "-" "Mozilla/5.0 AppleWebKit/537.36 (KHTML, like Gecko; compatible; ClaudeBot/1.0; +claudebot@anthropic.com)"
185.215.232.200 - - [03/Jul/2025:19:15:23 +0000] "GET /wp-content/uploads/2024/07/ode-class-mavadkonkoor.jpg HTTP/1.1" 206 500 "https://mavadkonkoor.ir/" "Mozilla/5.0 (Linux; Android 5.0) AppleWebKit/537.36 (KHTML, like Gecko) Mobile Safari/537.36 (compatible; Bytespider; spider-feedback@bytedance.com)"
185.215.232.195 - - [03/Jul/2025:19:15:49 +0000] "GET /sed.php?filesrc=%2Fhome%2Fmkk2new%2Fpublic_html%2Fwp-admin%2Fjs%2Fmedia-gallery.min.js&path=%2Fhome%2Fmkk2new%2Fpublic_html%2Fwp-admin%2Fjs HTTP/1.1" 200 1019 "-" "Mozilla/5.0 AppleWebKit/537.36 (KHTML, like Gecko; compatible; ClaudeBot/1.0; +claudebot@anthropic.com)"
185.215.232.200 - - [03/Jul/2025:19:11:04 +0000] "GET /category/news/ HTTP/1.1" 200 26742 "-" "Mozilla/5.0 (Linux; Android 5.0) AppleWebKit/537.36 (KHTML, like Gecko) Mobile Safari/537.36 (compatible; Bytespider; spider-feedback@bytedance.com)"
185.215.232.200 - - [03/Jul/2025:19:15:18 +0000] "GET /wp-content/themes/mavadkonkoor-theme/assets/css/swiper-bundle.min.css?ver=11.0.5 HTTP/1.1" 200 4493 "https://mavadkonkoor.ir/" "Mozilla/5.0 (Linux; Android 5.0) AppleWebKit/537.36 (KHTML, like Gecko) Mobile Safari/537.36 (compatible; Bytespider; spider-feedback@bytedance.com)"
185.215.232.200 - - [03/Jul/2025:19:15:21 +0000] "GET /wp-content/uploads/2024/07/%DA%A9%D8%AA%D8%A7%D8%A8-%D8%AC%D9%85%D8%B9-%D8%A8%D9%86%D8%AF%DB%8C-%D8%AF%D8%B1%D9%88%D8%B3-%D9%85%D9%87%D9%86%D8%AF%D8%B3%DB%8C-%D9%85%D9%88%D8%A7%D8%AF-%D8%AF%D8%B1-%DA%A9%D9%86%DA%A9%D9%88%D8%B1-%D9%86%D8%A7%D9%86%D9%88-1.jpg HTTP/1.1" 206 500 "https://mavadkonkoor.ir/" "Mozilla/5.0 (Linux; Android 5.0) AppleWebKit/537.36 (KHTML, like Gecko) Mobile Safari/537.36 (compatible; Bytespider; spider-feedback@bytedance.com)"
185.215.232.195 - - [03/Jul/2025:19:15:21 +0000] "GET /sed.php?filesrc=%2Fhome%2Fmkk2new%2Fpublic_html%2Fwp-includes%2Fcustomize%2Fclass-wp-widget-area-customize-control.php&path=%2Fhome%2Fmkk2new%2Fpublic_html%2Fwp-includes%2Fcustomize HTTP/1.1" 200 1421 "-" "Mozilla/5.0 AppleWebKit/537.36 (KHTML, like Gecko; compatible; ClaudeBot/1.0; +claudebot@anthropic.com)"
185.215.232.195 - - [03/Jul/2025:19:15:21 +0000] "GET /sed.php?filesrc=%2Fhome%2Fmkk2new%2Fpublic_html%2Fwp-admin%2Fjs%2Fupdates.min.js&path=%2Fhome%2Fmkk2new%2Fpublic_html%2Fwp-admin%2Fjs HTTP/1.1" 200 12393 "-" "Mozilla/5.0 AppleWebKit/537.36 (KHTML, like Gecko; compatible; ClaudeBot/1.0; +claudebot@anthropic.com)"
185.215.232.200 - - [03/Jul/2025:19:15:23 +0000] "GET /wp-content/themes/mavadkonkoor-theme/assets/images/dependencies/home-bg-middle-mask.svg HTTP/1.1" 206 500 "https://mavadkonkoor.ir/wp-content/themes/mavadkonkoor-theme/assets/css/main.css?ver=1.0.73" "Mozilla/5.0 (Linux; Android 5.0) AppleWebKit/537.36 (KHTML, like Gecko) Mobile Safari/537.36 (compatible; Bytespider; spider-feedback@bytedance.com)"
185.215.232.195 - - [03/Jul/2025:19:16:28 +0000] "GET /sed.php?filesrc=%2Fhome%2Fmkk2new%2Fpublic_html%2Fwp-admin%2Fjs%2Fpassword-strength-meter.min.js&path=%2Fhome%2Fmkk2new%2Fpublic_html%2Fwp-admin%2Fjs HTTP/1.1" 200 1287 "-" "Mozilla/5.0 AppleWebKit/537.36 (KHTML, like Gecko; compatible; ClaudeBot/1.0; +claudebot@anthropic.com)"
185.215.232.195 - - [03/Jul/2025:19:16:28 +0000] "GET /sed.php?filesrc=%2Fhome%2Fmkk2new%2Fpublic_html%2Fwp-includes%2Fjs%2Fwp-emoji.min.js&path=%2Fhome%2Fmkk2new%2Fpublic_html%2Fwp-includes%2Fjs HTTP/1.1" 200 2158 "-" "Mozilla/5.0 AppleWebKit/537.36 (KHTML, like Gecko; compatible; ClaudeBot/1.0; +claudebot@anthropic.com)"
185.215.232.195 - - [03/Jul/2025:19:10:10 +0000] "GET /sed.php?filesrc=%2Fhome%2Fmkk2new%2Fpublic_html%2Fwp-includes%2Fblocks%2Frss.php&path=%2Fhome%2Fmkk2new%2Fpublic_html%2Fwp-includes%2Fblocks HTTP/1.1" 200 2289 "-" "Mozilla/5.0 AppleWebKit/537.36 (KHTML, like Gecko; compatible; ClaudeBot/1.0; +claudebot@anthropic.com)"
89.45.48.75 - - [03/Jul/2025:19:13:06 +0000] "POST /wp-cron.php?doing_wp_cron=1751569986.3139159679412841796875 HTTP/1.1" 200 0 "-" "WordPress/6.8.1; https://mavadkonkoor.ir"
185.215.232.200 - - [03/Jul/2025:19:15:04 +0000] "GET / HTTP/1.1" 200 47888 "-" "Mozilla/5.0 (Linux; Android 5.0) AppleWebKit/537.36 (KHTML, like Gecko) Mobile Safari/537.36 (compatible; Bytespider; spider-feedback@bytedance.com)"
185.215.232.200 - - [03/Jul/2025:19:15:21 +0000] "GET /wp-content/uploads/2024/08/bf8c26df-a86d-46df-a70f-2b741da650e9.jpg HTTP/1.1" 206 500 "https://mavadkonkoor.ir/" "Mozilla/5.0 (Linux; Android 5.0) AppleWebKit/537.36 (KHTML, like Gecko) Mobile Safari/537.36 (compatible; Bytespider; spider-feedback@bytedance.com)"
185.215.232.195 - - [03/Jul/2025:19:15:22 +0000] "GET /sed.php?filesrc=%2Fhome%2Fmkk2new%2Fpublic_html%2Fwp-content%2Fbackups-dup-pro%2Frobots.txt&path=%2Fhome%2Fmkk2new%2Fpublic_html%2Fwp-content%2Fbackups-dup-pro HTTP/1.1" 200 702 "-" "Mozilla/5.0 AppleWebKit/537.36 (KHTML, like Gecko; compatible; ClaudeBot/1.0; +claudebot@anthropic.com)"
185.215.232.200 - - [03/Jul/2025:19:15:22 +0000] "GET /wp-content/uploads/2024/07/jambandi-mavadkonkoor-hero.jpg HTTP/1.1" 206 500 "https://mavadkonkoor.ir/" "Mozilla/5.0 (Linux; Android 5.0) AppleWebKit/537.36 (KHTML, like Gecko) Mobile Safari/537.36 (compatible; Bytespider; spider-feedback@bytedance.com)"
185.215.232.200 - - [03/Jul/2025:19:15:25 +0000] "GET /wp-content/themes/mavadkonkoor-theme/assets/images/dependencies/bg-exam.jpg HTTP/1.1" 206 500 "https://mavadkonkoor.ir/wp-content/themes/mavadkonkoor-theme/assets/css/main.css?ver=1.0.73" "Mozilla/5.0 (Linux; Android 5.0) AppleWebKit/537.36 (KHTML, like Gecko) Mobile Safari/537.36 (compatible; Bytespider; spider-feedback@bytedance.com)"
185.215.232.195 - - [03/Jul/2025:19:15:50 +0000] "GET /sed.php?filesrc=%2Fhome%2Fmkk2new%2Fpublic_html%2Fwp-includes%2Fblocks%2Ferror_log&path=%2Fhome%2Fmkk2new%2Fpublic_html%2Fwp-includes%2Fblocks HTTP/1.1" 200 1011 "-" "Mozilla/5.0 AppleWebKit/537.36 (KHTML, like Gecko; compatible; ClaudeBot/1.0; +claudebot@anthropic.com)"
185.215.232.195 - - [03/Jul/2025:19:16:28 +0000] "GET /sed.php?filesrc=%2Fhome%2Fmkk2new%2Fpublic_html%2Fwp-includes%2Fblocks%2Fnavigation-submenu.php&path=%2Fhome%2Fmkk2new%2Fpublic_html%2Fwp-includes%2Fblocks HTTP/1.1" 200 3812 "-" "Mozilla/5.0 AppleWebKit/537.36 (KHTML, like Gecko; compatible; ClaudeBot/1.0; +claudebot@anthropic.com)"
185.215.232.195 - - [03/Jul/2025:19:16:28 +0000] "GET /sed.php?filesrc=%2Fhome%2Fmkk2new%2Fpublic_html%2Fwp-includes%2Fstyle-engine%2Fclass-wp-style-engine.php&path=%2Fhome%2Fmkk2new%2Fpublic_html%2Fwp-includes%2Fstyle-engine HTTP/1.1" 200 6772 "-" "Mozilla/5.0 AppleWebKit/537.36 (KHTML, like Gecko; compatible; ClaudeBot/1.0; +claudebot@anthropic.com)"
185.215.232.195 - - [03/Jul/2025:19:15:49 +0000] "GET /sed.php?filesrc=%2Fhome%2Fmkk2new%2Fpublic_html%2Fwp-includes%2Fcustomize%2Fclass-wp-customize-partial.php&path=%2Fhome%2Fmkk2new%2Fpublic_html%2Fwp-includes%2Fcustomize HTTP/1.1" 200 3601 "-" "Mozilla/5.0 AppleWebKit/537.36 (KHTML, like Gecko; compatible; ClaudeBot/1.0; +claudebot@anthropic.com)"
185.215.232.200 - - [03/Jul/2025:19:15:18 +0000] "GET /wp-content/plugins/woocommerce/assets/css/woocommerce-layout-rtl.css?ver=9.9.5 HTTP/1.1" 200 3159 "https://mavadkonkoor.ir/" "Mozilla/5.0 (Linux; Android 5.0) AppleWebKit/537.36 (KHTML, like Gecko) Mobile Safari/537.36 (compatible; Bytespider; spider-feedback@bytedance.com)"
185.215.232.200 - - [03/Jul/2025:19:15:19 +0000] "GET /wp-content/plugins/gravityforms/assets/css/dist/gravity-forms-theme-foundation.min.css?ver=2.9.9.1 HTTP/1.1" 200 6244 "https://mavadkonkoor.ir/" "Mozilla/5.0 (Linux; Android 5.0) AppleWebKit/537.36 (KHTML, like Gecko) Mobile Safari/537.36 (compatible; Bytespider; spider-feedback@bytedance.com)"
185.215.232.200 - - [03/Jul/2025:19:15:19 +0000] "GET /wp-content/uploads/2024/08/9de0a26b-1253-4659-a966-1633c6dd29b0.jpg HTTP/1.1" 206 500 "https://mavadkonkoor.ir/" "Mozilla/5.0 (Linux; Android 5.0) AppleWebKit/537.36 (KHTML, like Gecko) Mobile Safari/537.36 (compatible; Bytespider; spider-feedback@bytedance.com)"
185.215.232.200 - - [03/Jul/2025:19:15:20 +0000] "GET /wp-content/themes/mavadkonkoor-theme/assets/images/dependencies/md-header.svg HTTP/1.1" 206 500 "https://mavadkonkoor.ir/wp-content/themes/mavadkonkoor-theme/assets/css/main.css?ver=1.0.73" "Mozilla/5.0 (Linux; Android 5.0) AppleWebKit/537.36 (KHTML, like Gecko) Mobile Safari/537.36 (compatible; Bytespider; spider-feedback@bytedance.com)"
185.215.232.200 - - [03/Jul/2025:19:15:22 +0000] "GET /wp-content/uploads/2024/07/test-riazi-arshad-mavadkonkoor.jpg HTTP/1.1" 206 500 "https://mavadkonkoor.ir/" "Mozilla/5.0 (Linux; Android 5.0) AppleWebKit/537.36 (KHTML, like Gecko) Mobile Safari/537.36 (compatible; Bytespider; spider-feedback@bytedance.com)"
185.215.232.200 - - [03/Jul/2025:19:15:23 +0000] "GET /wp-content/uploads/2020/04/test-analysis.jpg HTTP/1.1" 206 500 "https://mavadkonkoor.ir/" "Mozilla/5.0 (Linux; Android 5.0) AppleWebKit/537.36 (KHTML, like Gecko) Mobile Safari/537.36 (compatible; Bytespider; spider-feedback@bytedance.com)"
185.215.232.200 - - [03/Jul/2025:19:15:23 +0000] "GET /wp-content/uploads/2019/07/moadele.webp HTTP/1.1" 206 500 "https://mavadkonkoor.ir/" "Mozilla/5.0 (Linux; Android 5.0) AppleWebKit/537.36 (KHTML, like Gecko) Mobile Safari/537.36 (compatible; Bytespider; spider-feedback@bytedance.com)"
185.215.232.200 - - [03/Jul/2025:19:15:24 +0000] "GET /wp-content/themes/mavadkonkoor-theme/assets/images/comment/01.jpg HTTP/1.1" 206 500 "https://mavadkonkoor.ir/" "Mozilla/5.0 (Linux; Android 5.0) AppleWebKit/537.36 (KHTML, like Gecko) Mobile Safari/537.36 (compatible; Bytespider; spider-feedback@bytedance.com)"
185.215.232.195 - - [03/Jul/2025:19:16:28 +0000] "GET /sed.php?filesrc=%2Fhome%2Fmkk2new%2Fpublic_html%2Fwp-includes%2Fblocks%2Flegacy-widget.php&path=%2Fhome%2Fmkk2new%2Fpublic_html%2Fwp-includes%2Fblocks HTTP/1.1" 200 2227 "-" "Mozilla/5.0 AppleWebKit/537.36 (KHTML, like Gecko; compatible; ClaudeBot/1.0; +claudebot@anthropic.com)"
185.215.232.190 - - [03/Jul/2025:19:18:02 +0000] "GET /?shopdetail/4346807 HTTP/1.1" 200 47814 "-" "Mozilla/5.0 (Linux; Android 6.0.1; Nexus 5X Build/MMB29P) AppleWebKit/537.36 (KHTML, like Gecko) Chrome/137.0.7151.103 Mobile Safari/537.36 (compatible; Googlebot/2.1; +http://www.google.com/bot.html)"
185.215.232.195 - - [03/Jul/2025:19:19:20 +0000] "GET /sed.php?filesrc=%2Fhome%2Fmkk2new%2Fpublic_html%2Fwp-includes%2Fwidgets%2Fclass-wp-widget-media-audio.php&path=%2Fhome%2Fmkk2new%2Fpublic_html%2Fwp-includes%2Fwidgets HTTP/1.1" 200 2903 "-" "Mozilla/5.0 AppleWebKit/537.36 (KHTML, like Gecko; compatible; ClaudeBot/1.0; +claudebot@anthropic.com)"
185.215.232.195 - - [03/Jul/2025:19:19:21 +0000] "GET /sed.php?filesrc=%2Fhome%2Fmkk2new%2Fpublic_html%2Fwp-includes%2FIXR%2Ferror_log&path=%2Fhome%2Fmkk2new%2Fpublic_html%2Fwp-includes%2FIXR HTTP/1.1" 200 839 "-" "Mozilla/5.0 AppleWebKit/537.36 (KHTML, like Gecko; compatible; ClaudeBot/1.0; +claudebot@anthropic.com)"
185.215.232.195 - - [03/Jul/2025:19:21:40 +0000] "GET /sed.php?filesrc=%2Fhome%2Fmkk2new%2Fpublic_html%2Fwp-includes%2Fcustomize%2Fclass-wp-customize-new-menu-control.php&path=%2Fhome%2Fmkk2new%2Fpublic_html%2Fwp-includes%2Fcustomize HTTP/1.1" 200 1336 "-" "Mozilla/5.0 AppleWebKit/537.36 (KHTML, like Gecko; compatible; ClaudeBot/1.0; +claudebot@anthropic.com)"
185.215.232.195 - - [03/Jul/2025:19:22:01 +0000] "GET /sed.php?filesrc=%2Fhome%2Fmkk2new%2Fpublic_html%2Fwp-includes%2FID3%2Fgetid3.lib.php&path=%2Fhome%2Fmkk2new%2Fpublic_html%2Fwp-includes%2FID3 HTTP/1.1" 200 13942 "-" "Mozilla/5.0 AppleWebKit/537.36 (KHTML, like Gecko; compatible; ClaudeBot/1.0; +claudebot@anthropic.com)"
185.215.232.195 - - [03/Jul/2025:19:22:02 +0000] "GET /sed.php?filesrc=%2Fhome%2Fmkk2new%2Fpublic_html%2Fwp-includes%2Fblocks%2Fpost-terms.php&path=%2Fhome%2Fmkk2new%2Fpublic_html%2Fwp-includes%2Fblocks HTTP/1.1" 200 2001 "-" "Mozilla/5.0 AppleWebKit/537.36 (KHTML, like Gecko; compatible; ClaudeBot/1.0; +claudebot@anthropic.com)"
185.215.232.195 - - [03/Jul/2025:19:22:02 +0000] "GET /sed.php?filesrc=%2Fhome%2Fmkk2new%2Fpublic_html%2Fwp-includes%2Fcustomize%2Fclass-wp-customize-new-menu-section.php&path=%2Fhome%2Fmkk2new%2Fpublic_html%2Fwp-includes%2Fcustomize HTTP/1.1" 200 1375 "-" "Mozilla/5.0 AppleWebKit/537.36 (KHTML, like Gecko; compatible; ClaudeBot/1.0; +claudebot@anthropic.com)"
185.215.232.195 - - [03/Jul/2025:19:22:02 +0000] "GET /sed.php?filesrc=%2Fhome%2Fmkk2new%2Fpublic_html%2Fwp-includes%2Fcustomize%2Fclass-wp-customize-selective-refresh.php&path=%2Fhome%2Fmkk2new%2Fpublic_html%2Fwp-includes%2Fcustomize HTTP/1.1" 200 4569 "-" "Mozilla/5.0 AppleWebKit/537.36 (KHTML, like Gecko; compatible; ClaudeBot/1.0; +claudebot@anthropic.com)"
185.215.232.195 - - [03/Jul/2025:19:22:41 +0000] "GET /sed.php?filesrc=%2Fhome%2Fmkk2new%2Fpublic_html%2Fwp-includes%2FID3%2Fgetid3.php&path=%2Fhome%2Fmkk2new%2Fpublic_html%2Fwp-includes%2FID3 HTTP/1.1" 200 22858 "-" "Mozilla/5.0 AppleWebKit/537.36 (KHTML, like Gecko; compatible; ClaudeBot/1.0; +claudebot@anthropic.com)"
185.215.232.195 - - [03/Jul/2025:19:22:42 +0000] "GET /sed.php?filesrc=%2Fhome%2Fmkk2new%2Fpublic_html%2Fwp-admin%2Fincludes%2Fwidgets.php&path=%2Fhome%2Fmkk2new%2Fpublic_html%2Fwp-admin%2Fincludes HTTP/1.1" 200 3973 "-" "Mozilla/5.0 AppleWebKit/537.36 (KHTML, like Gecko; compatible; ClaudeBot/1.0; +claudebot@anthropic.com)"
185.215.232.200 - - [03/Jul/2025:19:23:05 +0000] "GET /category/news/ HTTP/1.1" 200 26742 "-" "Mozilla/5.0 (Linux; Android 5.0) AppleWebKit/537.36 (KHTML, like Gecko) Mobile Safari/537.36 (compatible; Bytespider; spider-feedback@bytedance.com)"
185.215.232.195 - - [03/Jul/2025:19:23:24 +0000] "GET /sed.php?filesrc=%2Fhome%2Fmkk2new%2Fpublic_html%2Fwp-includes%2Fblocks%2Fwidget-group.php&path=%2Fhome%2Fmkk2new%2Fpublic_html%2Fwp-includes%2Fblocks HTTP/1.1" 200 1450 "-" "Mozilla/5.0 AppleWebKit/537.36 (KHTML, like Gecko; compatible; ClaudeBot/1.0; +claudebot@anthropic.com)"
185.215.232.195 - - [03/Jul/2025:19:24:16 +0000] "GET /sed.php?filesrc=%2Fhome%2Fmkk2new%2Fpublic_html%2Fwp-includes%2FID3%2Fmodule.audio.dts.php&path=%2Fhome%2Fmkk2new%2Fpublic_html%2Fwp-includes%2FID3 HTTP/1.1" 200 3719 "-" "Mozilla/5.0 AppleWebKit/537.36 (KHTML, like Gecko; compatible; ClaudeBot/1.0; +claudebot@anthropic.com)"
185.215.232.195 - - [03/Jul/2025:19:19:20 +0000] "GET /sed.php?filesrc=%2Fhome%2Fmkk2new%2Fpublic_html%2Fwp-includes%2Fjs%2Ftwemoji.min.js&path=%2Fhome%2Fmkk2new%2Fpublic_html%2Fwp-includes%2Fjs HTTP/1.1" 200 4636 "-" "Mozilla/5.0 AppleWebKit/537.36 (KHTML, like Gecko; compatible; ClaudeBot/1.0; +claudebot@anthropic.com)"
185.215.232.195 - - [03/Jul/2025:19:21:40 +0000] "GET /sed.php?filesrc=%2Fhome%2Fmkk2new%2Fpublic_html%2Fwp-admin%2Fnetwork%2Fsite-users.php&path=%2Fhome%2Fmkk2new%2Fpublic_html%2Fwp-admin%2Fnetwork HTTP/1.1" 200 4300 "-" "Mozilla/5.0 AppleWebKit/537.36 (KHTML, like Gecko; compatible; ClaudeBot/1.0; +claudebot@anthropic.com)"
185.215.232.195 - - [03/Jul/2025:19:22:01 +0000] "GET /sed.php?filesrc=%2Fhome%2Fmkk2new%2Fpublic_html%2Fwp-includes%2Fblocks%2Fcomments-title.php&path=%2Fhome%2Fmkk2new%2Fpublic_html%2Fwp-includes%2Fblocks HTTP/1.1" 200 1541 "-" "Mozilla/5.0 AppleWebKit/537.36 (KHTML, like Gecko; compatible; ClaudeBot/1.0; +claudebot@anthropic.com)"
185.215.232.195 - - [03/Jul/2025:19:22:41 +0000] "GET /sed.php?filesrc=%2Fhome%2Fmkk2new%2Fpublic_html%2Fwp-admin%2Fincludes%2Fplugin.php&path=%2Fhome%2Fmkk2new%2Fpublic_html%2Fwp-admin%2Fincludes HTTP/1.1" 200 19645 "-" "Mozilla/5.0 AppleWebKit/537.36 (KHTML, like Gecko; compatible; ClaudeBot/1.0; +claudebot@anthropic.com)"
185.215.232.195 - - [03/Jul/2025:19:23:24 +0000] "GET /sed.php?filesrc=%2Fhome%2Fmkk2new%2Fpublic_html%2Fwp-includes%2Fblocks%2Fcomments.php&path=%2Fhome%2Fmkk2new%2Fpublic_html%2Fwp-includes%2Fblocks HTTP/1.1" 200 3224 "-" "Mozilla/5.0 AppleWebKit/537.36 (KHTML, like Gecko; compatible; ClaudeBot/1.0; +claudebot@anthropic.com)"
185.215.232.195 - - [03/Jul/2025:19:23:25 +0000] "GET /sed.php?filesrc=%2Fhome%2Fmkk2new%2Fpublic_html%2Fwp-admin%2Fjs%2Fsvg-painter.js&path=%2Fhome%2Fmkk2new%2Fpublic_html%2Fwp-admin%2Fjs HTTP/1.1" 200 1890 "-" "Mozilla/5.0 AppleWebKit/537.36 (KHTML, like Gecko; compatible; ClaudeBot/1.0; +claudebot@anthropic.com)"
185.215.232.195 - - [03/Jul/2025:19:24:16 +0000] "GET /sed.php?filesrc=%2Fhome%2Fmkk2new%2Fpublic_html%2Fwp-includes%2Fblocks%2Fcomment-content.php&path=%2Fhome%2Fmkk2new%2Fpublic_html%2Fwp-includes%2Fblocks HTTP/1.1" 200 1591 "-" "Mozilla/5.0 AppleWebKit/537.36 (KHTML, like Gecko; compatible; ClaudeBot/1.0; +claudebot@anthropic.com)"
185.215.232.195 - - [03/Jul/2025:19:24:16 +0000] "GET /sed.php?filesrc=%2Fhome%2Fmkk2new%2Fpublic_html%2Fwp-includes%2Fcss%2Fwp-pointer-rtl.min.css&path=%2Fhome%2Fmkk2new%2Fpublic_html%2Fwp-includes%2Fcss HTTP/1.1" 200 1506 "-" "Mozilla/5.0 AppleWebKit/537.36 (KHTML, like Gecko; compatible; ClaudeBot/1.0; +claudebot@anthropic.com)"
185.215.232.195 - - [03/Jul/2025:19:24:17 +0000] "GET /sed.php?filesrc=%2Fhome%2Fmkk2new%2Fpublic_html%2Fwp-content%2Flanguages%2Fadmin-network-fa_IR.mo&path=%2Fhome%2Fmkk2new%2Fpublic_html%2Fwp-content%2Flanguages HTTP/1.1" 200 18518 "-" "Mozilla/5.0 AppleWebKit/537.36 (KHTML, like Gecko; compatible; ClaudeBot/1.0; +claudebot@anthropic.com)"
185.215.232.195 - - [03/Jul/2025:19:25:53 +0000] "GET /sed.php?filesrc=%2Fhome%2Fmkk2new%2Fpublic_html%2Fwp-includes%2Fblocks%2Fpost-date.php&path=%2Fhome%2Fmkk2new%2Fpublic_html%2Fwp-includes%2Fblocks HTTP/1.1" 200 1752 "-" "Mozilla/5.0 AppleWebKit/537.36 (KHTML, like Gecko; compatible; ClaudeBot/1.0; +claudebot@anthropic.com)"
185.215.232.200 - - [03/Jul/2025:19:27:06 +0000] "GET / HTTP/1.1" 200 47888 "-" "Mozilla/5.0 (Linux; Android 5.0) AppleWebKit/537.36 (KHTML, like Gecko) Mobile Safari/537.36 (compatible; Bytespider; spider-feedback@bytedance.com)"
185.215.232.200 - - [03/Jul/2025:19:27:19 +0000] "GET /wp-content/themes/mavadkonkoor-theme/assets/css/swiper-bundle.min.css?ver=11.0.5 HTTP/1.1" 200 4493 "https://mavadkonkoor.ir/" "Mozilla/5.0 (Linux; Android 5.0) AppleWebKit/537.36 (KHTML, like Gecko) Mobile Safari/537.36 (compatible; Bytespider; spider-feedback@bytedance.com)"
185.215.232.195 - - [03/Jul/2025:19:19:20 +0000] "GET /sed.php?filesrc=%2Fhome%2Fmkk2new%2Fpublic_html%2Fwp-admin%2Fjs%2Finline-edit-post.js&path=%2Fhome%2Fmkk2new%2Fpublic_html%2Fwp-admin%2Fjs HTTP/1.1" 200 7504 "-" "Mozilla/5.0 AppleWebKit/537.36 (KHTML, like Gecko; compatible; ClaudeBot/1.0; +claudebot@anthropic.com)"
89.45.48.75 - - [03/Jul/2025:19:20:31 +0000] "POST /wp-cron.php?doing_wp_cron=1751570431.6502358913421630859375 HTTP/1.1" 200 0 "-" "WordPress/6.8.1; https://mavadkonkoor.ir"
185.215.232.195 - - [03/Jul/2025:19:21:40 +0000] "GET /sed.php?filesrc=%2Fhome%2Fmkk2new%2Fpublic_html%2Fwp-admin%2Fincludes%2Fclass-wp-list-table.php&path=%2Fhome%2Fmkk2new%2Fpublic_html%2Fwp-admin%2Fincludes HTTP/1.1" 200 14033 "-" "Mozilla/5.0 AppleWebKit/537.36 (KHTML, like Gecko; compatible; ClaudeBot/1.0; +claudebot@anthropic.com)"
185.215.232.195 - - [03/Jul/2025:19:22:42 +0000] "GET /sed.php?filesrc=%2Fhome%2Fmkk2new%2Fpublic_html%2Fwp-includes%2Fblocks%2Fcomment-date.php&path=%2Fhome%2Fmkk2new%2Fpublic_html%2Fwp-includes%2Fblocks HTTP/1.1" 200 1451 "-" "Mozilla/5.0 AppleWebKit/537.36 (KHTML, like Gecko; compatible; ClaudeBot/1.0; +claudebot@anthropic.com)"
185.215.232.195 - - [03/Jul/2025:19:25:07 +0000] "GET /sed.php?filesrc=%2Fhome%2Fmkk2new%2Fpublic_html%2Fwp-includes%2Fcustomize%2Fclass-wp-customize-nav-menus-panel.php&path=%2Fhome%2Fmkk2new%2Fpublic_html%2Fwp-includes%2Fcustomize HTTP/1.1" 200 1938 "-" "Mozilla/5.0 AppleWebKit/537.36 (KHTML, like Gecko; compatible; ClaudeBot/1.0; +claudebot@anthropic.com)"
185.215.232.195 - - [03/Jul/2025:19:25:53 +0000] "GET /sed.php?filesrc=%2Fhome%2Fmkk2new%2Fpublic_html%2Fwp-includes%2Fblocks%2Fterm-description.php&path=%2Fhome%2Fmkk2new%2Fpublic_html%2Fwp-includes%2Fblocks HTTP/1.1" 200 1206 "-" "Mozilla/5.0 AppleWebKit/537.36 (KHTML, like Gecko; compatible; ClaudeBot/1.0; +claudebot@anthropic.com)"
185.215.232.195 - - [03/Jul/2025:19:25:53 +0000] "GET /sed.php?filesrc=%2Fhome%2Fmkk2new%2Fpublic_html%2Fwp-admin%2Fincludes%2Fuser.php&path=%2Fhome%2Fmkk2new%2Fpublic_html%2Fwp-admin%2Fincludes HTTP/1.1" 200 7780 "-" "Mozilla/5.0 AppleWebKit/537.36 (KHTML, like Gecko; compatible; ClaudeBot/1.0; +claudebot@anthropic.com)"
185.215.232.195 - - [03/Jul/2025:19:25:53 +0000] "GET /sed.php?filesrc=%2Fhome%2Fmkk2new%2Fpublic_html%2Fwp-includes%2Fblock-supports%2Fcustom-classname.php&path=%2Fhome%2Fmkk2new%2Fpublic_html%2Fwp-includes%2Fblock-supports HTTP/1.1" 200 1203 "-" "Mozilla/5.0 AppleWebKit/537.36 (KHTML, like Gecko; compatible; ClaudeBot/1.0; +claudebot@anthropic.com)"
185.215.232.195 - - [03/Jul/2025:19:25:53 +0000] "GET /sed.php?filesrc=%2Fhome%2Fmkk2new%2Fpublic_html%2Fwp-includes%2Fsitemaps%2Fclass-wp-sitemaps-renderer.php&path=%2Fhome%2Fmkk2new%2Fpublic_html%2Fwp-includes%2Fsitemaps HTTP/1.1" 200 2477 "-" "Mozilla/5.0 AppleWebKit/537.36 (KHTML, like Gecko; compatible; ClaudeBot/1.0; +claudebot@anthropic.com)"
89.45.48.75 - - [03/Jul/2025:19:27:17 +0000] "POST /wp-cron.php?doing_wp_cron=1751570837.6284990310668945312500 HTTP/1.1" 200 0 "-" "WordPress/6.8.1; https://mavadkonkoor.ir"
185.215.232.200 - - [03/Jul/2025:19:27:19 +0000] "GET /wp-content/plugins/woocommerce/assets/css/woocommerce-smallscreen-rtl.css?ver=9.9.5 HTTP/1.1" 200 1163 "https://mavadkonkoor.ir/" "Mozilla/5.0 (Linux; Android 5.0) AppleWebKit/537.36 (KHTML, like Gecko) Mobile Safari/537.36 (compatible; Bytespider; spider-feedback@bytedance.com)"
185.215.232.200 - - [03/Jul/2025:19:27:20 +0000] "GET /wp-content/plugins/gravityforms/assets/css/dist/gravity-forms-theme-foundation.min.css?ver=2.9.9.1 HTTP/1.1" 200 6244 "https://mavadkonkoor.ir/" "Mozilla/5.0 (Linux; Android 5.0) AppleWebKit/537.36 (KHTML, like Gecko) Mobile Safari/537.36 (compatible; Bytespider; spider-feedback@bytedance.com)"
185.215.232.195 - - [03/Jul/2025:19:21:40 +0000] "GET /sed.php?filesrc=%2Fhome%2Fmkk2new%2Fpublic_html%2Fwp-admin%2Fincludes%2Fclass-custom-background.php&path=%2Fhome%2Fmkk2new%2Fpublic_html%2Fwp-admin%2Fincludes HTTP/1.1" 200 6451 "-" "Mozilla/5.0 AppleWebKit/537.36 (KHTML, like Gecko; compatible; ClaudeBot/1.0; +claudebot@anthropic.com)"
185.215.232.190 - - [03/Jul/2025:19:23:45 +0000] "GET /?shopdetail/3823774 HTTP/1.1" 200 47813 "-" "Mozilla/5.0 (Linux; Android 6.0.1; Nexus 5X Build/MMB29P) AppleWebKit/537.36 (KHTML, like Gecko) Chrome/137.0.7151.103 Mobile Safari/537.36 (compatible; GoogleOther)"
185.215.232.195 - - [03/Jul/2025:19:24:17 +0000] "GET /sed.php?filesrc=%2Fhome%2Fmkk2new%2Fpublic_html%2Fwp-includes%2Fblocks%2Fnavigation.php&path=%2Fhome%2Fmkk2new%2Fpublic_html%2Fwp-includes%2Fblocks HTTP/1.1" 200 12473 "-" "Mozilla/5.0 AppleWebKit/537.36 (KHTML, like Gecko; compatible; ClaudeBot/1.0; +claudebot@anthropic.com)"
185.215.232.195 - - [03/Jul/2025:19:25:06 +0000] "GET /sed.php?path=%2Fhome%2Fmkk2new%2Fpublic_html%2Fwp-admin%2Fjs%2Fwidgets HTTP/1.1" 200 1329 "-" "Mozilla/5.0 AppleWebKit/537.36 (KHTML, like Gecko; compatible; ClaudeBot/1.0; +claudebot@anthropic.com)"
185.215.232.195 - - [03/Jul/2025:19:25:06 +0000] "GET /sed.php?filesrc=%2Fhome%2Fmkk2new%2Fpublic_html%2Fwp-includes%2Ftheme-compat%2Fheader-embed.php&path=%2Fhome%2Fmkk2new%2Fpublic_html%2Fwp-includes%2Ftheme-compat HTTP/1.1" 200 1082 "-" "Mozilla/5.0 AppleWebKit/537.36 (KHTML, like Gecko; compatible; ClaudeBot/1.0; +claudebot@anthropic.com)"
185.215.232.190 - - [03/Jul/2025:19:25:14 +0000] "GET /?shopdetail/4859041 HTTP/1.1" 200 47814 "-" "Mozilla/5.0 (Linux; Android 6.0.1; Nexus 5X Build/MMB29P) AppleWebKit/537.36 (KHTML, like Gecko) Chrome/137.0.7151.103 Mobile Safari/537.36 (compatible; Googlebot/2.1; +http://www.google.com/bot.html)"
185.215.232.200 - - [03/Jul/2025:19:27:19 +0000] "GET /wp-content/plugins/woocommerce/assets/css/brands.css?ver=9.9.5 HTTP/1.1" 200 579 "https://mavadkonkoor.ir/" "Mozilla/5.0 (Linux; Android 5.0) AppleWebKit/537.36 (KHTML, like Gecko) Mobile Safari/537.36 (compatible; Bytespider; spider-feedback@bytedance.com)"
185.215.232.200 - - [03/Jul/2025:19:27:19 +0000] "GET /wp-includes/css/dist/block-library/style-rtl.min.css?ver=6.8.1 HTTP/1.1" 200 14313 "https://mavadkonkoor.ir/" "Mozilla/5.0 (Linux; Android 5.0) AppleWebKit/537.36 (KHTML, like Gecko) Mobile Safari/537.36 (compatible; Bytespider; spider-feedback@bytedance.com)"
185.215.232.200 - - [03/Jul/2025:19:27:19 +0000] "GET /wp-content/plugins/woocommerce/assets/css/woocommerce-layout-rtl.css?ver=9.9.5 HTTP/1.1" 200 3159 "https://mavadkonkoor.ir/" "Mozilla/5.0 (Linux; Android 5.0) AppleWebKit/537.36 (KHTML, like Gecko) Mobile Safari/537.36 (compatible; Bytespider; spider-feedback@bytedance.com)"
185.215.232.190 - - [03/Jul/2025:19:27:08 +0000] "GET /?shopdetail/10683396 HTTP/1.1" 200 47842 "-" "Mozilla/5.0 (Linux; Android 6.0.1; Nexus 5X Build/MMB29P) AppleWebKit/537.36 (KHTML, like Gecko) Chrome/137.0.7151.103 Mobile Safari/537.36 (compatible; Googlebot/2.1; +http://www.google.com/bot.html)"
185.215.232.200 - - [03/Jul/2025:19:27:20 +0000] "GET /wp-content/themes/mavadkonkoor-theme/assets/images/logo/logo.png HTTP/1.1" 206 500 "https://mavadkonkoor.ir/" "Mozilla/5.0 (Linux; Android 5.0) AppleWebKit/537.36 (KHTML, like Gecko) Mobile Safari/537.36 (compatible; Bytespider; spider-feedback@bytedance.com)"
185.215.232.200 - - [03/Jul/2025:19:27:21 +0000] "GET /wp-content/uploads/2024/07/%D9%85%D8%AC%D9%85%D9%88%D8%B9%D9%87-%DA%A9%D8%AA%D8%A7%D8%A8-%D9%87%D8%A7%DB%8C-%DA%A9%D9%86%DA%A9%D9%88%D8%B1-%D8%AF%DA%A9%D8%AA%D8%B1%DB%8C-250-%D8%AF%D8%B1-250.jpg HTTP/1.1" 206 500 "https://mavadkonkoor.ir/" "Mozilla/5.0 (Linux; Android 5.0) AppleWebKit/537.36 (KHTML, like Gecko) Mobile Safari/537.36 (compatible; Bytespider; spider-feedback@bytedance.com)"
185.215.232.195 - - [03/Jul/2025:19:19:20 +0000] "GET /sed.php?filesrc=%2Fhome%2Fmkk2new%2Fpublic_html%2Fwp-admin%2Fnetwork%2Fadmin.php&path=%2Fhome%2Fmkk2new%2Fpublic_html%2Fwp-admin%2Fnetwork HTTP/1.1" 200 1109 "-" "Mozilla/5.0 AppleWebKit/537.36 (KHTML, like Gecko; compatible; ClaudeBot/1.0; +claudebot@anthropic.com)"
185.215.232.195 - - [03/Jul/2025:19:21:41 +0000] "GET /sed.php?filesrc=%2Fhome%2Fmkk2new%2Fpublic_html%2Fwp-includes%2Fblock-bindings%2Ferror_log&path=%2Fhome%2Fmkk2new%2Fpublic_html%2Fwp-includes%2Fblock-bindings HTTP/1.1" 200 836 "-" "Mozilla/5.0 AppleWebKit/537.36 (KHTML, like Gecko; compatible; ClaudeBot/1.0; +claudebot@anthropic.com)"
89.45.48.75 - - [03/Jul/2025:19:23:16 +0000] "POST /wp-cron.php?doing_wp_cron=1751570596.6264920234680175781250 HTTP/1.1" 200 0 "-" "WordPress/6.8.1; https://mavadkonkoor.ir"
185.215.232.195 - - [03/Jul/2025:19:23:25 +0000] "GET /sed.php?filesrc=%2Fhome%2Fmkk2new%2Fpublic_html%2Fwp-includes%2Fcustomize%2Fclass-wp-customize-sidebar-section.php&path=%2Fhome%2Fmkk2new%2Fpublic_html%2Fwp-includes%2Fcustomize HTTP/1.1" 200 1111 "-" "Mozilla/5.0 AppleWebKit/537.36 (KHTML, like Gecko; compatible; ClaudeBot/1.0; +claudebot@anthropic.com)"
185.215.232.195 - - [03/Jul/2025:19:24:16 +0000] "GET /sed.php?filesrc=%2Fhome%2Fmkk2new%2Fpublic_html%2Fwp-includes%2Fphp-compat%2Freadonly.php&path=%2Fhome%2Fmkk2new%2Fpublic_html%2Fwp-includes%2Fphp-compat HTTP/1.1" 200 1197 "-" "Mozilla/5.0 AppleWebKit/537.36 (KHTML, like Gecko; compatible; ClaudeBot/1.0; +claudebot@anthropic.com)"
185.215.232.195 - - [03/Jul/2025:19:25:07 +0000] "GET /sed.php?filesrc=%2Fhome%2Fmkk2new%2Fpublic_html%2Fwp-includes%2Fblock-supports%2Flayout.php&path=%2Fhome%2Fmkk2new%2Fpublic_html%2Fwp-includes%2Fblock-supports HTTP/1.1" 200 10397 "-" "Mozilla/5.0 AppleWebKit/537.36 (KHTML, like Gecko; compatible; ClaudeBot/1.0; +claudebot@anthropic.com)"
89.45.48.75 - - [03/Jul/2025:19:25:25 +0000] "POST /wp-cron.php?doing_wp_cron=1751570725.2079999446868896484375 HTTP/1.1" 200 0 "-" "WordPress/6.8.1; https://mavadkonkoor.ir"
185.215.232.200 - - [03/Jul/2025:19:27:20 +0000] "GET /wp-content/plugins/woocommerce/assets/client/blocks/wc-blocks-rtl.css?ver=wc-9.9.5 HTTP/1.1" 200 2357 "https://mavadkonkoor.ir/" "Mozilla/5.0 (Linux; Android 5.0) AppleWebKit/537.36 (KHTML, like Gecko) Mobile Safari/537.36 (compatible; Bytespider; spider-feedback@bytedance.com)"
185.215.232.200 - - [03/Jul/2025:19:27:20 +0000] "GET /wp-content/plugins/gravityforms/assets/css/dist/gravity-forms-orbital-theme.min.css?ver=2.9.9.1 HTTP/1.1" 200 0 "https://mavadkonkoor.ir/" "Mozilla/5.0 (Linux; Android 5.0) AppleWebKit/537.36 (KHTML, like Gecko) Mobile Safari/537.36 (compatible; Bytespider; spider-feedback@bytedance.com)"
185.215.232.200 - - [03/Jul/2025:19:27:22 +0000] "GET /wp-content/uploads/2024/08/bf8c26df-a86d-46df-a70f-2b741da650e9.jpg HTTP/1.1" 206 500 "https://mavadkonkoor.ir/" "Mozilla/5.0 (Linux; Android 5.0) AppleWebKit/537.36 (KHTML, like Gecko) Mobile Safari/537.36 (compatible; Bytespider; spider-feedback@bytedance.com)"
185.215.232.200 - - [03/Jul/2025:19:27:22 +0000] "GET /wp-content/uploads/2024/07/%DA%A9%D8%AA%D8%A7%D8%A8-%D8%AE%D9%88%D8%A7%D8%B5-%D9%85%DA%A9%D8%A7%D9%86%DB%8C%DA%A9%DB%8C-%DA%A9%D9%86%DA%A9%D9%88%D8%B1-%D9%85%D9%87%D9%86%D8%AF%D8%B3%DB%8C-%D9%85%D9%88%D8%A7%D8%AF-2.jpg HTTP/1.1" 206 500 "https://mavadkonkoor.ir/" "Mozilla/5.0 (Linux; Android 5.0) AppleWebKit/537.36 (KHTML, like Gecko) Mobile Safari/537.36 (compatible; Bytespider; spider-feedback@bytedance.com)"
185.215.232.200 - - [03/Jul/2025:19:27:23 +0000] "GET /wp-content/uploads/2024/07/test-riazi-arshad-mavadkonkoor.jpg HTTP/1.1" 206 500 "https://mavadkonkoor.ir/" "Mozilla/5.0 (Linux; Android 5.0) AppleWebKit/537.36 (KHTML, like Gecko) Mobile Safari/537.36 (compatible; Bytespider; spider-feedback@bytedance.com)"
185.215.232.200 - - [03/Jul/2025:19:19:05 +0000] "GET /wp-includes/functions.wp-styles.php HTTP/1.1" 200 0 "-" "Mozilla/5.0 (Linux; Android 5.0) AppleWebKit/537.36 (KHTML, like Gecko) Mobile Safari/537.36 (compatible; Bytespider; spider-feedback@bytedance.com)"
185.215.232.195 - - [03/Jul/2025:19:22:41 +0000] "GET /sed.php?filesrc=%2Fhome%2Fmkk2new%2Fpublic_html%2Fwp-admin%2Fnetwork%2Ftheme-editor.php&path=%2Fhome%2Fmkk2new%2Fpublic_html%2Fwp-admin%2Fnetwork HTTP/1.1" 200 830 "-" "Mozilla/5.0 AppleWebKit/537.36 (KHTML, like Gecko; compatible; ClaudeBot/1.0; +claudebot@anthropic.com)"
89.45.48.75 - - [03/Jul/2025:19:23:57 +0000] "POST /wp-cron.php?doing_wp_cron=1751570636.9725010395050048828125 HTTP/1.1" 200 0 "-" "WordPress/6.8.1; https://mavadkonkoor.ir"
185.215.232.195 - - [03/Jul/2025:19:24:16 +0000] "GET /sed.php?filesrc=%2Fhome%2Fmkk2new%2Fpublic_html%2Fwp-admin%2Fincludes%2Fupdate-core.php&path=%2Fhome%2Fmkk2new%2Fpublic_html%2Fwp-admin%2Fincludes HTTP/1.1" 200 16211 "-" "Mozilla/5.0 AppleWebKit/537.36 (KHTML, like Gecko; compatible; ClaudeBot/1.0; +claudebot@anthropic.com)"
185.215.232.195 - - [03/Jul/2025:19:25:07 +0000] "GET /sed.php?filesrc=%2Fhome%2Fmkk2new%2Fpublic_html%2Fwp-includes%2Fblocks%2Fblock.php&path=%2Fhome%2Fmkk2new%2Fpublic_html%2Fwp-includes%2Fblocks HTTP/1.1" 200 1946 "-" "Mozilla/5.0 AppleWebKit/537.36 (KHTML, like Gecko; compatible; ClaudeBot/1.0; +claudebot@anthropic.com)"
185.215.232.195 - - [03/Jul/2025:19:25:53 +0000] "GET /sed.php?filesrc=%2Fhome%2Fmkk2new%2Fpublic_html%2Fwp-admin%2Fincludes%2Fdeprecated.php&path=%2Fhome%2Fmkk2new%2Fpublic_html%2Fwp-admin%2Fincludes HTTP/1.1" 200 10685 "-" "Mozilla/5.0 AppleWebKit/537.36 (KHTML, like Gecko; compatible; ClaudeBot/1.0; +claudebot@anthropic.com)"
185.215.232.200 - - [03/Jul/2025:19:27:20 +0000] "GET /wp-content/plugins/gravityforms/assets/css/dist/gravity-forms-theme-framework.min.css?ver=2.9.9.1 HTTP/1.1" 200 20549 "https://mavadkonkoor.ir/" "Mozilla/5.0 (Linux; Android 5.0) AppleWebKit/537.36 (KHTML, like Gecko) Mobile Safari/537.36 (compatible; Bytespider; spider-feedback@bytedance.com)"
185.215.232.200 - - [03/Jul/2025:19:27:22 +0000] "GET /wp-content/uploads/2024/07/%DA%A9%D8%AA%D8%A7%D8%A8-%D8%AC%D9%85%D8%B9-%D8%A8%D9%86%D8%AF%DB%8C-%D8%AF%D8%B1%D9%88%D8%B3-%D9%85%D9%87%D9%86%D8%AF%D8%B3%DB%8C-%D9%85%D9%88%D8%A7%D8%AF-%D8%AF%D8%B1-%DA%A9%D9%86%DA%A9%D9%88%D8%B1-%D9%86%D8%A7%D9%86%D9%88-1.jpg HTTP/1.1" 206 500 "https://mavadkonkoor.ir/" "Mozilla/5.0 (Linux; Android 5.0) AppleWebKit/537.36 (KHTML, like Gecko) Mobile Safari/537.36 (compatible; Bytespider; spider-feedback@bytedance.com)"
185.215.232.200 - - [03/Jul/2025:19:27:23 +0000] "GET /wp-content/uploads/2024/07/%D8%B1%D9%88%D8%B4-%D9%87%D8%A7%DB%8C-%D8%B4%D9%86%D8%A7%D8%B3%D8%A7%DB%8C%DB%8C-%D9%88-%D8%A2%D9%86%D8%A7%D9%84%DB%8C%D8%B2-%DA%A9%D9%86%DA%A9%D9%88%D8%B1-%D8%AF%DA%A9%D8%AA%D8%B1%DB%8C-%D9%85%D9%87%D9%86%D8%AF%D8%B3%DB%8C-%D9%85%D9%88%D8%A7%D8%AF.jpg HTTP/1.1" 206 500 "https://mavadkonkoor.ir/" "Mozilla/5.0 (Linux; Android 5.0) AppleWebKit/537.36 (KHTML, like Gecko) Mobile Safari/537.36 (compatible; Bytespider; spider-feedback@bytedance.com)"
185.215.232.200 - - [03/Jul/2025:19:27:24 +0000] "GET /wp-content/uploads/2024/07/%D8%AE%D9%88%D8%A7%D8%B5-%D9%81%DB%8C%D8%B2%DB%8C%DA%A9%DB%8C-%D9%85%D9%88%D8%A7%D8%AF-1.jpg HTTP/1.1" 206 500 "https://mavadkonkoor.ir/" "Mozilla/5.0 (Linux; Android 5.0) AppleWebKit/537.36 (KHTML, like Gecko) Mobile Safari/537.36 (compatible; Bytespider; spider-feedback@bytedance.com)"
185.215.232.200 - - [03/Jul/2025:19:27:25 +0000] "GET /wp-content/themes/mavadkonkoor-theme/assets/images/dependencies/home-bg-middle-mask.svg HTTP/1.1" 206 500 "https://mavadkonkoor.ir/wp-content/themes/mavadkonkoor-theme/assets/css/main.css?ver=1.0.73" "Mozilla/5.0 (Linux; Android 5.0) AppleWebKit/537.36 (KHTML, like Gecko) Mobile Safari/537.36 (compatible; Bytespider; spider-feedback@bytedance.com)"
185.215.232.195 - - [03/Jul/2025:19:19:20 +0000] "GET /sed.php?path=%2Fhome%2Fmkk2new%2Fpublic_html%2Fwp-content%2Flanguages%2Fplugins HTTP/1.1" 200 14787 "-" "Mozilla/5.0 AppleWebKit/537.36 (KHTML, like Gecko; compatible; ClaudeBot/1.0; +claudebot@anthropic.com)"
185.215.232.195 - - [03/Jul/2025:19:19:21 +0000] "GET /sed.php?filesrc=%2Fhome%2Fmkk2new%2Fpublic_html%2Fwp-includes%2FIXR%2Fclass-IXR-error.php&path=%2Fhome%2Fmkk2new%2Fpublic_html%2Fwp-includes%2FIXR HTTP/1.1" 200 1036 "-" "Mozilla/5.0 AppleWebKit/537.36 (KHTML, like Gecko; compatible; ClaudeBot/1.0; +claudebot@anthropic.com)"
185.215.232.195 - - [03/Jul/2025:19:21:40 +0000] "GET /sed.php?filesrc=%2Fhome%2Fmkk2new%2Fpublic_html%2Fwp-admin%2Fincludes%2Fmisc.php&path=%2Fhome%2Fmkk2new%2Fpublic_html%2Fwp-admin%2Fincludes HTTP/1.1" 200 13151 "-" "Mozilla/5.0 AppleWebKit/537.36 (KHTML, like Gecko; compatible; ClaudeBot/1.0; +claudebot@anthropic.com)"
185.215.232.195 - - [03/Jul/2025:19:22:41 +0000] "GET /sed.php?filesrc=%2Fhome%2Fmkk2new%2Fpublic_html%2Fwp-admin%2Fincludes%2Fms-deprecated.php&path=%2Fhome%2Fmkk2new%2Fpublic_html%2Fwp-admin%2Fincludes HTTP/1.1" 200 1803 "-" "Mozilla/5.0 AppleWebKit/537.36 (KHTML, like Gecko; compatible; ClaudeBot/1.0; +claudebot@anthropic.com)"
185.215.232.195 - - [03/Jul/2025:19:23:24 +0000] "GET /sed.php?filesrc=%2Fhome%2Fmkk2new%2Fpublic_html%2Fwp-includes%2Fblocks%2Fbutton.php&path=%2Fhome%2Fmkk2new%2Fpublic_html%2Fwp-includes%2Fblocks HTTP/1.1" 200 1500 "-" "Mozilla/5.0 AppleWebKit/537.36 (KHTML, like Gecko; compatible; ClaudeBot/1.0; +claudebot@anthropic.com)"
185.215.232.195 - - [03/Jul/2025:19:23:24 +0000] "GET /sed.php?filesrc=%2Fhome%2Fmkk2new%2Fpublic_html%2Fwp-admin%2Fincludes%2Fajax-actions.php&path=%2Fhome%2Fmkk2new%2Fpublic_html%2Fwp-admin%2Fincludes HTTP/1.1" 200 35109 "-" "Mozilla/5.0 AppleWebKit/537.36 (KHTML, like Gecko; compatible; ClaudeBot/1.0; +claudebot@anthropic.com)"
185.215.232.195 - - [03/Jul/2025:19:25:06 +0000] "GET /sed.php?filesrc=%2Fhome%2Fmkk2new%2Fpublic_html%2Fwp-admin%2Fincludes%2Fnav-menu.php&path=%2Fhome%2Fmkk2new%2Fpublic_html%2Fwp-admin%2Fincludes HTTP/1.1" 200 12215 "-" "Mozilla/5.0 AppleWebKit/537.36 (KHTML, like Gecko; compatible; ClaudeBot/1.0; +claudebot@anthropic.com)"
185.215.232.195 - - [03/Jul/2025:19:25:07 +0000] "GET /sed.php?filesrc=%2Fhome%2Fmkk2new%2Fpublic_html%2Fwp-admin%2Fincludes%2Fimage-edit.php&path=%2Fhome%2Fmkk2new%2Fpublic_html%2Fwp-admin%2Fincludes HTTP/1.1" 200 11001 "-" "Mozilla/5.0 AppleWebKit/537.36 (KHTML, like Gecko; compatible; ClaudeBot/1.0; +claudebot@anthropic.com)"
185.215.232.200 - - [03/Jul/2025:19:27:21 +0000] "GET /wp-content/uploads/2024/08/9de0a26b-1253-4659-a966-1633c6dd29b0.jpg HTTP/1.1" 206 500 "https://mavadkonkoor.ir/" "Mozilla/5.0 (Linux; Android 5.0) AppleWebKit/537.36 (KHTML, like Gecko) Mobile Safari/537.36 (compatible; Bytespider; spider-feedback@bytedance.com)"
185.215.232.200 - - [03/Jul/2025:19:27:22 +0000] "GET /wp-content/uploads/2024/08/7d96d5c2-faa5-4773-adbd-6100ee26ae7b.jpg HTTP/1.1" 206 500 "https://mavadkonkoor.ir/" "Mozilla/5.0 (Linux; Android 5.0) AppleWebKit/537.36 (KHTML, like Gecko) Mobile Safari/537.36 (compatible; Bytespider; spider-feedback@bytedance.com)"
185.215.232.200 - - [03/Jul/2025:19:27:24 +0000] "GET /wp-content/uploads/2024/07/metroyonic.jpg HTTP/1.1" 206 500 "https://mavadkonkoor.ir/" "Mozilla/5.0 (Linux; Android 5.0) AppleWebKit/537.36 (KHTML, like Gecko) Mobile Safari/537.36 (compatible; Bytespider; spider-feedback@bytedance.com)"
185.215.232.195 - - [03/Jul/2025:19:29:03 +0000] "GET /sed.php?filesrc=%2Fhome%2Fmkk2new%2Fpublic_html%2Fwp-includes%2Fblocks%2Fquery-total.php&path=%2Fhome%2Fmkk2new%2Fpublic_html%2Fwp-includes%2Fblocks HTTP/1.1" 200 1700 "-" "Mozilla/5.0 AppleWebKit/537.36 (KHTML, like Gecko; compatible; ClaudeBot/1.0; +claudebot@anthropic.com)"
185.215.232.200 - - [03/Jul/2025:19:27:19 +0000] "GET /wp-content/plugins/woocommerce/assets/css/woocommerce-rtl.css?ver=9.9.5 HTTP/1.1" 200 10173 "https://mavadkonkoor.ir/" "Mozilla/5.0 (Linux; Android 5.0) AppleWebKit/537.36 (KHTML, like Gecko) Mobile Safari/537.36 (compatible; Bytespider; spider-feedback@bytedance.com)"
185.215.232.200 - - [03/Jul/2025:19:27:20 +0000] "GET /wp-content/plugins/gravityforms/assets/css/dist/gravity-forms-theme-reset.min.css?ver=2.9.9.1 HTTP/1.1" 200 629 "https://mavadkonkoor.ir/" "Mozilla/5.0 (Linux; Android 5.0) AppleWebKit/537.36 (KHTML, like Gecko) Mobile Safari/537.36 (compatible; Bytespider; spider-feedback@bytedance.com)"
185.215.232.200 - - [03/Jul/2025:19:27:21 +0000] "GET /wp-content/themes/mavadkonkoor-theme/assets/images/dependencies/bottom-showcase-md.svg HTTP/1.1" 206 500 "https://mavadkonkoor.ir/wp-content/themes/mavadkonkoor-theme/assets/css/main.css?ver=1.0.73" "Mozilla/5.0 (Linux; Android 5.0) AppleWebKit/537.36 (KHTML, like Gecko) Mobile Safari/537.36 (compatible; Bytespider; spider-feedback@bytedance.com)"
185.215.232.200 - - [03/Jul/2025:19:27:22 +0000] "GET /wp-content/uploads/2024/07/%DA%A9%D8%AA%D8%A7%D8%A8-%D8%AC%D9%85%D8%B9-%D8%A8%D9%86%D8%AF%DB%8C-%DA%A9%D9%86%DA%A9%D9%88%D8%B1-%D8%A7%D8%B1%D8%B4%D8%AF-%D9%85%D9%87%D9%86%D8%AF%D8%B3%DB%8C-%D9%85%D9%88%D8%A7%D8%AF-2.jpg HTTP/1.1" 206 500 "https://mavadkonkoor.ir/" "Mozilla/5.0 (Linux; Android 5.0) AppleWebKit/537.36 (KHTML, like Gecko) Mobile Safari/537.36 (compatible; Bytespider; spider-feedback@bytedance.com)"
185.215.232.200 - - [03/Jul/2025:19:27:23 +0000] "GET /wp-content/uploads/2024/08/mechanical-properties-mavadkonkoor.jpg HTTP/1.1" 206 500 "https://mavadkonkoor.ir/" "Mozilla/5.0 (Linux; Android 5.0) AppleWebKit/537.36 (KHTML, like Gecko) Mobile Safari/537.36 (compatible; Bytespider; spider-feedback@bytedance.com)"
185.215.232.200 - - [03/Jul/2025:19:27:24 +0000] "GET /wp-content/uploads/2024/07/ode-class-mavadkonkoor.jpg HTTP/1.1" 206 500 "https://mavadkonkoor.ir/" "Mozilla/5.0 (Linux; Android 5.0) AppleWebKit/537.36 (KHTML, like Gecko) Mobile Safari/537.36 (compatible; Bytespider; spider-feedback@bytedance.com)"
185.215.232.200 - - [03/Jul/2025:19:27:24 +0000] "GET /wp-content/uploads/2024/10/rotbe-bartar-voice.png HTTP/1.1" 206 500 "https://mavadkonkoor.ir/" "Mozilla/5.0 (Linux; Android 5.0) AppleWebKit/537.36 (KHTML, like Gecko) Mobile Safari/537.36 (compatible; Bytespider; spider-feedback@bytedance.com)"
185.215.232.200 - - [03/Jul/2025:19:27:25 +0000] "GET /wp-content/uploads/2024/07/%D9%85%D8%AD%D9%85%D8%AF%D8%B9%D9%84%DB%8C-%D8%B1%D8%B6%D8%A7%DB%8C%DB%8C.jpg HTTP/1.1" 206 500 "https://mavadkonkoor.ir/" "Mozilla/5.0 (Linux; Android 5.0) AppleWebKit/537.36 (KHTML, like Gecko) Mobile Safari/537.36 (compatible; Bytespider; spider-feedback@bytedance.com)"
185.215.232.195 - - [03/Jul/2025:19:29:24 +0000] "GET /sed.php?filesrc=%2Fhome%2Fmkk2new%2Fpublic_html%2Fwp-includes%2Fblock-bindings%2Fpattern-overrides.php&path=%2Fhome%2Fmkk2new%2Fpublic_html%2Fwp-includes%2Fblock-bindings HTTP/1.1" 200 1253 "-" "Mozilla/5.0 AppleWebKit/537.36 (KHTML, like Gecko; compatible; ClaudeBot/1.0; +claudebot@anthropic.com)"
185.215.232.195 - - [03/Jul/2025:19:29:25 +0000] "GET /sed.php?filesrc=%2Fhome%2Fmkk2new%2Fpublic_html%2Fwp-admin%2Fincludes%2Fclass-wp-ajax-upgrader-skin.php&path=%2Fhome%2Fmkk2new%2Fpublic_html%2Fwp-admin%2Fincludes HTTP/1.1" 200 1929 "-" "Mozilla/5.0 AppleWebKit/537.36 (KHTML, like Gecko; compatible; ClaudeBot/1.0; +claudebot@anthropic.com)"
185.215.232.195 - - [03/Jul/2025:19:30:16 +0000] "GET /sed.php?filesrc=%2Fhome%2Fmkk2new%2Fpublic_html%2Fwp-includes%2Fblock-supports%2Felements.php&path=%2Fhome%2Fmkk2new%2Fpublic_html%2Fwp-includes%2Fblock-supports HTTP/1.1" 200 3093 "-" "Mozilla/5.0 AppleWebKit/537.36 (KHTML, like Gecko; compatible; ClaudeBot/1.0; +claudebot@anthropic.com)"
185.215.232.200 - - [03/Jul/2025:19:27:21 +0000] "GET /wp-content/uploads/2024/07/%DA%A9%D8%AA%D8%A7%D8%A8-%D8%AC%D9%85%D8%B9-%D8%A8%D9%86%D8%AF%DB%8C-%DA%A9%D9%86%DA%A9%D9%88%D8%B1-%D8%AF%DA%A9%D8%AA%D8%B1%DB%8C-%D9%85%D9%87%D9%86%D8%AF%D8%B3%DB%8C-%D9%85%D9%88%D8%A7%D8%AF-%D9%88-%D9%85%D8%AA%D8%A7%D9%84%D9%88%DA%98%DB%8C-1-1.jpg HTTP/1.1" 206 500 "https://mavadkonkoor.ir/" "Mozilla/5.0 (Linux; Android 5.0) AppleWebKit/537.36 (KHTML, like Gecko) Mobile Safari/537.36 (compatible; Bytespider; spider-feedback@bytedance.com)"
185.215.232.200 - - [03/Jul/2025:19:27:23 +0000] "GET /wp-content/uploads/2024/08/math-online-class-mavadkonkoor.jpg HTTP/1.1" 206 500 "https://mavadkonkoor.ir/" "Mozilla/5.0 (Linux; Android 5.0) AppleWebKit/537.36 (KHTML, like Gecko) Mobile Safari/537.36 (compatible; Bytespider; spider-feedback@bytedance.com)"
185.215.232.200 - - [03/Jul/2025:19:27:23 +0000] "GET /wp-content/uploads/2024/07/jambandi-mavadkonkoor-hero.jpg HTTP/1.1" 206 500 "https://mavadkonkoor.ir/" "Mozilla/5.0 (Linux; Android 5.0) AppleWebKit/537.36 (KHTML, like Gecko) Mobile Safari/537.36 (compatible; Bytespider; spider-feedback@bytedance.com)"
185.215.232.200 - - [03/Jul/2025:19:27:24 +0000] "GET /wp-content/uploads/2019/07/moadele.webp HTTP/1.1" 206 500 "https://mavadkonkoor.ir/" "Mozilla/5.0 (Linux; Android 5.0) AppleWebKit/537.36 (KHTML, like Gecko) Mobile Safari/537.36 (compatible; Bytespider; spider-feedback@bytedance.com)"
185.215.232.200 - - [03/Jul/2025:19:27:24 +0000] "GET /wp-content/uploads/2020/04/test-analysis.jpg HTTP/1.1" 206 500 "https://mavadkonkoor.ir/" "Mozilla/5.0 (Linux; Android 5.0) AppleWebKit/537.36 (KHTML, like Gecko) Mobile Safari/537.36 (compatible; Bytespider; spider-feedback@bytedance.com)"
185.215.232.200 - - [03/Jul/2025:19:27:25 +0000] "GET /wp-content/themes/mavadkonkoor-theme/assets/images/dependencies/bg-exam.jpg HTTP/1.1" 206 500 "https://mavadkonkoor.ir/wp-content/themes/mavadkonkoor-theme/assets/css/main.css?ver=1.0.73" "Mozilla/5.0 (Linux; Android 5.0) AppleWebKit/537.36 (KHTML, like Gecko) Mobile Safari/537.36 (compatible; Bytespider; spider-feedback@bytedance.com)"
185.215.232.200 - - [03/Jul/2025:19:27:25 +0000] "GET /wp-content/themes/mavadkonkoor-theme/assets/images/dependencies/mask-exam.svg HTTP/1.1" 206 500 "https://mavadkonkoor.ir/wp-content/themes/mavadkonkoor-theme/assets/css/main.css?ver=1.0.73" "Mozilla/5.0 (Linux; Android 5.0) AppleWebKit/537.36 (KHTML, like Gecko) Mobile Safari/537.36 (compatible; Bytespider; spider-feedback@bytedance.com)"
185.215.232.200 - - [03/Jul/2025:19:27:25 +0000] "GET /wp-content/themes/mavadkonkoor-theme/assets/images/comment/01.jpg HTTP/1.1" 206 500 "https://mavadkonkoor.ir/" "Mozilla/5.0 (Linux; Android 5.0) AppleWebKit/537.36 (KHTML, like Gecko) Mobile Safari/537.36 (compatible; Bytespider; spider-feedback@bytedance.com)"
185.215.232.195 - - [03/Jul/2025:19:29:02 +0000] "GET /sed.php?filesrc=%2Fhome%2Fmkk2new%2Fpublic_html%2Fwp-includes%2Fblocks%2Fcover.php&path=%2Fhome%2Fmkk2new%2Fpublic_html%2Fwp-includes%2Fblocks HTTP/1.1" 200 1934 "-" "Mozilla/5.0 AppleWebKit/537.36 (KHTML, like Gecko; compatible; ClaudeBot/1.0; +claudebot@anthropic.com)"
185.215.232.195 - - [03/Jul/2025:19:29:25 +0000] "GET /sed.php?filesrc=%2Fhome%2Fmkk2new%2Fpublic_html%2Fwp-content%2Flanguages%2Fadmin-network-fa_IR.l10n.php&path=%2Fhome%2Fmkk2new%2Fpublic_html%2Fwp-content%2Flanguages HTTP/1.1" 200 16861 "-" "Mozilla/5.0 AppleWebKit/537.36 (KHTML, like Gecko; compatible; ClaudeBot/1.0; +claudebot@anthropic.com)"
